{"id":7920,"date":"2018-07-14T08:58:47","date_gmt":"2018-07-14T06:58:47","guid":{"rendered":"http:\/\/ksiegarnia-akademicka.pl\/?post_type=product&#038;p=7920"},"modified":"2018-07-14T08:58:47","modified_gmt":"2018-07-14T06:58:47","slug":"postepowanie-karne-skarbowe","status":"publish","type":"product","link":"http:\/\/ksiegarnia-akademicka.pl\/index.php\/product\/postepowanie-karne-skarbowe\/","title":{"rendered":"Post\u0119powanie karne skarbowe"},"content":{"rendered":"<p>Autor:<br \/>\nFeliks Prusak<br \/>\nWydawca: C.H. Beck<br \/>\nOprawa: Mi\u0119kka<br \/>\nFormat: 14.5&#215;20.5cm<br \/>\nLiczba stron: 428<br \/>\nRok wydania: 2009<\/p>\n<p>W podr\u0119czniku om\u00f3wiono:<\/p>\n<p>* cz\u0119\u015b\u0107 og\u00f3ln\u0105 i szczeg\u00f3ln\u0105 Kodeksu karnego skarbowego,<br \/>\n* struktur\u0119 i dynamik\u0119 procesu karnego skarbowego,<br \/>\n* post\u0119powanie wykonawcze w sprawach karnych skarbowych.<\/p>\n<p>W publikacji wyja\u015bniono nowe problemy, a tak\u017ce obowi\u0105zuj\u0105ce obecnie przepisy z tego zakresu. Podano i om\u00f3wiono tak\u017ce literatur\u0119 przedmiotu oraz akty normatywne, kt\u00f3rych dyspozycje wi\u0105\u017c\u0105 si\u0119 z prawem i post\u0119powaniem karnym skarbowym, a tak\u017ce z szeroko rozumianym prawem skarbowym (obejmuj\u0105cym m.in. prawo podatkowe, prawo celne i prawo dewizowe).<\/p>\n","protected":false},"excerpt":{"rendered":"<p>Autor: Feliks Prusak Wydawca: C.H. Beck Oprawa: Mi\u0119kka Format: 14.5&#215;20.5cm [&hellip;]<\/p>\n","protected":false},"featured_media":7921,"template":"","meta":[],"product_brand":[],"product_cat":[7490,18],"product_tag":[7560,296,328,701],"class_list":{"0":"post-7920","1":"product","2":"type-product","3":"status-publish","4":"has-post-thumbnail","6":"product_cat-karne","7":"product_cat-prawo","8":"product_tag-postepowanie-karne-skarbowe","9":"product_tag-prawo-karne","10":"product_tag-prawo-karne-skarbowe","11":"product_tag-seria-podreczniki-prawnicze","13":"first","14":"instock","15":"sale","16":"shipping-taxable","17":"purchasable","18":"product-type-simple"},"_links":{"self":[{"href":"http:\/\/ksiegarnia-akademicka.pl\/index.php\/wp-json\/wp\/v2\/product\/7920","targetHints":{"allow":["GET"]}}],"collection":[{"href":"http:\/\/ksiegarnia-akademicka.pl\/index.php\/wp-json\/wp\/v2\/product"}],"about":[{"href":"http:\/\/ksiegarnia-akademicka.pl\/index.php\/wp-json\/wp\/v2\/types\/product"}],"wp:featuredmedia":[{"embeddable":true,"href":"http:\/\/ksiegarnia-akademicka.pl\/index.php\/wp-json\/wp\/v2\/media\/7921"}],"wp:attachment":[{"href":"http:\/\/ksiegarnia-akademicka.pl\/index.php\/wp-json\/wp\/v2\/media?parent=7920"}],"wp:term":[{"taxonomy":"product_brand","embeddable":true,"href":"http:\/\/ksiegarnia-akademicka.pl\/index.php\/wp-json\/wp\/v2\/product_brand?post=7920"},{"taxonomy":"product_cat","embeddable":true,"href":"http:\/\/ksiegarnia-akademicka.pl\/index.php\/wp-json\/wp\/v2\/product_cat?post=7920"},{"taxonomy":"product_tag","embeddable":true,"href":"http:\/\/ksiegarnia-akademicka.pl\/index.php\/wp-json\/wp\/v2\/product_tag?post=7920"}],"curies":[{"name":"wp","href":"https:\/\/api.w.org\/{rel}","templated":true}]}}