{"id":7649,"date":"2018-07-11T10:55:26","date_gmt":"2018-07-11T08:55:26","guid":{"rendered":"http:\/\/ksiegarnia-akademicka.pl\/?post_type=product&#038;p=7649"},"modified":"2018-07-11T10:55:26","modified_gmt":"2018-07-11T08:55:26","slug":"in-betwen-lanquage-society-and-culture-in-search-of-cultural-sociolinquistics","status":"publish","type":"product","link":"http:\/\/ksiegarnia-akademicka.pl\/index.php\/product\/in-betwen-lanquage-society-and-culture-in-search-of-cultural-sociolinquistics\/","title":{"rendered":"IN-BETWEN LANQUAGE, SOCIETY AND CULTURE: IN SEARCH OF CULTURAL SOCIOLINQUISTICS"},"content":{"rendered":"<p>Rafa\u0142 Go\u0142\u0105bek<br \/>\n2015, wyd. I, B-5, str. 198 (monografia), cena 21 z\u0142<\/p>\n<p>Monografia prezentuje socjolingwistyk\u0119 kulturow\u0105, nurtu badawczego rozwijanego w ramach socjolingwistyki, uwzgl\u0119dniaj\u0105cego kulturowe aspekty u\u017cycia j\u0119zyka.<\/p>\n","protected":false},"excerpt":{"rendered":"<p>Rafa\u0142 Go\u0142\u0105bek 2015, wyd. I, B-5, str. 198 (monografia), cena [&hellip;]<\/p>\n","protected":false},"featured_media":7650,"template":"","meta":[],"product_brand":[],"product_cat":[7529,43],"product_tag":[6020,6402],"class_list":{"0":"post-7649","1":"product","2":"type-product","3":"status-publish","4":"has-post-thumbnail","6":"product_cat-inne","7":"product_cat-wydawnictwo-uth","8":"product_tag-filologia-angielska","9":"product_tag-seria-monografie-uth","11":"first","12":"instock","13":"shipping-taxable","14":"purchasable","15":"product-type-simple"},"_links":{"self":[{"href":"http:\/\/ksiegarnia-akademicka.pl\/index.php\/wp-json\/wp\/v2\/product\/7649","targetHints":{"allow":["GET"]}}],"collection":[{"href":"http:\/\/ksiegarnia-akademicka.pl\/index.php\/wp-json\/wp\/v2\/product"}],"about":[{"href":"http:\/\/ksiegarnia-akademicka.pl\/index.php\/wp-json\/wp\/v2\/types\/product"}],"wp:featuredmedia":[{"embeddable":true,"href":"http:\/\/ksiegarnia-akademicka.pl\/index.php\/wp-json\/wp\/v2\/media\/7650"}],"wp:attachment":[{"href":"http:\/\/ksiegarnia-akademicka.pl\/index.php\/wp-json\/wp\/v2\/media?parent=7649"}],"wp:term":[{"taxonomy":"product_brand","embeddable":true,"href":"http:\/\/ksiegarnia-akademicka.pl\/index.php\/wp-json\/wp\/v2\/product_brand?post=7649"},{"taxonomy":"product_cat","embeddable":true,"href":"http:\/\/ksiegarnia-akademicka.pl\/index.php\/wp-json\/wp\/v2\/product_cat?post=7649"},{"taxonomy":"product_tag","embeddable":true,"href":"http:\/\/ksiegarnia-akademicka.pl\/index.php\/wp-json\/wp\/v2\/product_tag?post=7649"}],"curies":[{"name":"wp","href":"https:\/\/api.w.org\/{rel}","templated":true}]}}