{"id":7612,"date":"2018-07-11T09:00:47","date_gmt":"2018-07-11T07:00:47","guid":{"rendered":"http:\/\/ksiegarnia-akademicka.pl\/?post_type=product&#038;p=7612"},"modified":"2020-02-19T11:59:33","modified_gmt":"2020-02-19T10:59:33","slug":"kodeks-karny-od-nowa","status":"publish","type":"product","link":"http:\/\/ksiegarnia-akademicka.pl\/index.php\/product\/kodeks-karny-od-nowa\/","title":{"rendered":"Kodeks karny Od.Nowa"},"content":{"rendered":"<p>Redakcja: Agnieszka Kaszok<br \/>\nWydawca: Od.Nowa<br \/>\nOprawa: Mi\u0119kka<br \/>\nFormat: 10.8&#215;17.8cm<br \/>\nLiczba stron: 176<br \/>\nWydanie: 17<br \/>\nRok wydania: 2020<\/p>\n<p>Najnowsza aktualizacja Kodeksu karnego uwzgl\u0119dniaj\u0105ca zmiany prawne wynikaj\u0105ce z wej\u015bcia w \u017cycie ustawy poszerzaj\u0105cej granice obrony koniecznej. Publikacja zawiera tekst jednolity ustawy Kodeks karny wraz z przepisami wprowadzaj\u0105cymi. Zalet\u0105 ksi\u0105\u017cki jest jej praktyczny, por\u0119czny format, przejrzysty uk\u0142ad graficzny i niska cena. \u0141atw\u0105 orientacj\u0119 w materiale umo\u017cliwia obszerny skorowidz.<br \/>\nStan prawny: 10 stycznia 2020 r.<\/p>\n","protected":false},"excerpt":{"rendered":"<p>Redakcja: Agnieszka Kaszok Wydawca: Od.Nowa Oprawa: Mi\u0119kka Format: 10.8&#215;17.8cm Liczba [&hellip;]<\/p>\n","protected":false},"featured_media":12340,"template":"","meta":[],"product_brand":[],"product_cat":[7490,18],"product_tag":[2148,296,2596],"class_list":{"0":"post-7612","1":"product","2":"type-product","3":"status-publish","4":"has-post-thumbnail","6":"product_cat-karne","7":"product_cat-prawo","8":"product_tag-kodeks-karny","9":"product_tag-prawo-karne","10":"product_tag-teksty-ustaw","12":"first","13":"instock","14":"shipping-taxable","15":"purchasable","16":"product-type-simple"},"_links":{"self":[{"href":"http:\/\/ksiegarnia-akademicka.pl\/index.php\/wp-json\/wp\/v2\/product\/7612","targetHints":{"allow":["GET"]}}],"collection":[{"href":"http:\/\/ksiegarnia-akademicka.pl\/index.php\/wp-json\/wp\/v2\/product"}],"about":[{"href":"http:\/\/ksiegarnia-akademicka.pl\/index.php\/wp-json\/wp\/v2\/types\/product"}],"wp:featuredmedia":[{"embeddable":true,"href":"http:\/\/ksiegarnia-akademicka.pl\/index.php\/wp-json\/wp\/v2\/media\/12340"}],"wp:attachment":[{"href":"http:\/\/ksiegarnia-akademicka.pl\/index.php\/wp-json\/wp\/v2\/media?parent=7612"}],"wp:term":[{"taxonomy":"product_brand","embeddable":true,"href":"http:\/\/ksiegarnia-akademicka.pl\/index.php\/wp-json\/wp\/v2\/product_brand?post=7612"},{"taxonomy":"product_cat","embeddable":true,"href":"http:\/\/ksiegarnia-akademicka.pl\/index.php\/wp-json\/wp\/v2\/product_cat?post=7612"},{"taxonomy":"product_tag","embeddable":true,"href":"http:\/\/ksiegarnia-akademicka.pl\/index.php\/wp-json\/wp\/v2\/product_tag?post=7612"}],"curies":[{"name":"wp","href":"https:\/\/api.w.org\/{rel}","templated":true}]}}