{"id":7467,"date":"2018-06-06T15:37:49","date_gmt":"2018-06-06T13:37:49","guid":{"rendered":"http:\/\/ksiegarnia-akademicka.pl\/?post_type=product&#038;p=7467"},"modified":"2019-02-13T15:48:56","modified_gmt":"2019-02-13T14:48:56","slug":"dialogi-z-mickiewiczem-aktualizacjie-tradycji-romantycznej-w-nowej-i-najnowszej-poezji-polskiej-anna-spolna","status":"publish","type":"product","link":"http:\/\/ksiegarnia-akademicka.pl\/index.php\/product\/dialogi-z-mickiewiczem-aktualizacjie-tradycji-romantycznej-w-nowej-i-najnowszej-poezji-polskiej-anna-spolna\/","title":{"rendered":"Dialogi z Mickiewiczem Aktualizacje tradycji romantycznej w nowej i najnowszej poezji polskiej"},"content":{"rendered":"<p>Anna Sp\u00f3lna<\/p>\n<p>Wyd. I, 2017, B5, stron 392 (monografia), cena 37,80 z\u0142<\/p>\n<p>Tematem ksi\u0105\u017cki s\u0105 przemiany wsp\u00f3\u0142czesnej poezji polskiej, ujawniaj\u0105ce si\u0119 poprzez intertekstualne relacje z tw\u00f3rczo\u015bci\u0105 Adama Mickiewicza oraz odniesienia do jego biografii. Dla wi\u0119kszo\u015bci Polak\u00f3w synonimem s\u0142owa \u201epoeta\u201d jest w\u0142a\u015bnie Mickiewicz; dla wielu ludzi pi\u00f3ra jego dzie\u0142o stanowi trwa\u0142y i bardzo wa\u017cny punkt odniesienia, cho\u0107 zmieniaj\u0105 si\u0119 teksty pisarza, z kt\u00f3rymi najch\u0119tniej chc\u0105 rozmawia\u0107 tw\u00f3rcy prze\u0142omu XX i XXI wieku. S\u0105dz\u0119, \u017ce ten dialog (czasem ho\u0142downiczy, zwykle jednak krytyczny, polemiczny, nawet obrazoburczy) w szczeg\u00f3lny spos\u00f3b otwiera now\u0105 i najnowsz\u0105 poezj\u0119 polsk\u0105 na szeroko rozumian\u0105 tradycj\u0119 romantyczn\u0105.<\/p>\n","protected":false},"excerpt":{"rendered":"<p>Anna Sp\u00f3lna Wyd. I, 2017, B5, stron 392 (monografia), cena [&hellip;]<\/p>\n","protected":false},"featured_media":7631,"template":"","meta":[],"product_brand":[],"product_cat":[7529,43],"product_tag":[6044,6754],"class_list":{"0":"post-7467","1":"product","2":"type-product","3":"status-publish","4":"has-post-thumbnail","6":"product_cat-inne","7":"product_cat-wydawnictwo-uth","8":"product_tag-filologia-polska","9":"product_tag-monografie-uth","11":"first","12":"outofstock","13":"shipping-taxable","14":"purchasable","15":"product-type-simple"},"_links":{"self":[{"href":"http:\/\/ksiegarnia-akademicka.pl\/index.php\/wp-json\/wp\/v2\/product\/7467","targetHints":{"allow":["GET"]}}],"collection":[{"href":"http:\/\/ksiegarnia-akademicka.pl\/index.php\/wp-json\/wp\/v2\/product"}],"about":[{"href":"http:\/\/ksiegarnia-akademicka.pl\/index.php\/wp-json\/wp\/v2\/types\/product"}],"wp:featuredmedia":[{"embeddable":true,"href":"http:\/\/ksiegarnia-akademicka.pl\/index.php\/wp-json\/wp\/v2\/media\/7631"}],"wp:attachment":[{"href":"http:\/\/ksiegarnia-akademicka.pl\/index.php\/wp-json\/wp\/v2\/media?parent=7467"}],"wp:term":[{"taxonomy":"product_brand","embeddable":true,"href":"http:\/\/ksiegarnia-akademicka.pl\/index.php\/wp-json\/wp\/v2\/product_brand?post=7467"},{"taxonomy":"product_cat","embeddable":true,"href":"http:\/\/ksiegarnia-akademicka.pl\/index.php\/wp-json\/wp\/v2\/product_cat?post=7467"},{"taxonomy":"product_tag","embeddable":true,"href":"http:\/\/ksiegarnia-akademicka.pl\/index.php\/wp-json\/wp\/v2\/product_tag?post=7467"}],"curies":[{"name":"wp","href":"https:\/\/api.w.org\/{rel}","templated":true}]}}