{"id":7271,"date":"2018-05-22T12:58:55","date_gmt":"2018-05-22T10:58:55","guid":{"rendered":"http:\/\/ksiegarnia-akademicka.pl\/index.php\/product\/prawo-medyczne-w-pigulce\/"},"modified":"2020-03-23T11:31:52","modified_gmt":"2020-03-23T10:31:52","slug":"prawo-medyczne-w-pigulce","status":"publish","type":"product","link":"http:\/\/ksiegarnia-akademicka.pl\/index.php\/product\/prawo-medyczne-w-pigulce\/","title":{"rendered":"Prawo medyczne w pigu\u0142ce"},"content":{"rendered":"<p>Wydawca: C.H. Beck<br \/>\nOprawa: Mi\u0119kka<br \/>\nFormat: 14.5&#215;19.0cm<br \/>\nLiczba stron: 252<br \/>\nWydanie: 1<br \/>\nRok wydania: 2020<br \/>\nJ\u0119zyk wydania: polski<\/p>\n<p>Publikacja stanowi kompleksowe opracowanie do nauki i powt\u00f3rki przed egzaminem. W ksi\u0105\u017cce zosta\u0142y zawarte najwa\u017cniejsze zagadnienia z zakresu prawa medycznego.<\/p>\n<p>Szybkie zapami\u0119tywanie informacji u\u0142atwi przejrzysta struktura<br \/>\nWyr\u00f3\u017cnienia najwa\u017cniejszych informacji<br \/>\nPrzyk\u0142ady u\u0142atwiaj\u0105ce zrozumienie materia\u0142u<br \/>\nSchematy i tabele pomocne w zapami\u0119taniu<br \/>\nTesty sprawdzaj\u0105ce poziom wiedzy<\/p>\n","protected":false},"excerpt":{"rendered":"<p>Wydawca: C.H. Beck Oprawa: Mi\u0119kka Format: 14.5&#215;19.0cm Liczba stron: 252 [&hellip;]<\/p>\n","protected":false},"featured_media":12432,"template":"","meta":[],"product_brand":[],"product_cat":[7491,18],"product_tag":[1008,4832,6980],"class_list":{"0":"post-7271","1":"product","2":"type-product","3":"status-publish","4":"has-post-thumbnail","6":"product_cat-cywilne","7":"product_cat-prawo","8":"product_tag-prawo","9":"product_tag-prawo-medyczne","10":"product_tag-seria-w-pigulce","12":"first","13":"instock","14":"sale","15":"shipping-taxable","16":"purchasable","17":"product-type-simple"},"_links":{"self":[{"href":"http:\/\/ksiegarnia-akademicka.pl\/index.php\/wp-json\/wp\/v2\/product\/7271","targetHints":{"allow":["GET"]}}],"collection":[{"href":"http:\/\/ksiegarnia-akademicka.pl\/index.php\/wp-json\/wp\/v2\/product"}],"about":[{"href":"http:\/\/ksiegarnia-akademicka.pl\/index.php\/wp-json\/wp\/v2\/types\/product"}],"wp:featuredmedia":[{"embeddable":true,"href":"http:\/\/ksiegarnia-akademicka.pl\/index.php\/wp-json\/wp\/v2\/media\/12432"}],"wp:attachment":[{"href":"http:\/\/ksiegarnia-akademicka.pl\/index.php\/wp-json\/wp\/v2\/media?parent=7271"}],"wp:term":[{"taxonomy":"product_brand","embeddable":true,"href":"http:\/\/ksiegarnia-akademicka.pl\/index.php\/wp-json\/wp\/v2\/product_brand?post=7271"},{"taxonomy":"product_cat","embeddable":true,"href":"http:\/\/ksiegarnia-akademicka.pl\/index.php\/wp-json\/wp\/v2\/product_cat?post=7271"},{"taxonomy":"product_tag","embeddable":true,"href":"http:\/\/ksiegarnia-akademicka.pl\/index.php\/wp-json\/wp\/v2\/product_tag?post=7271"}],"curies":[{"name":"wp","href":"https:\/\/api.w.org\/{rel}","templated":true}]}}