{"id":7174,"date":"2018-05-22T12:58:36","date_gmt":"2018-05-22T10:58:36","guid":{"rendered":"http:\/\/ksiegarnia-akademicka.pl\/index.php\/product\/laboratorium-podstaw-konstrukcji-maszyn\/"},"modified":"2021-03-09T13:54:57","modified_gmt":"2021-03-09T12:54:57","slug":"laboratorium-podstaw-konstrukcji-maszyn","status":"publish","type":"product","link":"http:\/\/ksiegarnia-akademicka.pl\/index.php\/product\/laboratorium-podstaw-konstrukcji-maszyn\/","title":{"rendered":"Laboratorium podstaw konstrukcji maszyn"},"content":{"rendered":"<p>M. Opala<br \/>\nWydawnictwo: OWPW<br \/>\nKsi\u0105\u017cka dost\u0119pna r\u00f3wnie\u017c w wersji elektronicznej<br \/>\nwww.ibuk.pl\/fiszka\/145397\/metoda-analizy-bezpieczenstwa-czynnego-pojazdow-kolejowych.html <\/p>\n<p>Praca dotyczy badania i oceny bezpiecze\u0144stwa jazdy pojazd\u00f3w kolejowych w kontek\u015bcie zagro\u017cenia wykolejeniem. Przedstawiona metoda oceny bezpiecze\u0144stwa czynnego opiera si\u0119 na analizie zespo\u0142u czynnik\u00f3w wp\u0142ywaj\u0105cych na prawdopodobie\u0144stwo wypadku. Czynniki te to mi\u0119dzy innymi poziom drga\u0144 mierzony za pomoc\u0105 sygna\u0142\u00f3w przyspieszenia nadwozia i w\u00f3zk\u00f3w pojazdu, a tak\u017ce jego pr\u0119dko\u015b\u0107 jazdy i po\u0142o\u017cenie geograficzne wzgl\u0119dem newralgicznych obiekt\u00f3w in\u017cynierskich znajduj\u0105cych si\u0119 w bezpo\u015brednim s\u0105siedztwie toru (np. tunele, wiadukty, rozjazdy, stacje kolejowe). <\/p>\n<p>W pracy om\u00f3wiono m.in.: metody okre\u015blania prawdopodobie\u0144stwa wyst\u0105pienia wypadku, zasady oceny bezpiecze\u0144stwa, system monitorowania bezpiecze\u0144stwa, zagadnienie prognozowania bezpiecze\u0144stwa biegowego pojazdu kolejowego w czasie ewolucji tribologicznego zu\u017cycia profili poprzecznych k\u00f3\u0142 i szyn. <\/p>\n<p>Rok: 2015<br \/>\nStron: 134<br \/>\nISBN: 978-83-7814-358-1<\/p>\n","protected":false},"excerpt":{"rendered":"<p>M. Opala Wydawnictwo: OWPW Ksi\u0105\u017cka dost\u0119pna r\u00f3wnie\u017c w wersji elektronicznej [&hellip;]<\/p>\n","protected":false},"featured_media":9061,"template":"","meta":[],"product_brand":[],"product_cat":[7709,41],"product_tag":[5096,1871,2181],"class_list":{"0":"post-7174","1":"product","2":"type-product","3":"status-publish","4":"has-post-thumbnail","6":"product_cat-mechanika","7":"product_cat-nauki-techniczne","8":"product_tag-laboratoria","9":"product_tag-mechanika","10":"product_tag-podstawy-konstrukcji-maszyn","12":"first","13":"instock","14":"shipping-taxable","15":"purchasable","16":"product-type-simple"},"_links":{"self":[{"href":"http:\/\/ksiegarnia-akademicka.pl\/index.php\/wp-json\/wp\/v2\/product\/7174","targetHints":{"allow":["GET"]}}],"collection":[{"href":"http:\/\/ksiegarnia-akademicka.pl\/index.php\/wp-json\/wp\/v2\/product"}],"about":[{"href":"http:\/\/ksiegarnia-akademicka.pl\/index.php\/wp-json\/wp\/v2\/types\/product"}],"wp:featuredmedia":[{"embeddable":true,"href":"http:\/\/ksiegarnia-akademicka.pl\/index.php\/wp-json\/wp\/v2\/media\/9061"}],"wp:attachment":[{"href":"http:\/\/ksiegarnia-akademicka.pl\/index.php\/wp-json\/wp\/v2\/media?parent=7174"}],"wp:term":[{"taxonomy":"product_brand","embeddable":true,"href":"http:\/\/ksiegarnia-akademicka.pl\/index.php\/wp-json\/wp\/v2\/product_brand?post=7174"},{"taxonomy":"product_cat","embeddable":true,"href":"http:\/\/ksiegarnia-akademicka.pl\/index.php\/wp-json\/wp\/v2\/product_cat?post=7174"},{"taxonomy":"product_tag","embeddable":true,"href":"http:\/\/ksiegarnia-akademicka.pl\/index.php\/wp-json\/wp\/v2\/product_tag?post=7174"}],"curies":[{"name":"wp","href":"https:\/\/api.w.org\/{rel}","templated":true}]}}