{"id":666,"date":"2018-05-22T12:41:54","date_gmt":"2018-05-22T10:41:54","guid":{"rendered":"http:\/\/ksiegarnia-akademicka.pl\/index.php\/product\/prawo-miejscowe\/"},"modified":"2024-12-04T13:21:48","modified_gmt":"2024-12-04T12:21:48","slug":"prawo-miejscowe","status":"publish","type":"product","link":"http:\/\/ksiegarnia-akademicka.pl\/index.php\/product\/prawo-miejscowe\/","title":{"rendered":"Prawo miejscowe"},"content":{"rendered":"<p>Dorota D\u0105bek<br \/>\nWydawnictwo: Wolters Kluwer Polska<br \/>\nRok publikacji: 2020<br \/>\nWydanie: 3<br \/>\nLiczba stron: 404<br \/>\nSeria: Akademicka. Prawo<br \/>\nRodzaj: Podr\u0119cznik prawo<br \/>\nOk\u0142adka: mi\u0119kka<br \/>\nFormat: B5<br \/>\nISBN: 978-83-8223-113-7<\/p>\n<p>Ksi\u0105\u017cka stanowi kompleksowe opracowanie zagadnie\u0144 dotycz\u0105cych prawa miejscowego w polskim porz\u0105dku prawnym.<\/p>\n<p>W publikacji om\u00f3wiono m.in.:<\/p>\n<p>podstawy prawne akt\u00f3w prawa miejscowego i ich pozycj\u0119 w hierarchii \u017ar\u00f3de\u0142 prawa,<br \/>\ncechy akt\u00f3w prawa miejscowego, ich rodzaje oraz warunki legalno\u015bci,<br \/>\nprocedur\u0119 stanowienia prawa miejscowego oraz wymogi techniki prawodawczej,<br \/>\nskutki niezgodno\u015bci z prawem akt\u00f3w prawa miejscowego oraz bezczynno\u015bci prawodawczej,<br \/>\nzasady sprawowania nadzoru i s\u0105dowej kontroli nad prawem miejscowym.<br \/>\nW ksi\u0105\u017cce przyst\u0119pnie wyja\u015bniono, opieraj\u0105c si\u0119 na ustaleniach doktryny i aktualnym orzecznictwie s\u0105d\u00f3w administracyjnych, zawi\u0142o\u015bci procedury stanowienia akt\u00f3w prawa miejscowego oraz wskazano najcz\u0119\u015bciej pope\u0142niane b\u0142\u0119dy dotycz\u0105ce m.in.:<\/p>\n<p>rodzaju podstaw prawnych oraz zakresu samodzielno\u015bci prawotw\u00f3rczej w stanowieniu prawa miejscowego,<br \/>\nw\u0142a\u015bciwo\u015bci podmiot\u00f3w wyposa\u017conych w kompetencje prawotw\u00f3rcze,<br \/>\nwymog\u00f3w procedury uchwa\u0142odawczej, opiniowania i uzgadniania oraz techniki prawodawczej.<br \/>\nTrzecie wydanie ksi\u0105\u017cki zmieniono w stosunku do poprzedniego, zmodyfikowano uk\u0142ad tekstu i kolejno\u015b\u0107 analizowanych zagadnie\u0144, dzi\u0119ki czemu wyw\u00f3d jest bardziej przejrzysty. Zaktualizowano stan normatywny, a tak\u017ce wzbogacono tekst o najnowsze orzecznictwo polskich s\u0105d\u00f3w administracyjnych i dorobek doktryny.<\/p>\n<p>Adresaci:<br \/>\nPublikacja przeznaczona jest dla praktyk\u00f3w prawa, doradc\u00f3w podatkowych, pracownik\u00f3w administracji, wyk\u0142adowc\u00f3w akademickich oraz student\u00f3w wydzia\u0142\u00f3w prawa i administracji oraz wydzia\u0142\u00f3w ekonomicznych.<\/p>\n","protected":false},"excerpt":{"rendered":"<p>Dorota D\u0105bek Wydawnictwo: Wolters Kluwer Polska Rok publikacji: 2020 Wydanie: [&hellip;]<\/p>\n","protected":false},"featured_media":13512,"template":"","meta":[],"product_brand":[],"product_cat":[7492,18,7494],"product_tag":[485,486,330],"class_list":{"0":"post-666","1":"product","2":"type-product","3":"status-publish","4":"has-post-thumbnail","6":"product_cat-administracyjne","7":"product_cat-prawo","8":"product_cat-samorzad-terytorialny","9":"product_tag-prawo-administracyjne","10":"product_tag-samorzad-terytorialny","11":"product_tag-seria-akademicka","13":"first","14":"instock","15":"sale","16":"shipping-taxable","17":"purchasable","18":"product-type-simple"},"_links":{"self":[{"href":"http:\/\/ksiegarnia-akademicka.pl\/index.php\/wp-json\/wp\/v2\/product\/666","targetHints":{"allow":["GET"]}}],"collection":[{"href":"http:\/\/ksiegarnia-akademicka.pl\/index.php\/wp-json\/wp\/v2\/product"}],"about":[{"href":"http:\/\/ksiegarnia-akademicka.pl\/index.php\/wp-json\/wp\/v2\/types\/product"}],"wp:featuredmedia":[{"embeddable":true,"href":"http:\/\/ksiegarnia-akademicka.pl\/index.php\/wp-json\/wp\/v2\/media\/13512"}],"wp:attachment":[{"href":"http:\/\/ksiegarnia-akademicka.pl\/index.php\/wp-json\/wp\/v2\/media?parent=666"}],"wp:term":[{"taxonomy":"product_brand","embeddable":true,"href":"http:\/\/ksiegarnia-akademicka.pl\/index.php\/wp-json\/wp\/v2\/product_brand?post=666"},{"taxonomy":"product_cat","embeddable":true,"href":"http:\/\/ksiegarnia-akademicka.pl\/index.php\/wp-json\/wp\/v2\/product_cat?post=666"},{"taxonomy":"product_tag","embeddable":true,"href":"http:\/\/ksiegarnia-akademicka.pl\/index.php\/wp-json\/wp\/v2\/product_tag?post=666"}],"curies":[{"name":"wp","href":"https:\/\/api.w.org\/{rel}","templated":true}]}}