{"id":6496,"date":"2018-05-22T12:56:29","date_gmt":"2018-05-22T10:56:29","guid":{"rendered":"http:\/\/ksiegarnia-akademicka.pl\/index.php\/product\/jezyk-lacinski-dla-prawnikow\/"},"modified":"2018-07-18T10:40:27","modified_gmt":"2018-07-18T08:40:27","slug":"jezyk-lacinski-dla-prawnikow","status":"publish","type":"product","link":"http:\/\/ksiegarnia-akademicka.pl\/index.php\/product\/jezyk-lacinski-dla-prawnikow\/","title":{"rendered":"J\u0119zyk \u0142aci\u0144ski dla prawnik\u00f3w"},"content":{"rendered":"<p>Autor:<br \/>\nJan Rezler<br \/>\nWydawca: Wydawnictwo Naukowe PWN<br \/>\nOprawa: Mi\u0119kka<br \/>\nFormat: 16.8&#215;24.2<br \/>\nLiczba stron: 284<br \/>\nWydanie: 14<br \/>\nRok wydania: 2017<\/p>\n<p>&#8222;J\u0119zyk \u0142aci\u0144ski dla prawnik\u00f3w&#8221; jest podr\u0119cznikiem uniwersyteckim, u\u017cywanym i sprawdzonym na wydzia\u0142ach prawa ju\u017c od dawna. R\u00f3wnomierne roz\u0142o\u017cenie materia\u0142u oraz oszcz\u0119dne, ale jasne i wyczerpuj\u0105ce obja\u015bnienia powoduj\u0105, \u017ce mo\u017ce on by\u0107 u\u017cyty te\u017c w nauce samodzielnej. Ust\u0119py \u0142aci\u0144skie cz\u0119\u015bci pierwszej, zawieraj\u0105cej om\u00f3wienie podstaw gramatyki \u0142aci\u0144skiej, uk\u0142adaj\u0105 si\u0119 w opowie\u015b\u0107 \u017ar\u00f3d\u0142ow\u0105 o \u017cyciu i dokonaniach Serwiusza Sulpicjusza Rufusa, prawnika rzymskiego wsp\u00f3\u0142czesnego Cyceronowi. Uzupe\u0142niaj\u0105 ten w\u0105tek rzymskie paremie prawnicze. Cz\u0119\u015b\u0107 druga jest antologi\u0105 rzymskich tekst\u00f3w prawniczych opatrzonych uwagami i obja\u015bnienieami. Otwiera j\u0105 fragment poematu Owidiusza, a zamyka pochwa\u0142a prawa cywilnego w wypowiedzi Cycerona. Podr\u0119cznik by\u0142 recenzowany pozytywnie w Polsce, Niemczech i we W\u0142oszech.<\/p>\n","protected":false},"excerpt":{"rendered":"<p>Autor: Jan Rezler Wydawca: Wydawnictwo Naukowe PWN Oprawa: Mi\u0119kka Format: [&hellip;]<\/p>\n","protected":false},"featured_media":8050,"template":"","meta":[],"product_brand":[],"product_cat":[7497,18],"product_tag":[7577,269,1008],"class_list":{"0":"post-6496","1":"product","2":"type-product","3":"status-publish","4":"has-post-thumbnail","6":"product_cat-ogolne-zagadnienia-prawa","7":"product_cat-prawo","8":"product_tag-jezyk-lacinski","9":"product_tag-podrecznik-akademicki","10":"product_tag-prawo","12":"first","13":"instock","14":"sale","15":"shipping-taxable","16":"purchasable","17":"product-type-simple"},"_links":{"self":[{"href":"http:\/\/ksiegarnia-akademicka.pl\/index.php\/wp-json\/wp\/v2\/product\/6496","targetHints":{"allow":["GET"]}}],"collection":[{"href":"http:\/\/ksiegarnia-akademicka.pl\/index.php\/wp-json\/wp\/v2\/product"}],"about":[{"href":"http:\/\/ksiegarnia-akademicka.pl\/index.php\/wp-json\/wp\/v2\/types\/product"}],"wp:featuredmedia":[{"embeddable":true,"href":"http:\/\/ksiegarnia-akademicka.pl\/index.php\/wp-json\/wp\/v2\/media\/8050"}],"wp:attachment":[{"href":"http:\/\/ksiegarnia-akademicka.pl\/index.php\/wp-json\/wp\/v2\/media?parent=6496"}],"wp:term":[{"taxonomy":"product_brand","embeddable":true,"href":"http:\/\/ksiegarnia-akademicka.pl\/index.php\/wp-json\/wp\/v2\/product_brand?post=6496"},{"taxonomy":"product_cat","embeddable":true,"href":"http:\/\/ksiegarnia-akademicka.pl\/index.php\/wp-json\/wp\/v2\/product_cat?post=6496"},{"taxonomy":"product_tag","embeddable":true,"href":"http:\/\/ksiegarnia-akademicka.pl\/index.php\/wp-json\/wp\/v2\/product_tag?post=6496"}],"curies":[{"name":"wp","href":"https:\/\/api.w.org\/{rel}","templated":true}]}}