{"id":6296,"date":"2018-05-22T12:55:54","date_gmt":"2018-05-22T10:55:54","guid":{"rendered":"http:\/\/ksiegarnia-akademicka.pl\/index.php\/product\/motive-deutsch-neu-4-podrecznik-z-plyta-cd-zakres-podstawowy-i-rozszerzony-kurs-dla-kontynuujacych-nauke-liceum-technikum\/"},"modified":"2018-05-22T12:55:54","modified_gmt":"2018-05-22T10:55:54","slug":"motive-deutsch-neu-4-podrecznik-z-plyta-cd-zakres-podstawowy-i-rozszerzony-kurs-dla-kontynuujacych-nauke-liceum-technikum","status":"publish","type":"product","link":"http:\/\/ksiegarnia-akademicka.pl\/index.php\/product\/motive-deutsch-neu-4-podrecznik-z-plyta-cd-zakres-podstawowy-i-rozszerzony-kurs-dla-kontynuujacych-nauke-liceum-technikum\/","title":{"rendered":"Motive Deutsch Neu 4 Podr\u0119cznik z p\u0142yt\u0105 CD Zakres podstawowy i rozszerzony. Kurs dla kontynuuj\u0105cych nauk\u0119. Liceum Technikum"},"content":{"rendered":"","protected":false},"excerpt":{"rendered":"","protected":false},"featured_media":0,"template":"","meta":[],"product_brand":[],"product_cat":[16],"product_tag":[7077],"class_list":{"0":"post-6296","1":"product","2":"type-product","3":"status-publish","5":"product_cat-ksiegarnia-akademicka-radom","6":"product_tag-j-niemiecki","8":"first","9":"instock","10":"shipping-taxable","11":"purchasable","12":"product-type-simple"},"_links":{"self":[{"href":"http:\/\/ksiegarnia-akademicka.pl\/index.php\/wp-json\/wp\/v2\/product\/6296","targetHints":{"allow":["GET"]}}],"collection":[{"href":"http:\/\/ksiegarnia-akademicka.pl\/index.php\/wp-json\/wp\/v2\/product"}],"about":[{"href":"http:\/\/ksiegarnia-akademicka.pl\/index.php\/wp-json\/wp\/v2\/types\/product"}],"wp:attachment":[{"href":"http:\/\/ksiegarnia-akademicka.pl\/index.php\/wp-json\/wp\/v2\/media?parent=6296"}],"wp:term":[{"taxonomy":"product_brand","embeddable":true,"href":"http:\/\/ksiegarnia-akademicka.pl\/index.php\/wp-json\/wp\/v2\/product_brand?post=6296"},{"taxonomy":"product_cat","embeddable":true,"href":"http:\/\/ksiegarnia-akademicka.pl\/index.php\/wp-json\/wp\/v2\/product_cat?post=6296"},{"taxonomy":"product_tag","embeddable":true,"href":"http:\/\/ksiegarnia-akademicka.pl\/index.php\/wp-json\/wp\/v2\/product_tag?post=6296"}],"curies":[{"name":"wp","href":"https:\/\/api.w.org\/{rel}","templated":true}]}}