{"id":5968,"date":"2018-05-22T12:54:56","date_gmt":"2018-05-22T10:54:56","guid":{"rendered":"http:\/\/ksiegarnia-akademicka.pl\/index.php\/product\/abc-coreldraw-x7-pl\/"},"modified":"2019-01-02T09:24:52","modified_gmt":"2019-01-02T08:24:52","slug":"abc-coreldraw-x7-pl","status":"publish","type":"product","link":"http:\/\/ksiegarnia-akademicka.pl\/index.php\/product\/abc-coreldraw-x7-pl\/","title":{"rendered":"ABC CorelDRAW X5 PL"},"content":{"rendered":"<p>Autor:<br \/>\nRoland Zimek<br \/>\nWydawca: Helion<br \/>\nOprawa: Mi\u0119kka<br \/>\nFormat: 15.8&#215;22.8cm<br \/>\nLiczba stron: 264<br \/>\nRok wydania: 2011<\/p>\n<p>Poznaj CorelDRAW X5 PL\u2026 i odkryj niesamowite mo\u017cliwo\u015bci grafiki wektorowej!<\/p>\n<p>Obiekty i podstawy rysunku wektorowego, czyli jak tworzy\u0107 rysunki w CorelDRAW<br \/>\nTekst, tabele i praca z bitmapami, czyli do czego jeszcze mo\u017ce s\u0142u\u017cy\u0107 program<br \/>\nModyfikacje obiekt\u00f3w i efekty, czyli na czym polega dopracowanie szczeg\u00f3\u0142\u00f3w<\/p>\n<p>O istnieniu programu CorelDRAW niew\u0105tpliwie s\u0142yszeli wszyscy u\u017cytkownicy komputer\u00f3w. Nie wszyscy jednak korzystaj\u0105 z jego mo\u017cliwo\u015bci, cz\u0119sto zniech\u0119ceni fundamentaln\u0105 odmienno\u015bci\u0105 od innych program\u00f3w graficznych. CorelDRAW, bardzo \u0142atwy w obs\u0142udze, uchodzi za aplikacj\u0119 o niepoj\u0119tych zasadach dzia\u0142ania. A przecie\u017c niejednokrotnie mo\u017cna uzyska\u0107 w nim efekty znacznie lepsze ni\u017c w programach Paint czy Photoshop. W wersji CorelDRAW X5 PL opr\u00f3cz tradycyjnych narz\u0119dzi pojawi\u0142y si\u0119 tak\u017ce pewne usprawnienia: nowy mechanizm zarz\u0105dzania kolorami i przekszta\u0142cania rysunk\u00f3w bitmapowych na wektorowe, wsp\u00f3\u0142praca z ekranami dotykowymi oraz procesorami wielordzeniowymi i mo\u017cliwo\u015b\u0107 podgl\u0105du w widoku pikseli.<\/p>\n<p>Ksi\u0105\u017cka &#8222;ABC CorelDRAW X5 PL&#8221; pozwoli Ci \u0142atwo i szybko wej\u015b\u0107 w \u015bwiat CorelDRAW, zrozumie\u0107 zasady jego dzia\u0142ania i zacz\u0105\u0107 samodzielnie projektowa\u0107 plakaty, szyldy, broszury czy wizyt\u00f3wki, a tak\u017ce tworzy\u0107 skomplikowane rysunki techniczne. Dowiesz si\u0119, jak pos\u0142ugiwa\u0107 si\u0119 obiektami i w jakich sytuacjach warto stosowa\u0107 grafik\u0119 wektorow\u0105. Poznasz zasady pracy z tabelami, konturami i wype\u0142nieniami. Nauczysz si\u0119 w\u0142\u0105cza\u0107 do swoich projekt\u00f3w partie tekstowe i formatowa\u0107 je wed\u0142ug w\u0142asnego uznania. Kolejnym krokiem b\u0119dzie nauka dopieszczania szczeg\u00f3\u0142\u00f3w projektu, od drobnych modyfikacji do efekt\u00f3w specjalnych. Strona po stronie biegle opanujesz ca\u0142y CorelDRAW &#8211; i nie zawahasz si\u0119 go u\u017cy\u0107!<\/p>\n<p>Uruchamianie programu i pierwsze kroki<br \/>\nZapisywanie, otwieranie i drukowanie rysunk\u00f3w<br \/>\nCorel Connect i korzystanie z okien dokowanych<br \/>\nPodstawy rysunku wektorowego<br \/>\nPraca z tekstem i tabelami<br \/>\nU\u017cywanie wype\u0142nie\u0144 i kontur\u00f3w<br \/>\nPrecyzyjne rysowanie<br \/>\nEdycja krzywych<br \/>\nModyfikacje obiekt\u00f3w<br \/>\nPraca z bitmapami<br \/>\nEfekty<\/p>\n<p>Sprawd\u017a, jak bajeczne efekty mo\u017cesz uzyska\u0107 w CorelDRAW X5 PL!<\/p>\n","protected":false},"excerpt":{"rendered":"<p>Autor: Roland Zimek Wydawca: Helion Oprawa: Mi\u0119kka Format: 15.8&#215;22.8cm Liczba [&hellip;]<\/p>\n","protected":false},"featured_media":9949,"template":"","meta":[],"product_brand":[],"product_cat":[36],"product_tag":[4318,198,347],"class_list":{"0":"post-5968","1":"product","2":"type-product","3":"status-publish","4":"has-post-thumbnail","6":"product_cat-informatyka","7":"product_tag-coreldraw","8":"product_tag-grafika-komputerowa","9":"product_tag-podrecznik","11":"first","12":"instock","13":"sale","14":"shipping-taxable","15":"purchasable","16":"product-type-simple"},"_links":{"self":[{"href":"http:\/\/ksiegarnia-akademicka.pl\/index.php\/wp-json\/wp\/v2\/product\/5968","targetHints":{"allow":["GET"]}}],"collection":[{"href":"http:\/\/ksiegarnia-akademicka.pl\/index.php\/wp-json\/wp\/v2\/product"}],"about":[{"href":"http:\/\/ksiegarnia-akademicka.pl\/index.php\/wp-json\/wp\/v2\/types\/product"}],"wp:featuredmedia":[{"embeddable":true,"href":"http:\/\/ksiegarnia-akademicka.pl\/index.php\/wp-json\/wp\/v2\/media\/9949"}],"wp:attachment":[{"href":"http:\/\/ksiegarnia-akademicka.pl\/index.php\/wp-json\/wp\/v2\/media?parent=5968"}],"wp:term":[{"taxonomy":"product_brand","embeddable":true,"href":"http:\/\/ksiegarnia-akademicka.pl\/index.php\/wp-json\/wp\/v2\/product_brand?post=5968"},{"taxonomy":"product_cat","embeddable":true,"href":"http:\/\/ksiegarnia-akademicka.pl\/index.php\/wp-json\/wp\/v2\/product_cat?post=5968"},{"taxonomy":"product_tag","embeddable":true,"href":"http:\/\/ksiegarnia-akademicka.pl\/index.php\/wp-json\/wp\/v2\/product_tag?post=5968"}],"curies":[{"name":"wp","href":"https:\/\/api.w.org\/{rel}","templated":true}]}}