{"id":5944,"date":"2018-05-22T12:54:51","date_gmt":"2018-05-22T10:54:51","guid":{"rendered":"http:\/\/ksiegarnia-akademicka.pl\/index.php\/product\/instalacje-elektryczne-w-obiektach-budowlanych\/"},"modified":"2021-12-28T13:56:32","modified_gmt":"2021-12-28T12:56:32","slug":"instalacje-elektryczne-w-obiektach-budowlanych","status":"publish","type":"product","link":"http:\/\/ksiegarnia-akademicka.pl\/index.php\/product\/instalacje-elektryczne-w-obiektach-budowlanych\/","title":{"rendered":"Instalacje elektryczne w budownictwie jednorodzinnym"},"content":{"rendered":"<p>Autor:<br \/>\nJacek Strzy\u017cewski<br \/>\nJanusz Strzy\u017cewski<br \/>\nWydawca: Arkady<br \/>\nOprawa: Mi\u0119kka<br \/>\nFormat: 16.5&#215;23.5cm<br \/>\nLiczba stron: 168<br \/>\nWydanie: 3<br \/>\nRok wydania: 2017<\/p>\n<p>Zamiarem autor\u00f3w ksi\u0105\u017cki jest przybli\u017cenie Czytelnikowi wiedzy dotycz\u0105cej instalacji elektrycznych wyst\u0119puj\u0105cych w budynkach jednorodzinnych i w ich otoczeniu.<br \/>\nW pierwszej cz\u0119\u015bci om\u00f3wiono niezwykle istotne zagadnienie bezpiecze\u0144stwa u\u017cytkowania energii elektrycznej oraz ratowania os\u00f3b pora\u017conych. Sprawy zwi\u0105zane z ratownictwem om\u00f3wiono bior\u0105c po uwag\u0119 najnowsze metody i zasady stosowane przez profesjonalist\u00f3w.<br \/>\nSporo miejsca po\u015bwi\u0119cono przy\u0142\u0105czaniu budynk\u00f3w do sieci elektroenergetycznych docelowo i na czas budowy. Om\u00f3wiono tak\u017ce stosowanie taryfy rozlicze\u0144 za energi\u0119.<br \/>\nPrzedstawiono informacje, kt\u00f3re u\u0142atwi\u0105 w\u0142a\u015bciwy dob\u00f3r urz\u0105dze\u0144 elektrycznych &#8211; dozorowych, sygnalizacyjnych i o\u015bwietleniowych.<br \/>\nKsi\u0105\u017cka zawiera tak\u017ce rozdzia\u0142 po\u015bwi\u0119cony ochronie przed wy\u0142adowaniami atmosferycznymi i przepi\u0119ciami oraz rozdzia\u0142 po\u015bwi\u0119cony oszcz\u0119dzaniu energii elektrycznej u\u017cywanej do cel\u00f3w bytowych.<\/p>\n","protected":false},"excerpt":{"rendered":"<p>Autor: Jacek Strzy\u017cewski Janusz Strzy\u017cewski Wydawca: Arkady Oprawa: Mi\u0119kka Format: [&hellip;]<\/p>\n","protected":false},"featured_media":8972,"template":"","meta":[],"product_brand":[],"product_cat":[41],"product_tag":[1453,4247,4218],"class_list":{"0":"post-5944","1":"product","2":"type-product","3":"status-publish","4":"has-post-thumbnail","6":"product_cat-nauki-techniczne","7":"product_tag-budownictwo","8":"product_tag-energetyka","9":"product_tag-instalacje-elektryczne","11":"first","12":"instock","13":"sale","14":"shipping-taxable","15":"purchasable","16":"product-type-simple"},"_links":{"self":[{"href":"http:\/\/ksiegarnia-akademicka.pl\/index.php\/wp-json\/wp\/v2\/product\/5944","targetHints":{"allow":["GET"]}}],"collection":[{"href":"http:\/\/ksiegarnia-akademicka.pl\/index.php\/wp-json\/wp\/v2\/product"}],"about":[{"href":"http:\/\/ksiegarnia-akademicka.pl\/index.php\/wp-json\/wp\/v2\/types\/product"}],"wp:featuredmedia":[{"embeddable":true,"href":"http:\/\/ksiegarnia-akademicka.pl\/index.php\/wp-json\/wp\/v2\/media\/8972"}],"wp:attachment":[{"href":"http:\/\/ksiegarnia-akademicka.pl\/index.php\/wp-json\/wp\/v2\/media?parent=5944"}],"wp:term":[{"taxonomy":"product_brand","embeddable":true,"href":"http:\/\/ksiegarnia-akademicka.pl\/index.php\/wp-json\/wp\/v2\/product_brand?post=5944"},{"taxonomy":"product_cat","embeddable":true,"href":"http:\/\/ksiegarnia-akademicka.pl\/index.php\/wp-json\/wp\/v2\/product_cat?post=5944"},{"taxonomy":"product_tag","embeddable":true,"href":"http:\/\/ksiegarnia-akademicka.pl\/index.php\/wp-json\/wp\/v2\/product_tag?post=5944"}],"curies":[{"name":"wp","href":"https:\/\/api.w.org\/{rel}","templated":true}]}}