{"id":4962,"date":"2018-05-22T12:51:58","date_gmt":"2018-05-22T10:51:58","guid":{"rendered":"http:\/\/ksiegarnia-akademicka.pl\/index.php\/product\/rosliny-w-kosmetyce-i-kosmetologii-przeciwstarzeniowej\/"},"modified":"2024-09-11T12:27:10","modified_gmt":"2024-09-11T10:27:10","slug":"rosliny-w-kosmetyce-i-kosmetologii-przeciwstarzeniowej","status":"publish","type":"product","link":"http:\/\/ksiegarnia-akademicka.pl\/index.php\/product\/rosliny-w-kosmetyce-i-kosmetologii-przeciwstarzeniowej\/","title":{"rendered":"Ro\u015bliny w kosmetyce i kosmetologii przeciwstarzeniowej"},"content":{"rendered":"<p>Autor:<br \/>\nEliza Lamer-Zarawska<br \/>\nCezary Chwa\u0142a<br \/>\nAntoni Gwardys<br \/>\nWydawca: PZWL<br \/>\nOprawa: Mi\u0119kka<br \/>\nFormat: 16.5&#215;23.5cm<br \/>\nLiczba stron: 368<br \/>\nWydanie: 1<br \/>\nRok wydania: 2021<br \/>\nJ\u0119zyk wydania: polski<\/p>\n<p>Nowa, niezwykle cenna publikacja na rynku wydawniczym. Podr\u0119cznik adresowany do student\u00f3w kierunku kosmetologia, b\u0119dzie r\u00f3wnie\u017c pomocny w codziennej praktyce dla tej grupy zawodowej.<br \/>\nPublikacja sk\u0142ada si\u0119 z III cz\u0119\u015bci. W pierwszej cz\u0119\u015bci om\u00f3wiono zagadnienia og\u00f3lne dotycz\u0105ce sk\u00f3ry i jej starzenia, cz\u0119\u015b\u0107 druga dotyczy surowc\u00f3w i substancji ro\u015blinnych w kosmetologii i kosmetyce przeciwstarzeniowej, w cz\u0119\u015bci III przedstawiono. produkty kosmetyczne stosowane w kosmetykach przeciwstarzeniowych oraz w leczeniu dermatologicznym.<\/p>\n","protected":false},"excerpt":{"rendered":"<p>Autor: Eliza Lamer-Zarawska Cezary Chwa\u0142a Antoni Gwardys Wydawca: PZWL Oprawa: [&hellip;]<\/p>\n","protected":false},"featured_media":14983,"template":"","meta":[],"product_brand":[],"product_cat":[7625],"product_tag":[4934,6490,237],"class_list":{"0":"post-4962","1":"product","2":"type-product","3":"status-publish","4":"has-post-thumbnail","6":"product_cat-nauki-o-zdrowiu","7":"product_tag-kosmetologia","8":"product_tag-kosmetyka","9":"product_tag-zdrowie","11":"first","12":"outofstock","13":"sale","14":"shipping-taxable","15":"purchasable","16":"product-type-simple"},"_links":{"self":[{"href":"http:\/\/ksiegarnia-akademicka.pl\/index.php\/wp-json\/wp\/v2\/product\/4962","targetHints":{"allow":["GET"]}}],"collection":[{"href":"http:\/\/ksiegarnia-akademicka.pl\/index.php\/wp-json\/wp\/v2\/product"}],"about":[{"href":"http:\/\/ksiegarnia-akademicka.pl\/index.php\/wp-json\/wp\/v2\/types\/product"}],"wp:featuredmedia":[{"embeddable":true,"href":"http:\/\/ksiegarnia-akademicka.pl\/index.php\/wp-json\/wp\/v2\/media\/14983"}],"wp:attachment":[{"href":"http:\/\/ksiegarnia-akademicka.pl\/index.php\/wp-json\/wp\/v2\/media?parent=4962"}],"wp:term":[{"taxonomy":"product_brand","embeddable":true,"href":"http:\/\/ksiegarnia-akademicka.pl\/index.php\/wp-json\/wp\/v2\/product_brand?post=4962"},{"taxonomy":"product_cat","embeddable":true,"href":"http:\/\/ksiegarnia-akademicka.pl\/index.php\/wp-json\/wp\/v2\/product_cat?post=4962"},{"taxonomy":"product_tag","embeddable":true,"href":"http:\/\/ksiegarnia-akademicka.pl\/index.php\/wp-json\/wp\/v2\/product_tag?post=4962"}],"curies":[{"name":"wp","href":"https:\/\/api.w.org\/{rel}","templated":true}]}}