{"id":4750,"date":"2018-05-22T12:51:21","date_gmt":"2018-05-22T10:51:21","guid":{"rendered":"http:\/\/ksiegarnia-akademicka.pl\/index.php\/product\/rysunek-techniczny-dla-mechanikow-podrecznik\/"},"modified":"2020-05-07T11:32:13","modified_gmt":"2020-05-07T09:32:13","slug":"rysunek-techniczny-dla-mechanikow-podrecznik","status":"publish","type":"product","link":"http:\/\/ksiegarnia-akademicka.pl\/index.php\/product\/rysunek-techniczny-dla-mechanikow-podrecznik\/","title":{"rendered":"Rysunek techniczny dla mechanik\u00f3w Podr\u0119cznik"},"content":{"rendered":"<p>Tadeusz Lewandowski<br \/>\nWydawca: WSiP<br \/>\nOprawa: Mi\u0119kka<br \/>\nFormat: 16.5&#215;23.5cm<br \/>\nLiczba stron: 376<br \/>\nWydanie: 11<br \/>\nRok wydania: 2015<\/p>\n<p>Ksi\u0105\u017cka jest obszernym, bogato ilustrowanym podr\u0119cznikiem do nauki rysunkowego przedstawiania cz\u0119\u015bci maszyn oraz gotowych wyrob\u00f3w przemys\u0142u maszynowego. Pocz\u0105tkowe rozdzia\u0142y po\u015bwi\u0119cono geometrycznym zasadom odwzorowywania na p\u0142aszczy\u017anie obiekt\u00f3w p\u0142askich i przestrzennych. W dalszej cz\u0119\u015bci publikacji przedstawiono znormalizowane zasady uproszczonego przedstawiania szczeg\u00f3\u0142\u00f3w konstrukcyjnych i technologicznych cz\u0119\u015bci maszyn oraz ca\u0142ych wyrob\u00f3w.<\/p>\n<p>Uwzgl\u0119dniono zmiany wynikaj\u0105ce z najnowszych uregulowa\u0144 normalizacyjnych PN-EN, PN-EN ISO oraz PN-ISO z 2004 roku, m.in. dotycz\u0105ce metod rzutowania, dokumentacji technicznej wyrobu w zakresie terminologii i opisu rysunk\u00f3w (pismo alfabetu \u0142aci\u0144skiego, cyfry i znaki w projektowaniu wspomaganym komputerowo &#8211; CAD; niekt\u00f3re symbole graficzne stosowane na schematach kinematycznych).<br \/>\nW ko\u0144cowej cz\u0119\u015bci ksi\u0105\u017cki zosta\u0142y podane obja\u015bnienia i wskaz\u00f3wki do odczytywania oznacze\u0144 norm wyszczeg\u00f3lnionych w wykazie zamieszczonym w publikacji. Materia\u0142y te u\u0142atwi\u0105 korzystanie z Katalogu Polskich Norm.<\/p>\n","protected":false},"excerpt":{"rendered":"<p>Tadeusz Lewandowski Wydawca: WSiP Oprawa: Mi\u0119kka Format: 16.5&#215;23.5cm Liczba stron: [&hellip;]<\/p>\n","protected":false},"featured_media":8432,"template":"","meta":[],"product_brand":[],"product_cat":[41],"product_tag":[347,7380],"class_list":{"0":"post-4750","1":"product","2":"type-product","3":"status-publish","4":"has-post-thumbnail","6":"product_cat-nauki-techniczne","7":"product_tag-podrecznik","8":"product_tag-rysunek-techniczny","10":"first","11":"outofstock","12":"sale","13":"shipping-taxable","14":"purchasable","15":"product-type-simple"},"_links":{"self":[{"href":"http:\/\/ksiegarnia-akademicka.pl\/index.php\/wp-json\/wp\/v2\/product\/4750","targetHints":{"allow":["GET"]}}],"collection":[{"href":"http:\/\/ksiegarnia-akademicka.pl\/index.php\/wp-json\/wp\/v2\/product"}],"about":[{"href":"http:\/\/ksiegarnia-akademicka.pl\/index.php\/wp-json\/wp\/v2\/types\/product"}],"wp:featuredmedia":[{"embeddable":true,"href":"http:\/\/ksiegarnia-akademicka.pl\/index.php\/wp-json\/wp\/v2\/media\/8432"}],"wp:attachment":[{"href":"http:\/\/ksiegarnia-akademicka.pl\/index.php\/wp-json\/wp\/v2\/media?parent=4750"}],"wp:term":[{"taxonomy":"product_brand","embeddable":true,"href":"http:\/\/ksiegarnia-akademicka.pl\/index.php\/wp-json\/wp\/v2\/product_brand?post=4750"},{"taxonomy":"product_cat","embeddable":true,"href":"http:\/\/ksiegarnia-akademicka.pl\/index.php\/wp-json\/wp\/v2\/product_cat?post=4750"},{"taxonomy":"product_tag","embeddable":true,"href":"http:\/\/ksiegarnia-akademicka.pl\/index.php\/wp-json\/wp\/v2\/product_tag?post=4750"}],"curies":[{"name":"wp","href":"https:\/\/api.w.org\/{rel}","templated":true}]}}