{"id":373,"date":"2018-05-22T12:41:20","date_gmt":"2018-05-22T10:41:20","guid":{"rendered":"http:\/\/ksiegarnia-akademicka.pl\/index.php\/product\/umowa-o-zaopatrzenie-w-wode-i-odprowadzanie\/"},"modified":"2024-12-14T13:29:17","modified_gmt":"2024-12-14T12:29:17","slug":"umowa-o-zaopatrzenie-w-wode-i-odprowadzanie","status":"publish","type":"product","link":"http:\/\/ksiegarnia-akademicka.pl\/index.php\/product\/umowa-o-zaopatrzenie-w-wode-i-odprowadzanie\/","title":{"rendered":"Umowa o zaopatrzenie w wod\u0119 i odprowadzanie"},"content":{"rendered":"<p>Rakoczy Bartosz Wydawnictwo LexisNexis 2007 wyd.1 <\/br><\/br><\/p>\n<p><span style=\"font-size: small\">Ksi\u0105\u017cka zawiera klauzule umowne niezb\u0119dne do prawid\u0142owego sporz\u0105dzenia umowy o zaopatrzenie w wod\u0119 i odprowadzanie \u015bciek&oacute;w. Opracowanie szeroko traktuje o aspektach podmiotowych i przedmiotowych umowy ze szczeg&oacute;lnym uwypukleniem praw i obowi\u0105zk&oacute;w stron.<\/p>\n<p>Autor obszernie omawia problematyk\u0119 zaopatrzenia w wod\u0119 i odprowadzania \u015bciek&oacute;w &ndash; tak\u017ce w \u015bwietle przepis&oacute;w konstytucyjnych, prawa ochrony \u015brodowiska, ochrony konsumenta itd. <br \/>Ksi\u0105\u017cka przeznaczona jest g\u0142&oacute;wnie dla praktyk&oacute;w &ndash; przedsi\u0119biorstw wodoci\u0105gowo-kanalizacyjnych, w\u0142a\u015bcicieli nieruchomo\u015bci, odbiorc&oacute;w us\u0142ug, sp&oacute;\u0142dzielni mieszkaniowych, zarz\u0105dc&oacute;w nieruchomo\u015bci, jednostek samorz\u0105du terytorialnego itp.<\/span><\/p>\n<p><\/br><\/br>pozycja dost\u0119pna<\/p>\n","protected":false},"excerpt":{"rendered":"<p>Rakoczy Bartosz Wydawnictwo LexisNexis 2007 wyd.1 Ksi\u0105\u017cka zawiera klauzule umowne [&hellip;]<\/p>\n","protected":false},"featured_media":7626,"template":"","meta":[],"product_brand":[],"product_cat":[7492,18,7494],"product_tag":[939,940,938],"class_list":{"0":"post-373","1":"product","2":"type-product","3":"status-publish","4":"has-post-thumbnail","6":"product_cat-administracyjne","7":"product_cat-prawo","8":"product_cat-samorzad-terytorialny","9":"product_tag-odprowadzanie-sciekow","10":"product_tag-wlasciciele-nieruchomosci","11":"product_tag-zaopatrzenie-w-wode","13":"first","14":"instock","15":"sale","16":"shipping-taxable","17":"purchasable","18":"product-type-simple"},"_links":{"self":[{"href":"http:\/\/ksiegarnia-akademicka.pl\/index.php\/wp-json\/wp\/v2\/product\/373","targetHints":{"allow":["GET"]}}],"collection":[{"href":"http:\/\/ksiegarnia-akademicka.pl\/index.php\/wp-json\/wp\/v2\/product"}],"about":[{"href":"http:\/\/ksiegarnia-akademicka.pl\/index.php\/wp-json\/wp\/v2\/types\/product"}],"wp:featuredmedia":[{"embeddable":true,"href":"http:\/\/ksiegarnia-akademicka.pl\/index.php\/wp-json\/wp\/v2\/media\/7626"}],"wp:attachment":[{"href":"http:\/\/ksiegarnia-akademicka.pl\/index.php\/wp-json\/wp\/v2\/media?parent=373"}],"wp:term":[{"taxonomy":"product_brand","embeddable":true,"href":"http:\/\/ksiegarnia-akademicka.pl\/index.php\/wp-json\/wp\/v2\/product_brand?post=373"},{"taxonomy":"product_cat","embeddable":true,"href":"http:\/\/ksiegarnia-akademicka.pl\/index.php\/wp-json\/wp\/v2\/product_cat?post=373"},{"taxonomy":"product_tag","embeddable":true,"href":"http:\/\/ksiegarnia-akademicka.pl\/index.php\/wp-json\/wp\/v2\/product_tag?post=373"}],"curies":[{"name":"wp","href":"https:\/\/api.w.org\/{rel}","templated":true}]}}