{"id":3654,"date":"2018-05-22T12:48:35","date_gmt":"2018-05-22T10:48:35","guid":{"rendered":"http:\/\/ksiegarnia-akademicka.pl\/index.php\/product\/karta-nauczyciela-twoje-prawo\/"},"modified":"2025-01-25T12:15:15","modified_gmt":"2025-01-25T11:15:15","slug":"karta-nauczyciela-twoje-prawo","status":"publish","type":"product","link":"http:\/\/ksiegarnia-akademicka.pl\/index.php\/product\/karta-nauczyciela-twoje-prawo\/","title":{"rendered":"Karta nauczyciela Twoje prawo"},"content":{"rendered":"<p>Seria: Twoje Prawo<br \/>\nRok wydania: 2025<br \/>\nWydanie: 18<br \/>\nOprawa: Mi\u0119kka<br \/>\nLiczba stron: 164<br \/>\nWymiary: 122&#215;175 mm<br \/>\nWaga: 100 g<\/p>\n<p><strong>Stan prawny: 1 stycznia 2025 r.<\/strong><\/p>\n<p>Zbi\u00f3r uwzgl\u0119dnia zmiany wchodz\u0105ce w \u017cycie:<\/p>\n<ul>\n<li><strong>Nowy tekst jednolity z dnia 11 czerwca 2024 r.<\/strong>\u00a0(Dz.U. z 2024 r. poz. 986)<\/li>\n<li><strong>1.9.2024 r.<\/strong>\u00a0\u2013 Ustawa o zmianie ustawy \u2013 Karta Nauczyciela oraz niekt\u00f3rych innych ustaw z dnia 28 lipca 2023 r. (Dz.U. z 2023 r. poz. 1672),<\/li>\n<li><strong>19.3.2025 r.<\/strong>\u00a0\u2013 Ustawa o zmianie ustawy \u2013 Kodeks pracy oraz niekt\u00f3rych innych ustaw z dnia 6 grudnia 2024 r. (Dz.U. z 2024 r. poz. 1871).<\/li>\n<\/ul>\n<p>Ksi\u0105\u017cka zawiera:<\/p>\n<ul>\n<li>Tekst ustawy Karta Nauczyciela,<\/li>\n<li>Rozporz\u0105dzenia,<\/li>\n<li>Indeks rzeczowy.<\/li>\n<\/ul>\n<hr class=\"dotted\" \/>\n<p>Seria &#8222;Twoje Prawo&#8221; zawiera:<\/p>\n<ul>\n<li>Boldowanie najnowszych zmian<\/li>\n<li>Przypisy od Redakcji<\/li>\n<li>Czytelne has\u0142a i teksty<\/li>\n<li>Indeks rzeczowy<\/li>\n<\/ul>\n","protected":false},"excerpt":{"rendered":"<p>Seria: Twoje Prawo Rok wydania: 2025 Wydanie: 18 Oprawa: Mi\u0119kka [&hellip;]<\/p>\n","protected":false},"featured_media":19945,"template":"","meta":[],"product_brand":[],"product_cat":[7492,7491,7530,18],"product_tag":[5691,485,2240],"class_list":{"0":"post-3654","1":"product","2":"type-product","3":"status-publish","4":"has-post-thumbnail","6":"product_cat-administracyjne","7":"product_cat-cywilne","8":"product_cat-nowosci","9":"product_cat-prawo","10":"product_tag-karta-nauczyciela","11":"product_tag-prawo-administracyjne","12":"product_tag-seria-twoje-prawo","14":"first","15":"instock","16":"sale","17":"shipping-taxable","18":"purchasable","19":"product-type-simple"},"_links":{"self":[{"href":"http:\/\/ksiegarnia-akademicka.pl\/index.php\/wp-json\/wp\/v2\/product\/3654","targetHints":{"allow":["GET"]}}],"collection":[{"href":"http:\/\/ksiegarnia-akademicka.pl\/index.php\/wp-json\/wp\/v2\/product"}],"about":[{"href":"http:\/\/ksiegarnia-akademicka.pl\/index.php\/wp-json\/wp\/v2\/types\/product"}],"wp:featuredmedia":[{"embeddable":true,"href":"http:\/\/ksiegarnia-akademicka.pl\/index.php\/wp-json\/wp\/v2\/media\/19945"}],"wp:attachment":[{"href":"http:\/\/ksiegarnia-akademicka.pl\/index.php\/wp-json\/wp\/v2\/media?parent=3654"}],"wp:term":[{"taxonomy":"product_brand","embeddable":true,"href":"http:\/\/ksiegarnia-akademicka.pl\/index.php\/wp-json\/wp\/v2\/product_brand?post=3654"},{"taxonomy":"product_cat","embeddable":true,"href":"http:\/\/ksiegarnia-akademicka.pl\/index.php\/wp-json\/wp\/v2\/product_cat?post=3654"},{"taxonomy":"product_tag","embeddable":true,"href":"http:\/\/ksiegarnia-akademicka.pl\/index.php\/wp-json\/wp\/v2\/product_tag?post=3654"}],"curies":[{"name":"wp","href":"https:\/\/api.w.org\/{rel}","templated":true}]}}