{"id":2851,"date":"2018-05-22T12:46:44","date_gmt":"2018-05-22T10:46:44","guid":{"rendered":"http:\/\/ksiegarnia-akademicka.pl\/index.php\/product\/prawo-mieszkaniowe-twoje-prawo\/"},"modified":"2026-03-02T16:15:41","modified_gmt":"2026-03-02T15:15:41","slug":"prawo-mieszkaniowe-twoje-prawo","status":"publish","type":"product","link":"http:\/\/ksiegarnia-akademicka.pl\/index.php\/product\/prawo-mieszkaniowe-twoje-prawo\/","title":{"rendered":"Prawo mieszkaniowe. Twoje prawo"},"content":{"rendered":"<div class=\"grupa seria\"><span class=\"meta-head-blue\">Nale\u017cy do serii: <\/span>TWOJE PRAWO<\/div>\n<div class=\"grupa osoby\"><span class=\"meta-head-blue\">Redakcja:<\/span>\u00a0<span class=\"meta-value\">Aneta Flisek<\/span><\/div>\n<div class=\"grupa wydawca\"><span class=\"meta-head\">Wydawca:<\/span>\u00a0C.H. Beck<\/div>\n<div class=\"grupa dane\">\n<div>Oprawa:\u00a0<span class=\"meta-value-bold\">Mi\u0119kka<\/span><\/div>\n<div>Format:\u00a0<span class=\"meta-value-bold\">12.2&#215;17.5cm<\/span><\/div>\n<div>Liczba stron:\u00a0<span class=\"meta-value-bold\">480<\/span><\/div>\n<div>Wydanie:\u00a0<span class=\"meta-value-bold\">31<\/span><\/div>\n<div>Rok wydania:\u00a0<span class=\"meta-value-bold\">2026<\/span><\/div>\n<div>J\u0119zyk wydania:\u00a0<span class=\"meta-value-bold\">polski<\/span><\/div>\n<\/div>\n<div><\/div>\n<div>\n<p><strong>Stan prawny: 1 lutego 2026 r.<\/strong><\/p>\n<p>Zbi\u00f3r uwzgl\u0119dnia zmiany wchodz\u0105ce w \u017cycie:<\/p>\n<p>Prawo sp\u00f3\u0142dzielcze:<\/p>\n<ul>\n<li><strong>29.11.2025 r.<\/strong>\u00a0\u2013 Ustawa o zmianie ustawy o Krajowym Rejestrze S\u0105dowym oraz niekt\u00f3rych innych ustaw z dnia 26 wrze\u015bnia 2025 r. (Dz.U. z 2025 r. poz. 1556).<\/li>\n<\/ul>\n<p>Ustawa o sp\u00f3\u0142dzielniach mieszkaniowych:<\/p>\n<ul>\n<li><strong>22.8.2025 r.<\/strong>\u00a0\u2013 Ustawa o zmianie ustawy o spo\u0142ecznych formach rozwoju mieszkalnictwa oraz niekt\u00f3rych innych ustaw z dnia 25 lipca 2025 r. (Dz.U. z 2025 r. poz. 1077),<\/li>\n<li><strong>28.1.2026 r.\u00a0<\/strong>\u2013 Ustawa o zmianie ustawy o sp\u00f3\u0142dzielniach mieszkaniowych oraz niekt\u00f3rych innych ustaw z dnia 4 grudnia 2025 r. (Dz.U. z 2026 r. poz. 39).<\/li>\n<\/ul>\n<p>Ustawa o w\u0142asno\u015bci lokali:<\/p>\n<ul>\n<li><strong>28.1.2026 r.<\/strong>\u00a0\u2013 Ustawa o zmianie ustawy o sp\u00f3\u0142dzielniach mieszkaniowych oraz niekt\u00f3rych innych ustaw z dnia 4 grudnia 2025 r. (Dz.U. z 2026 r. poz. 39),<\/li>\n<li><strong>1.7.2026 r.<\/strong>\u00a0\u2013 Ustawa o zmianie ustawy o planowaniu i zagospodarowaniu przestrzennym oraz niekt\u00f3rych innych ustaw z dnia 7 lipca 2023 r. (Dz.U. z 2023 r. poz. 1688 ze zm.).<\/li>\n<\/ul>\n<p>Ustawa o gospodarce nieruchomo\u015bciami:<\/p>\n<ul>\n<li><strong>7.9.2025 r.<\/strong>\u00a0\u2013 Ustawa o szczeg\u00f3lnych zasadach przygotowania i realizacji strategicznych inwestycji w zakresie potrzeb obronno\u015bci pa\u0144stwa lub kluczowych inwestycji w zakresie potrzeb obronno\u015bci pa\u0144stwa lub bezpiecze\u0144stwa publicznego oraz ustanawiania stref ochronnych teren\u00f3w zamkni\u0119tych z dnia 25 lipca 2025 r. (Dz.U. z 2025 r. poz. 1080),<\/li>\n<li><strong>6.11.2025 r.<\/strong>\u00a0\u2013 Ustawa o zmianie ustawy o spo\u0142ecznych formach rozwoju mieszkalnictwa oraz niekt\u00f3rych innych ustaw z dnia 25 lipca 2025 r. (Dz.U. z 2025 r. poz. 1077),<\/li>\n<li><strong>1.7.2026 r.<\/strong>\u00a0\u2013 Ustawa o zmianie ustawy o planowaniu i zagospodarowaniu przestrzennym oraz niekt\u00f3rych innych ustaw z dnia 7 lipca 2023 r. (Dz.U. z 2023 r. poz. 1688 ze zm.).<\/li>\n<\/ul>\n<p>Kodeks cywilny:<\/p>\n<ul>\n<li><strong>Nowy tekst jednolity z dnia 25 lipca 2025 r.<\/strong>\u00a0(Dz.U. z 2025 r. poz. 1071),<\/li>\n<li><strong>4.12.2025 r.<\/strong>\u00a0\u2013 Ustawa o zmianie ustawy \u2013 Kodeks cywilny z dnia 9 pa\u017adziernika 2025 r. (Dz.U. z 2025 r. poz. 1508).<\/li>\n<\/ul>\n<p>Ustawa o ochronie praw nabywcy lokalu mieszkalnego lub domu jednorodzinnego oraz Deweloperskim Funduszu Gwarancyjnym :<\/p>\n<ul>\n<li><strong>11.7.2025 r.<\/strong>\u00a0\u2013 Ustawa o zmianie ustawy o ochronie praw nabywcy lokalu mieszkalnego lub domu jednorodzinnego oraz Deweloperskim Funduszu Gwarancyjnym z dnia 21 maja 2025 r. (Dz.U. z 2025 r. poz. 758),<\/li>\n<li><strong>22.8.2025 r.<\/strong>\u00a0\u2013 Ustawa o zmianie ustawy o spo\u0142ecznych formach rozwoju mieszkalnictwa oraz niekt\u00f3rych innych ustaw z dnia 25 lipca 2025 r. (Dz.U. z 2025 r. poz. 1077),<\/li>\n<li><strong>9.9.2025 r.\u00a0<\/strong>\u2013 Ustawa o zmianie ustawy o ochronie praw nabywcy lokalu mieszkalnego lub domu jednorodzinnego oraz Deweloperskim Funduszu Gwarancyjnym z dnia 9 lipca 2025 r. (Dz.U. z 2025 r. poz. 1167),<\/li>\n<li><strong>2.12.2025 r.<\/strong>\u00a0\u2013 Ustawa o zmianie ustawy o ochronie praw nabywcy lokalu mieszkalnego lub domu jednorodzinnego oraz Deweloperskim Funduszu Gwarancyjnym oraz niekt\u00f3rych innych ustaw z dnia 17 pa\u017adziernika 2025 r. (Dz.U. z 2025 r. poz. 1669),<\/li>\n<li><strong>13.2.2026 r.\u00a0<\/strong>\u2013 Ustawa o zmianie ustawy o ochronie praw nabywcy lokalu mieszkalnego lub domu jednorodzinnego oraz Deweloperskim Funduszu Gwarancyjnym z dnia 4 grudnia 2025 r. (Dz.U. z 2026 r. poz. 27),<\/li>\n<li><strong>2.10.2026 r.<\/strong>\u00a0\u2013 Ustawa o zmianie ustawy o ochronie praw nabywcy lokalu mieszkalnego lub domu jednorodzinnego oraz Deweloperskim Funduszu Gwarancyjnym oraz niekt\u00f3rych innych ustaw z dnia 17 pa\u017adziernika 2025 r. (Dz.U. z 2025 r. poz. 1669),<\/li>\n<li><strong>2.4.2027 r.<\/strong>\u00a0\u2013 Ustawa o zmianie ustawy o ochronie praw nabywcy lokalu mieszkalnego lub domu jednorodzinnego oraz Deweloperskim Funduszu Gwarancyjnym oraz niekt\u00f3rych innych ustaw z dnia 17 pa\u017adziernika 2025 r. (Dz.U. z 2025 r. poz. 1669).<\/li>\n<\/ul>\n<p>Ustawa o rodzinnym kredycie mieszkaniowym I bezpiecznym kredycie 2%:<\/p>\n<ul>\n<li><strong>22.8.2025 r.<\/strong>\u00a0\u2013 Ustawa o zmianie ustawy o spo\u0142ecznych formach rozwoju mieszkalnictwa oraz niekt\u00f3rych innych ustaw z dnia 25 lipca 2025 r. (Dz.U. z 2025 r. poz. 1077).<\/li>\n<\/ul>\n<p>Ustawa o pomocy pa\u0144stwa w oszcz\u0119dzaniu na cele mieszkaniowe:<\/p>\n<ul>\n<li><strong>8.8.2025 r.<\/strong>\u00a0\u2013 Ustawa o zmianie ustawy o spo\u0142ecznych formach rozwoju mieszkalnictwa oraz niekt\u00f3rych innych ustaw z dnia 25 lipca 2025 r. (Dz.U. z 2025 r. poz. 1077),<\/li>\n<li><strong>1.1.2026 r.<\/strong>\u00a0\u2013 Ustawa o zmianie ustawy o spo\u0142ecznych formach rozwoju mieszkalnictwa oraz niekt\u00f3rych innych ustaw z dnia 25 lipca 2025 r. (Dz.U. z 2025 r. poz. 1077).<\/li>\n<\/ul>\n<p>Publikacja zawiera:<\/p>\n<ul>\n<li>Prawo sp\u00f3\u0142dzielcze,<\/li>\n<li>Ustaw\u0119 o sp\u00f3\u0142dzielniach mieszkaniowych,<\/li>\n<li>Ustaw\u0119 o w\u0142asno\u015bci lokali,<\/li>\n<li>Ustaw\u0119 o gospodarce nieruchomo\u015bciami,<\/li>\n<li>Ustaw\u0119 o przekszta\u0142ceniu prawa u\u017cytkowania wieczystego w prawo w\u0142asno\u015bci nieruchomo\u015bci,<\/li>\n<li>Ustaw\u0119 o ochronie praw lokator\u00f3w, mieszkaniowym zasobie gminy i o zmianie Kodeksu cywilnego,<\/li>\n<li>Kodeks cywilny \u2013 wyci\u0105g,<\/li>\n<li>Ustaw\u0119 o ochronie praw nabywcy lokalu mieszkalnego lub domu jednorodzinnego oraz Deweloperskim Funduszu Gwarancyjnym,<\/li>\n<li>Ustaw\u0119 o rodzinnym kredycie mieszkaniowym i bezpiecznym kredycie 2%,<\/li>\n<li>Ustaw\u0119 o pomocy pa\u0144stwa w nabyciu pierwszego mieszkania przez m\u0142odych ludzi,<\/li>\n<li>Ustaw\u0119 o pomocy pa\u0144stwa w oszcz\u0119dzaniu na cele mieszkaniowe.<\/li>\n<\/ul>\n<\/div>\n","protected":false},"excerpt":{"rendered":"<p>Nale\u017cy do serii: TWOJE PRAWO Redakcja:\u00a0Aneta Flisek Wydawca:\u00a0C.H. Beck Oprawa:\u00a0Mi\u0119kka [&hellip;]<\/p>\n","protected":false},"featured_media":21742,"template":"","meta":[],"product_brand":[],"product_cat":[7491,34,18],"product_tag":[705,5172,5173,2240,2596],"class_list":{"0":"post-2851","1":"product","2":"type-product","3":"status-publish","4":"has-post-thumbnail","6":"product_cat-cywilne","7":"product_cat-nieruchomosci","8":"product_cat-prawo","9":"product_tag-nieruchomosci","10":"product_tag-prawo-mieszkaniowe","11":"product_tag-prawo-spoldzielcze","12":"product_tag-seria-twoje-prawo","13":"product_tag-teksty-ustaw","15":"first","16":"instock","17":"sale","18":"shipping-taxable","19":"purchasable","20":"product-type-simple"},"_links":{"self":[{"href":"http:\/\/ksiegarnia-akademicka.pl\/index.php\/wp-json\/wp\/v2\/product\/2851","targetHints":{"allow":["GET"]}}],"collection":[{"href":"http:\/\/ksiegarnia-akademicka.pl\/index.php\/wp-json\/wp\/v2\/product"}],"about":[{"href":"http:\/\/ksiegarnia-akademicka.pl\/index.php\/wp-json\/wp\/v2\/types\/product"}],"wp:featuredmedia":[{"embeddable":true,"href":"http:\/\/ksiegarnia-akademicka.pl\/index.php\/wp-json\/wp\/v2\/media\/21742"}],"wp:attachment":[{"href":"http:\/\/ksiegarnia-akademicka.pl\/index.php\/wp-json\/wp\/v2\/media?parent=2851"}],"wp:term":[{"taxonomy":"product_brand","embeddable":true,"href":"http:\/\/ksiegarnia-akademicka.pl\/index.php\/wp-json\/wp\/v2\/product_brand?post=2851"},{"taxonomy":"product_cat","embeddable":true,"href":"http:\/\/ksiegarnia-akademicka.pl\/index.php\/wp-json\/wp\/v2\/product_cat?post=2851"},{"taxonomy":"product_tag","embeddable":true,"href":"http:\/\/ksiegarnia-akademicka.pl\/index.php\/wp-json\/wp\/v2\/product_tag?post=2851"}],"curies":[{"name":"wp","href":"https:\/\/api.w.org\/{rel}","templated":true}]}}