{"id":2812,"date":"2018-05-22T12:46:38","date_gmt":"2018-05-22T10:46:38","guid":{"rendered":"http:\/\/ksiegarnia-akademicka.pl\/index.php\/product\/komentarz-do-planu-kont-dla-jednostek-budzetowych-i-samorzadowych-zakladow-budzetowych-oraz-dla-budzetow-jednostek-samorzadu-terytorialnego-z-suplementem-elektronicznym\/"},"modified":"2024-12-04T13:24:17","modified_gmt":"2024-12-04T12:24:17","slug":"komentarz-do-planu-kont-dla-jednostek-budzetowych-i-samorzadowych-zakladow-budzetowych-oraz-dla-budzetow-jednostek-samorzadu-terytorialnego-z-suplementem-elektronicznym","status":"publish","type":"product","link":"http:\/\/ksiegarnia-akademicka.pl\/index.php\/product\/komentarz-do-planu-kont-dla-jednostek-budzetowych-i-samorzadowych-zakladow-budzetowych-oraz-dla-budzetow-jednostek-samorzadu-terytorialnego-z-suplementem-elektronicznym\/","title":{"rendered":"Komentarz do planu kont dla jednostek bud\u017cetowych i samorz\u0105dowych zak\u0142ad\u00f3w bud\u017cetowych oraz dla bud\u017cet\u00f3w jednostek samorz\u0105du terytorialnego (z suplementem elektronicznym)"},"content":{"rendered":"<p>Autor:<br \/>\nMaria Augustowska<br \/>\nWojciech Rup<br \/>\nWydawca: ODDK<br \/>\nOprawa: Twarda<br \/>\nLiczba stron: 510<br \/>\nWydanie: 18<br \/>\nRok wydania: 2019<br \/>\nJ\u0119zyk wydania: polski<\/p>\n<p>Wnikliwy komentarz opracowany z uwzgl\u0119dnieniem podstawowych dla rachunkowo\u015bci bud\u017cetowej ustaw i rozporz\u0105dze\u0144, w tym m.in.:<br \/>\n&#8211; ustawy z dnia 27 sierpnia 2009 r. o finansach publicznych (t.j. Dz.U. z 2017 r., poz. 2077 z p\u00f3\u017an. zm.);<br \/>\n&#8211; rozporz\u0105dzenia Ministra Rozwoju i Finans\u00f3w z 13 wrze\u015bnia 2017 r. w sprawie rachunkowo\u015bci oraz plan\u00f3w kont dla bud\u017cetu pa\u0144stwa, bud\u017cet\u00f3w jednostek samorz\u0105du terytorialnego, jednostek bud\u017cetowych, samorz\u0105dowych zak\u0142ad\u00f3w bud\u017cetowych, pa\u0144stwowych funduszy celowych oraz pa\u0144stwowych jednostek bud\u017cetowych maj\u0105cych siedzib\u0119 poza granicami Rzeczypospolitej Polskiej (Dz.U. poz. 1911).<\/p>\n<p>Publikacja sk\u0142ada si\u0119 z dw\u00f3ch cz\u0119\u015bci:<\/p>\n<p>cz\u0119\u015b\u0107 I \u2013 komentarz do planu kont dla jednostek bud\u017cetowych i samorz\u0105dowych zak\u0142ad\u00f3w bud\u017cetowych,<\/p>\n<p>cz\u0119\u015b\u0107 II \u2013 komentarz do planu kont dla bud\u017cet\u00f3w jednostek samorz\u0105du terytorialnego.<\/p>\n<p>Opracowanie zawiera:<br \/>\n&#8211; rozwini\u0119ty komentarz do poszczeg\u00f3lnych kont wraz ze wskazaniem zasad wyceny sk\u0142adnik\u00f3w maj\u0105tkowych, okresu i sposobu inwentaryzacji, formy i zakresu ewidencji szczeg\u00f3\u0142owej,<br \/>\n&#8211; wykaz typowych operacji gospodarczych ewidencjonowanych na stronie Wn i Ma poszczeg\u00f3lnych kont bilansowych z jednoczesnym wskazaniem kont przeciwstawnych.<\/p>\n<p>Publikacji towarzyszy suplement elektroniczny zawieraj\u0105cy tre\u015b\u0107 Komentarza w formacie PDF z u\u017cytecznymi hiper\u0142\u0105czami pozwalaj\u0105cymi ka\u017cdemu ksi\u0119gowemu szybko i \u0142atwo przemieszcza\u0107 si\u0119 pomi\u0119dzy koresponduj\u0105cymi kontami. Plik suplementu nale\u017cy pobra\u0107 przez Internet, post\u0119puj\u0105c zgodnie z instrukcj\u0105 zamieszczon\u0105 w ksi\u0105\u017cce. Zainstalowanie suplementu wymaga systemu operacyjnego Windows.<\/p>\n<p>Zmiany uwzgl\u0119dnione w obecnym wydaniu:<br \/>\n1. Okre\u015blenie zasad ewidencji operacji z wykorzystaniem mechanizmu podzielonej p\u0142atno\u015bci (split payment) w rozliczeniach podatku VAT \u2013 wprowadzenie autorskiego modelu ksi\u0119gowania takich operacji z uwzgl\u0119dnieniem centralnego rozliczania VAT w jednostkach samorz\u0105du terytorialnego oraz zasad bud\u017cetowych.<\/p>\n<p>2. Wprowadzenie nowych kont:<br \/>\n\u2013 130VAT \u2013 Rachunek VAT prowadzony dla rachunku bie\u017c\u0105cego jednostki<br \/>\n\u2013 131VAT \u2013 Rachunek VAT prowadzony dla rachunku bie\u017c\u0105cego samorz\u0105dowego zak\u0142adu bud\u017cetowego<br \/>\n\u2013 132VAT \u2013 Rachunek VAT prowadzony dla rachunku dochod\u00f3w jednostek bud\u017cetowych.<\/p>\n<p>3. Wprowadzenie zmian w ksi\u0119gowaniach operacji zwi\u0105zanych z obowi\u0105zkowym przekszta\u0142ceniem od 1 stycznia 2019 r. prawa wieczystego u\u017cytkowania grunt\u00f3w zabudowanych na cele mieszkaniowe w prawo w\u0142asno\u015bci.<\/p>\n<p>Stan prawny \u2013 1 stycznia 2019 r.<\/p>\n","protected":false},"excerpt":{"rendered":"<p>Autor: Maria Augustowska Wojciech Rup Wydawca: ODDK Oprawa: Twarda Liczba [&hellip;]<\/p>\n","protected":false},"featured_media":10248,"template":"","meta":[],"product_brand":[],"product_cat":[23,7494],"product_tag":[487,3392,1496,486],"class_list":{"0":"post-2812","1":"product","2":"type-product","3":"status-publish","4":"has-post-thumbnail","6":"product_cat-rachunkowosc","7":"product_cat-samorzad-terytorialny","8":"product_tag-komentarze","9":"product_tag-plan-kont","10":"product_tag-rachunkowosc","11":"product_tag-samorzad-terytorialny","13":"first","14":"instock","15":"sale","16":"shipping-taxable","17":"purchasable","18":"product-type-simple"},"_links":{"self":[{"href":"http:\/\/ksiegarnia-akademicka.pl\/index.php\/wp-json\/wp\/v2\/product\/2812","targetHints":{"allow":["GET"]}}],"collection":[{"href":"http:\/\/ksiegarnia-akademicka.pl\/index.php\/wp-json\/wp\/v2\/product"}],"about":[{"href":"http:\/\/ksiegarnia-akademicka.pl\/index.php\/wp-json\/wp\/v2\/types\/product"}],"wp:featuredmedia":[{"embeddable":true,"href":"http:\/\/ksiegarnia-akademicka.pl\/index.php\/wp-json\/wp\/v2\/media\/10248"}],"wp:attachment":[{"href":"http:\/\/ksiegarnia-akademicka.pl\/index.php\/wp-json\/wp\/v2\/media?parent=2812"}],"wp:term":[{"taxonomy":"product_brand","embeddable":true,"href":"http:\/\/ksiegarnia-akademicka.pl\/index.php\/wp-json\/wp\/v2\/product_brand?post=2812"},{"taxonomy":"product_cat","embeddable":true,"href":"http:\/\/ksiegarnia-akademicka.pl\/index.php\/wp-json\/wp\/v2\/product_cat?post=2812"},{"taxonomy":"product_tag","embeddable":true,"href":"http:\/\/ksiegarnia-akademicka.pl\/index.php\/wp-json\/wp\/v2\/product_tag?post=2812"}],"curies":[{"name":"wp","href":"https:\/\/api.w.org\/{rel}","templated":true}]}}