{"id":2459,"date":"2018-05-22T12:45:50","date_gmt":"2018-05-22T10:45:50","guid":{"rendered":"http:\/\/ksiegarnia-akademicka.pl\/index.php\/product\/autodesk-inventor-2009pl-2009-metodyka-projektowania-z-plyta-cd\/"},"modified":"2019-01-03T14:46:35","modified_gmt":"2019-01-03T13:46:35","slug":"autodesk-inventor-2009pl-2009-metodyka-projektowania-z-plyta-cd","status":"publish","type":"product","link":"http:\/\/ksiegarnia-akademicka.pl\/index.php\/product\/autodesk-inventor-2009pl-2009-metodyka-projektowania-z-plyta-cd\/","title":{"rendered":"Autodesk Inventor 2009PL\/2009+ metodyka projektowania z p\u0142yt\u0105 CD"},"content":{"rendered":"<p>Autor:<br \/>\nAndrzej Jaskulski<br \/>\nWydawca: Wydawnictwo Naukowe PWN<br \/>\nOprawa: Twarda<br \/>\nFormat: 17.0&#215;24.0cm<br \/>\nLiczba stron: 952<br \/>\nWydanie: 1<br \/>\nRok wydania: 2009<\/p>\n<p>Podr\u0119cznik przeznaczony jest dla os\u00f3b pragn\u0105cych efektywnie nauczy\u0107 si\u0119 projektowania wyrob\u00f3w i zarz\u0105dzania ich dokumentacj\u0105 za pomoc\u0105 programu Autodesk Inventor w wersji 2009 lub nowszej.<\/p>\n<p>* Zawarty w nim kurs obejmuje praktycznie wszystkie zagadnienia wyst\u0119puj\u0105ce w oficjalnych podr\u0119cznikach szkoleniowych firmy Autodesk (AOTC):<br \/>\no Autodesk Inventor 2009 Essentials,<br \/>\no Autodesk Inventor 2009 Advanced Assembly and Machine Design,<br \/>\no Autodesk Inventor Professional 2009 Dynamic Simulation and Stress Analysis,<br \/>\no cz\u0119\u015b\u0107 zagadnie\u0144 materia\u0142\u00f3w Autodesk Inventor 2009 Sheet Metal Design.<br \/>\n* Samodzielna nauka za pomoc\u0105 podr\u0119cznika jest odpowiednikiem uko\u0144czenia kilku kurs\u00f3w w Autoryzowanym Centrum Szkolenia Autodesk.<br \/>\n* Wi\u0119kszo\u015b\u0107 materia\u0142u stanowi\u0105 \u0107wiczenia o znacznie szerszym zakresie ni\u017c w poprzedniej ksi\u0105\u017cce. Niezb\u0119dna ilo\u015b\u0107 teorii jest wpleciona w ci\u0105g \u0107wicze\u0144, a cz\u0119sto wr\u0119cz podawana przy okazji \u0107wicze\u0144.<\/p>\n<p>Na do\u0142\u0105czonej do ksi\u0105\u017cki p\u0142ycie CD znajduj\u0105 si\u0119 przyk\u0142ady, zadania i elementy konfiguracyjne niewyst\u0119puj\u0105ce w oryginalnym programie. Zestaw p\u0142yt DVD zawiera do\u0142\u0105czon\u0105 gratis 30-dniow\u0105 wersj\u0119 programu Autodesk Inventor Professional 2009PL.<\/p>\n","protected":false},"excerpt":{"rendered":"<p>Autor: Andrzej Jaskulski Wydawca: Wydawnictwo Naukowe PWN Oprawa: Twarda Format: [&hellip;]<\/p>\n","protected":false},"featured_media":10003,"template":"","meta":[],"product_brand":[],"product_cat":[7709,41],"product_tag":[4927,179],"class_list":{"0":"post-2459","1":"product","2":"type-product","3":"status-publish","4":"has-post-thumbnail","6":"product_cat-mechanika","7":"product_cat-nauki-techniczne","8":"product_tag-autodesk-inventor","9":"product_tag-projektowanie","11":"first","12":"instock","13":"sale","14":"shipping-taxable","15":"purchasable","16":"product-type-simple"},"_links":{"self":[{"href":"http:\/\/ksiegarnia-akademicka.pl\/index.php\/wp-json\/wp\/v2\/product\/2459","targetHints":{"allow":["GET"]}}],"collection":[{"href":"http:\/\/ksiegarnia-akademicka.pl\/index.php\/wp-json\/wp\/v2\/product"}],"about":[{"href":"http:\/\/ksiegarnia-akademicka.pl\/index.php\/wp-json\/wp\/v2\/types\/product"}],"wp:featuredmedia":[{"embeddable":true,"href":"http:\/\/ksiegarnia-akademicka.pl\/index.php\/wp-json\/wp\/v2\/media\/10003"}],"wp:attachment":[{"href":"http:\/\/ksiegarnia-akademicka.pl\/index.php\/wp-json\/wp\/v2\/media?parent=2459"}],"wp:term":[{"taxonomy":"product_brand","embeddable":true,"href":"http:\/\/ksiegarnia-akademicka.pl\/index.php\/wp-json\/wp\/v2\/product_brand?post=2459"},{"taxonomy":"product_cat","embeddable":true,"href":"http:\/\/ksiegarnia-akademicka.pl\/index.php\/wp-json\/wp\/v2\/product_cat?post=2459"},{"taxonomy":"product_tag","embeddable":true,"href":"http:\/\/ksiegarnia-akademicka.pl\/index.php\/wp-json\/wp\/v2\/product_tag?post=2459"}],"curies":[{"name":"wp","href":"https:\/\/api.w.org\/{rel}","templated":true}]}}