{"id":21704,"date":"2026-02-24T09:53:49","date_gmt":"2026-02-24T08:53:49","guid":{"rendered":"http:\/\/ksiegarnia-akademicka.pl\/?post_type=product&#038;p=21704"},"modified":"2026-02-24T09:53:51","modified_gmt":"2026-02-24T08:53:51","slug":"ekg-160-przypadkow","status":"publish","type":"product","link":"http:\/\/ksiegarnia-akademicka.pl\/index.php\/product\/ekg-160-przypadkow\/","title":{"rendered":"EKG 160 przypadk\u00f3w"},"content":{"rendered":"<div class=\"grupa osoby\"><span class=\"meta-head-blue\">Autor: <\/span>Adlam, D.. Hampton J<\/div>\n<div class=\"grupa osoby\"><span class=\"meta-head-blue\">Redakcja:<\/span>\u00a0<span class=\"meta-value\">Jagielski D<\/span><\/div>\n<div class=\"grupa wydawca\"><span class=\"meta-head\">Wydawca:<\/span>\u00a0Edra Urban &amp; Partner<\/div>\n<div class=\"grupa dane\">\n<div>Oprawa:\u00a0<span class=\"meta-value-bold\">Mi\u0119kka<\/span><\/div>\n<div>Format:\u00a0<span class=\"meta-value-bold\">18.5&#215;18.5cm<\/span><\/div>\n<div>Liczba stron:\u00a0<span class=\"meta-value-bold\">328<\/span><\/div>\n<div>Rok wydania:\u00a0<span class=\"meta-value-bold\">2026<\/span><\/div>\n<div>J\u0119zyk wydania:\u00a0<span class=\"meta-value-bold\">polski<\/span><\/div>\n<\/div>\n<div><\/div>\n<div>EKG 160 przypadk\u00f3w to nieoceniona pomoc do nauki interpretacji EKG w spos\u00f3b maksymalnie zbli\u017cony do zdobywania praktycznego do\u015bwiadczenia klinicznego<\/p>\n<p>Chocia\u017c \u017cadna ksi\u0105\u017cka nie mo\u017ce zast\u0105pi\u0107 praktycznego do\u015bwiadczenia, EKG 160 przypadk\u00f3w przybli\u017ca praktyk\u0119 kliniczn\u0105 du\u017co bardziej ni\u017c podr\u0119czniki, kt\u00f3re maj\u0105 na celu po prostu przekazanie wiedzy na temat interpretacji badania EKG. Zaprezentowano tu 160 problem\u00f3w klinicznych w postaci prostych przypadk\u00f3w i towarzysz\u0105cych im zapis\u00f3w EKG.<\/p>\n<p>Wszystkie przypadki przedstawione w tej ksi\u0105\u017cce pochodz\u0105 od rzeczywistych pacjent\u00f3w, z kt\u00f3rymi autorzy zetkn\u0119li si\u0119 w swojej codziennej praktyce. Scenariusze s\u0105 prawdziwe, wi\u0119c ksi\u0105\u017cka stanowi doskona\u0142\u0105 okazj\u0119 do prze\u0107wiczenia diagnostyki i interpretacji EKG z rzeczywistej praktyki klinicznej, jednak bez stresu zwi\u0105zanego z obecno\u015bci\u0105 chorego z nag\u0142ym pogorszeniem stanu zdrowia.<\/p>\n<p>Nowe wydanie podr\u0119cznika ma wi\u0119ksz\u0105 obj\u0119to\u015b\u0107 ni\u017c poprzednie; niekt\u00f3re przypadki z wcze\u015bniejszej edycji usuni\u0119to, wprowadzono natomiast opisy nowych. Tak jak poprzednio, zaprezentowane badania EKG obejmuj\u0105 zakres od prostych do z\u0142o\u017conych i zosta\u0142y uporz\u0105dkowane w spos\u00f3b u\u0142atwiaj\u0105cy czytelnikowi podj\u0119cie decyzji, od czego zacz\u0105\u0107 proces diagnostyczny.<\/p>\n<p>W tym wydaniu opisy bada\u0144 EKG podzielono na pi\u0119\u0107 cz\u0119\u015bci. W cz\u0119\u015bci pierwszej przedstawiono zapisy EKG cz\u0119sto spotykane na oddziale ratunkowym i w praktyce ambulatoryjnej. Zawarto tu kilka przyk\u0142ad\u00f3w EKG u pacjent\u00f3w z typowymi schorzeniami, takimi jak zawa\u0142 mi\u0119\u015bnia sercowego.<\/p>\n<p>Kolejne trzy cz\u0119\u015bci ksi\u0105\u017cki stanowi\u0105 nowo\u015b\u0107 w por\u00f3wnaniu z poprzednim wydaniem. Cz\u0119\u015b\u0107 druga stanowi zbi\u00f3r pi\u0119ciu bada\u0144 EKG z automatycznie wygenerowanymi opisami, kt\u00f3rych poprawno\u015b\u0107 poddano weryfikacji, tak aby czytelnik nauczy\u0142 si\u0119 samodzielnie odczytywa\u0107 zapis badania i nie da\u0142 si\u0119 zwie\u015b\u0107 b\u0142\u0119dom interpretacji maszynowej.<\/p>\n<p>Cz\u0119\u015b\u0107 trzecia zosta\u0142a po\u015bwi\u0119cona zapisom pochodz\u0105cym z r\u00f3\u017cnych urz\u0105dze\u0144, kt\u00f3re oferuj\u0105 jednoodprowadzeniowe badanie EKG. Staj\u0105 si\u0119 one coraz popularniejsze, warto wi\u0119c nauczy\u0107 si\u0119 interpretowa\u0107 pochodz\u0105ce z nich informacje. W cz\u0119\u015bci czwartej zaprezentowano dwa zapisy bada\u0144 EKG wykonanych u tego samego pacjenta w r\u00f3\u017cnym czasie. Jest to sytuacja cz\u0119sto spotykana w praktyce klinicznej. Warto pami\u0119ta\u0107, \u017ce u chorych, u kt\u00f3rych diagnoza na pocz\u0105tku wzbudza pewne w\u0105tpliwo\u015bci, badanie EKG nale\u017cy powt\u00f3rzy\u0107.<\/p>\n<p>Pi\u0105ta, ostatnia cz\u0119\u015b\u0107 ksi\u0105\u017cki obejmuje wzorce rzadziej spotykane i trudniejsze do interpretacji.<\/p>\n<p>EKG 160 przypadk\u00f3w to idealna publikacja dla student\u00f3w i wszystkich pracownik\u00f3w ochrony zdrowia, kt\u00f3rzy wykorzystuj\u0105 EKG w swojej codziennej praktyce.<\/p><\/div>\n","protected":false},"excerpt":{"rendered":"<p>Autor: Adlam, D.. Hampton J Redakcja:\u00a0Jagielski D Wydawca:\u00a0Edra Urban &amp; [&hellip;]<\/p>\n","protected":false},"featured_media":21705,"template":"","meta":[],"product_brand":[],"product_cat":[7991,7493,7530],"product_tag":[6545,3994],"class_list":{"0":"post-21704","1":"product","2":"type-product","3":"status-publish","4":"has-post-thumbnail","6":"product_cat-kardiologia","7":"product_cat-medycyna","8":"product_cat-nowosci","9":"product_tag-ekg","10":"product_tag-medycyna","12":"first","13":"instock","14":"sale","15":"shipping-taxable","16":"purchasable","17":"product-type-simple"},"_links":{"self":[{"href":"http:\/\/ksiegarnia-akademicka.pl\/index.php\/wp-json\/wp\/v2\/product\/21704","targetHints":{"allow":["GET"]}}],"collection":[{"href":"http:\/\/ksiegarnia-akademicka.pl\/index.php\/wp-json\/wp\/v2\/product"}],"about":[{"href":"http:\/\/ksiegarnia-akademicka.pl\/index.php\/wp-json\/wp\/v2\/types\/product"}],"wp:featuredmedia":[{"embeddable":true,"href":"http:\/\/ksiegarnia-akademicka.pl\/index.php\/wp-json\/wp\/v2\/media\/21705"}],"wp:attachment":[{"href":"http:\/\/ksiegarnia-akademicka.pl\/index.php\/wp-json\/wp\/v2\/media?parent=21704"}],"wp:term":[{"taxonomy":"product_brand","embeddable":true,"href":"http:\/\/ksiegarnia-akademicka.pl\/index.php\/wp-json\/wp\/v2\/product_brand?post=21704"},{"taxonomy":"product_cat","embeddable":true,"href":"http:\/\/ksiegarnia-akademicka.pl\/index.php\/wp-json\/wp\/v2\/product_cat?post=21704"},{"taxonomy":"product_tag","embeddable":true,"href":"http:\/\/ksiegarnia-akademicka.pl\/index.php\/wp-json\/wp\/v2\/product_tag?post=21704"}],"curies":[{"name":"wp","href":"https:\/\/api.w.org\/{rel}","templated":true}]}}