{"id":21541,"date":"2025-12-02T10:10:55","date_gmt":"2025-12-02T09:10:55","guid":{"rendered":"http:\/\/ksiegarnia-akademicka.pl\/?post_type=product&#038;p=21541"},"modified":"2025-12-02T10:10:56","modified_gmt":"2025-12-02T09:10:56","slug":"postepowanie-karne-pytania-kazusy-tablice-testy-online","status":"publish","type":"product","link":"http:\/\/ksiegarnia-akademicka.pl\/index.php\/product\/postepowanie-karne-pytania-kazusy-tablice-testy-online\/","title":{"rendered":"Post\u0119powanie karne. Pytania. Kazusy. Tablice. Testy online"},"content":{"rendered":"<p>Seria:\u00a0Repetytoria Becka<\/p>\n<p>Rok wydania:\u00a02025<\/p>\n<p>Wydanie:\u00a07<\/p>\n<p>Oprawa:\u00a0Mi\u0119kka<\/p>\n<p>Liczba stron:\u00a0288<\/p>\n<p>Wymiary:\u00a0165&#215;238 mm<\/p>\n<p>Waga:\u00a0480 g<\/p>\n<p>&nbsp;<\/p>\n<p><strong>Repetytorium prezentuje i porz\u0105dkuje najwa\u017cniejsze zagadnienia z zakresu post\u0119powania karnego.<\/strong><\/p>\n<p>Dzi\u0119ki publikacji sprawnie przyswoisz wiedz\u0119, poznasz podstawy najwa\u017cniejszych zagadnie\u0144, a na koniec sprawdzisz i uzupe\u0142nisz ewentualne braki w przygotowaniu do egzaminu. Zagadnienia zosta\u0142y opracowane przez specjalist\u00f3w na podstawie aktualnego stanu prawnego.<\/p>\n<p>Repetytorium sk\u0142ada si\u0119 z czterech cz\u0119\u015bci:<\/p>\n<ul>\n<li>PYTANIA Z ODPOWIEDZIAMI \u2013 zawieraj\u0105ce niezb\u0119dne informacje z danej dziedziny prawa oraz odpowiedzi z w\u0142a\u015bciw\u0105 podstaw\u0105 prawn\u0105 oraz odes\u0142aniem do konkretnego artyku\u0142u.<\/li>\n<li>KAZUSY Z ROZWI\u0104ZANIAMI \u2013 oparte na aktualnym stanie prawnym i przyk\u0142adowym orzecznictwie, ucz\u0105ce prawniczego my\u015blenia.<\/li>\n<li>TABLICE \u2013 czytelnie prezentuj\u0105ce zagadnienia i u\u0142atwiaj\u0105ce wzrokowe zapami\u0119tanie hase\u0142 i definicji.<\/li>\n<li>TESTY ONLINE \u2013 sprawdzaj\u0105ce poziom przygotowania z danej tematyki.<\/li>\n<\/ul>\n<p>Zagadnienia zawarte w ksi\u0105\u017cce dotycz\u0105 m.in.:<\/p>\n<ul>\n<li>zasad procesu karnego,<\/li>\n<li>przes\u0142anek procesowych,<\/li>\n<li>stron procesowych i innych uczestnik\u00f3w post\u0119powania,<\/li>\n<li>czynno\u015bci procesowych,<\/li>\n<li>dowod\u00f3w,<\/li>\n<li>\u015brodk\u00f3w przymusu,<\/li>\n<li>post\u0119powania przed s\u0105dem I instancji,<\/li>\n<li>nadzwyczajnych \u015brodk\u00f3w zaskar\u017cenia,<\/li>\n<li>post\u0119powania szczeg\u00f3lnego.<\/li>\n<\/ul>\n","protected":false},"excerpt":{"rendered":"<p>Seria:\u00a0Repetytoria Becka Rok wydania:\u00a02025 Wydanie:\u00a07 Oprawa:\u00a0Mi\u0119kka Liczba stron:\u00a0288 Wymiary:\u00a0165&#215;238 mm [&hellip;]<\/p>\n","protected":false},"featured_media":21542,"template":"","meta":[],"product_brand":[],"product_cat":[7490,7530,18],"product_tag":[331,6590],"class_list":{"0":"post-21541","1":"product","2":"type-product","3":"status-publish","4":"has-post-thumbnail","6":"product_cat-karne","7":"product_cat-nowosci","8":"product_cat-prawo","9":"product_tag-postepowanie-karne","10":"product_tag-seria-repetytoria-becka","12":"first","13":"instock","14":"sale","15":"shipping-taxable","16":"purchasable","17":"product-type-simple"},"_links":{"self":[{"href":"http:\/\/ksiegarnia-akademicka.pl\/index.php\/wp-json\/wp\/v2\/product\/21541","targetHints":{"allow":["GET"]}}],"collection":[{"href":"http:\/\/ksiegarnia-akademicka.pl\/index.php\/wp-json\/wp\/v2\/product"}],"about":[{"href":"http:\/\/ksiegarnia-akademicka.pl\/index.php\/wp-json\/wp\/v2\/types\/product"}],"wp:featuredmedia":[{"embeddable":true,"href":"http:\/\/ksiegarnia-akademicka.pl\/index.php\/wp-json\/wp\/v2\/media\/21542"}],"wp:attachment":[{"href":"http:\/\/ksiegarnia-akademicka.pl\/index.php\/wp-json\/wp\/v2\/media?parent=21541"}],"wp:term":[{"taxonomy":"product_brand","embeddable":true,"href":"http:\/\/ksiegarnia-akademicka.pl\/index.php\/wp-json\/wp\/v2\/product_brand?post=21541"},{"taxonomy":"product_cat","embeddable":true,"href":"http:\/\/ksiegarnia-akademicka.pl\/index.php\/wp-json\/wp\/v2\/product_cat?post=21541"},{"taxonomy":"product_tag","embeddable":true,"href":"http:\/\/ksiegarnia-akademicka.pl\/index.php\/wp-json\/wp\/v2\/product_tag?post=21541"}],"curies":[{"name":"wp","href":"https:\/\/api.w.org\/{rel}","templated":true}]}}