{"id":21503,"date":"2025-11-25T08:57:14","date_gmt":"2025-11-25T07:57:14","guid":{"rendered":"http:\/\/ksiegarnia-akademicka.pl\/?post_type=product&#038;p=21503"},"modified":"2025-11-25T08:57:14","modified_gmt":"2025-11-25T07:57:14","slug":"myslec-filologicznie-szkice-dla-profesora-karola-sauerlanda","status":"publish","type":"product","link":"http:\/\/ksiegarnia-akademicka.pl\/index.php\/product\/myslec-filologicznie-szkice-dla-profesora-karola-sauerlanda\/","title":{"rendered":"My\u015ble\u0107 filologicznie Szkice dla Profesora Karola Sauerlanda"},"content":{"rendered":"<div class=\"grupa osoby\"><span class=\"meta-head-blue\">Redakcja:<\/span>\u00a0<span class=\"meta-value\">Najdek Kamilla, Tkaczyk Krzysztof, Wo\u0142kowicz Anna<\/span><\/div>\n<div class=\"grupa wydawca\"><span class=\"meta-head\">Wydawca:<\/span>\u00a0Scholar<\/div>\n<div class=\"grupa dane\">\n<div>Oprawa:\u00a0<span class=\"meta-value-bold\">Mi\u0119kka<\/span><\/div>\n<div>Liczba stron:\u00a0<span class=\"meta-value-bold\">340<\/span><\/div>\n<div>Rok wydania:\u00a0<span class=\"meta-value-bold\">2025<\/span><\/div>\n<div>J\u0119zyk wydania:\u00a0<span class=\"meta-value-bold\">polski<\/span><\/div>\n<\/div>\n<div><\/div>\n<div>Przyzwyczajenie i potrzeba nauczy\u0142y nas wi\u0105za\u0107 publikacje teoretycznoliterackie b\u0105d\u017a to z prezentowaniem szk\u00f3\u0142 badawczych, b\u0105d\u017a z pr\u00f3b\u0105 odpowiedzi na konkretne zagadnienia domagaj\u0105ce si\u0119 rozwi\u0105za\u0144. Tym razem postanowili\u015bmy odej\u015b\u0107 od tego modelu, by wr\u00f3ci\u0107 do podstawy, jak\u0105 jest status tekstu w robocie filologicznej. \u015awiadomie zast\u0119pujemy tu \u2013 w nawi\u0105zaniu do Tadeusza Kotarbi\u0144skiego \u2013 uk\u0142adnie brzmi\u0105cy termin \u201epraca\u201d \u2013 \u201erobot\u0105\u201d. \u0141\u0105czymy t\u0119 \u201erobot\u0119\u201d z rzemios\u0142em filologicznym, zaw\u0119\u017caj\u0105c jednocze\u015bnie znaczenie s\u0142owa \u201etekst\u201d.<\/p>\n<p>Uznajemy oczywi\u015bcie zasadno\u015b\u0107 przyjmowania szerzej zarysowanego poj\u0119cia tekstu jako tekstu kultury. Zamierzamy jednak przede wszystkim przypomnie\u0107 o wadze samych dokument\u00f3w i o intelektualnej p\u0142odno\u015bci dialogu z literatur\u0105. (\u2026) Postulat powrotu do tekst\u00f3w nie musi czyni\u0107 z literatury autonomicznego bytu ani niepodwa\u017calnego autorytetu, nie ogranicza te\u017c zakresu pyta\u0144, jakie jej zadajemy. \u015awiadczy o tym rozpi\u0119to\u015b\u0107 tematyczna artyku\u0142\u00f3w zamieszczonych w tym tomie, obejmuj\u0105ca pytania o zasady, analizy szczeg\u00f3\u0142owe i badania historycznoliterackie. (\u2026)<\/p>\n<p>Ksi\u0105\u017ck\u0119 dedykujemy Profesorowi Karolowi Sauerlandowi, dzi\u0119kuj\u0105c mu za to, \u017ce uczy\u0142 nas i nadal uczy, jak uprawia\u0107 nasze rzemios\u0142o, jak polemizowa\u0107 z tekstami bez ich kaleczenia, wychodzi\u0107 poza nie i zn\u00f3w do nich wraca\u0107, po prostu \u2013 jak my\u015ble\u0107 filologicznie.<\/p>\n<p>Kamilla Najdek<\/p>\n<p>Autorki i autorzy: Bo\u017cena Cho\u0142uj, Magdalena Daroch, Ewa Geller, Agnieszka Jezierska-Wi\u015bniewska, Ma\u0142gorzata Klentak-Zab\u0142ocka, Andrzej Kopacki, Iwona Kotelnicka-Grzybowska, Kamilla Najdek, Katarzyna Sadkowska, Barbara L. Surowska, Krzysztof Tkaczyk, Monika Tokarzewska, Anna Wo\u0142kowicz<\/p><\/div>\n","protected":false},"excerpt":{"rendered":"<p>Redakcja:\u00a0Najdek Kamilla, Tkaczyk Krzysztof, Wo\u0142kowicz Anna Wydawca:\u00a0Scholar Oprawa:\u00a0Mi\u0119kka Liczba stron:\u00a0340 [&hellip;]<\/p>\n","protected":false},"featured_media":21504,"template":"","meta":[],"product_brand":[],"product_cat":[7627,7530],"product_tag":[5658],"class_list":{"0":"post-21503","1":"product","2":"type-product","3":"status-publish","4":"has-post-thumbnail","6":"product_cat-historia-literatury","7":"product_cat-nowosci","8":"product_tag-historia-literatury","10":"first","11":"instock","12":"sale","13":"shipping-taxable","14":"purchasable","15":"product-type-simple"},"_links":{"self":[{"href":"http:\/\/ksiegarnia-akademicka.pl\/index.php\/wp-json\/wp\/v2\/product\/21503","targetHints":{"allow":["GET"]}}],"collection":[{"href":"http:\/\/ksiegarnia-akademicka.pl\/index.php\/wp-json\/wp\/v2\/product"}],"about":[{"href":"http:\/\/ksiegarnia-akademicka.pl\/index.php\/wp-json\/wp\/v2\/types\/product"}],"wp:featuredmedia":[{"embeddable":true,"href":"http:\/\/ksiegarnia-akademicka.pl\/index.php\/wp-json\/wp\/v2\/media\/21504"}],"wp:attachment":[{"href":"http:\/\/ksiegarnia-akademicka.pl\/index.php\/wp-json\/wp\/v2\/media?parent=21503"}],"wp:term":[{"taxonomy":"product_brand","embeddable":true,"href":"http:\/\/ksiegarnia-akademicka.pl\/index.php\/wp-json\/wp\/v2\/product_brand?post=21503"},{"taxonomy":"product_cat","embeddable":true,"href":"http:\/\/ksiegarnia-akademicka.pl\/index.php\/wp-json\/wp\/v2\/product_cat?post=21503"},{"taxonomy":"product_tag","embeddable":true,"href":"http:\/\/ksiegarnia-akademicka.pl\/index.php\/wp-json\/wp\/v2\/product_tag?post=21503"}],"curies":[{"name":"wp","href":"https:\/\/api.w.org\/{rel}","templated":true}]}}