{"id":21426,"date":"2025-11-15T10:25:12","date_gmt":"2025-11-15T09:25:12","guid":{"rendered":"http:\/\/ksiegarnia-akademicka.pl\/?post_type=product&#038;p=21426"},"modified":"2025-11-15T10:25:12","modified_gmt":"2025-11-15T09:25:12","slug":"prawo-o-notariacie-komentarz","status":"publish","type":"product","link":"http:\/\/ksiegarnia-akademicka.pl\/index.php\/product\/prawo-o-notariacie-komentarz\/","title":{"rendered":"Prawo o notariacie Komentarz"},"content":{"rendered":"<div class=\"grupa osoby\"><span class=\"meta-head-blue\">Redakcja:<\/span>\u00a0<span class=\"meta-value\">Gonet Wojciech<\/span><\/div>\n<div class=\"grupa wydawca\"><span class=\"meta-head\">Wydawca:<\/span>\u00a0Wolters Kluwer<\/div>\n<div class=\"grupa dane\">\n<div>Oprawa:\u00a0<span class=\"meta-value-bold\">Twarda<\/span><\/div>\n<div>Liczba stron:\u00a0<span class=\"meta-value-bold\">716<\/span><\/div>\n<div>Wydanie:\u00a0<span class=\"meta-value-bold\">2<\/span><\/div>\n<div>Rok wydania:\u00a0<span class=\"meta-value-bold\">2025<\/span><\/div>\n<div>J\u0119zyk wydania:\u00a0<span class=\"meta-value-bold\">polski<\/span><\/div>\n<\/div>\n<div><\/div>\n<div>W g\u0105szczu zmieniaj\u0105cych si\u0119 przepis\u00f3w i rosn\u0105cych obowi\u0105zk\u00f3w notariusza jedno jest pewne \u2013 praktyczny, aktualny i precyzyjny komentarz do ustawy o notariacie to niezb\u0119dnik ka\u017cdego profesjonalisty.<\/p>\n<p>Publikacja w spos\u00f3b szczeg\u00f3\u0142owy omawia kluczowe zagadnienia dotycz\u0105ce:<\/p>\n<p>kompetencji, praw i obowi\u0105zk\u00f3w notariusza,<br \/>\nfunkcjonowania samorz\u0105du notarialnego,<br \/>\nnadzoru nad notariatem,<br \/>\nodpowiedzialno\u015bci dyscyplinarnej notariuszy, aplikant\u00f3w i zast\u0119pc\u00f3w,<br \/>\na tak\u017ce zasad pobierania wynagrodzenia za dokonywanie wpis\u00f3w w rejestrach publicznych oraz obowi\u0105zk\u00f3w zwi\u0105zanych z ich sprawdzaniem.<br \/>\nSzczeg\u00f3ln\u0105 warto\u015bci\u0105 publikacji jest dog\u0142\u0119bna analiza przepis\u00f3w o czynno\u015bciach notarialnych, w tym:<\/p>\n<p>aktach notarialnych i aktach po\u015bwiadczenia dziedziczenia,<br \/>\neuropejskim po\u015bwiadczeniu spadkowym,<br \/>\nodmowie dokonania czynno\u015bci,<br \/>\nzakazie dokonywania czynno\u015bci wobec os\u00f3b bliskich,<br \/>\nsposobie i formie wykonywania poszczeg\u00f3lnych czynno\u015bci.<br \/>\nWydanie drugie zosta\u0142o rozszerzone m.in. o om\u00f3wienie:<\/p>\n<p>nowych zasad powo\u0142ywania notariuszy,<br \/>\nobowi\u0105zku weryfikacji numeru PESEL stron czynno\u015bci,<br \/>\nodrzucenia spadku w imieniu ma\u0142oletniego,<br \/>\nzmian w zakresie obowi\u0105zku \u017c\u0105dania za\u015bwiadcze\u0144 podatkowych.<br \/>\nW ksi\u0105\u017cce znajdziesz odpowiedzi m.in. na pytania:<\/p>\n<p>Jakie s\u0105 kompetencje notariusza zgodnie z ustaw\u0105 Prawo o notariacie?<br \/>\nKiedy notariusz mo\u017ce odm\u00f3wi\u0107 dokonania czynno\u015bci notarialnej?<br \/>\nJakie czynno\u015bci notarialne nie mog\u0105 by\u0107 wykonywane wobec os\u00f3b bliskich?<br \/>\nJak sporz\u0105dza si\u0119 akt po\u015bwiadczenia dziedziczenia?<br \/>\nCzym jest europejskie po\u015bwiadczenie spadkowe i jak je sporz\u0105dzi\u0107?<br \/>\nJak wygl\u0105da odpowiedzialno\u015b\u0107 dyscyplinarna notariusza, aplikanta i zast\u0119pcy?<br \/>\nJakie zmiany w ustawie dotycz\u0105 sprawdzania numeru PESEL przez notariusza?<br \/>\nJakie s\u0105 zasady powo\u0142ywania na stanowisko notariusza po nowelizacji ustawy?<br \/>\nCzy notariusz mo\u017ce przyj\u0105\u0107 o\u015bwiadczenie o odrzuceniu spadku w imieniu ma\u0142oletniego?<br \/>\nPublikacja zosta\u0142a przygotowana z my\u015bl\u0105 o notariuszach, aplikantach i zast\u0119pcach notarialnych, ale stanowi r\u00f3wnie\u017c cenne \u017ar\u00f3d\u0142o wiedzy dla referendarzy s\u0105dowych, adwokat\u00f3w, radc\u00f3w prawnych, po\u015brednik\u00f3w nieruchomo\u015bci oraz wszystkich, kt\u00f3rzy maj\u0105 do czynienia z czynno\u015bciami notarialnymi w praktyce.<\/p><\/div>\n","protected":false},"excerpt":{"rendered":"<p>Redakcja:\u00a0Gonet Wojciech Wydawca:\u00a0Wolters Kluwer Oprawa:\u00a0Twarda Liczba stron:\u00a0716 Wydanie:\u00a02 Rok wydania:\u00a02025 [&hellip;]<\/p>\n","protected":false},"featured_media":21427,"template":"","meta":[],"product_brand":[],"product_cat":[7491,18],"product_tag":[615,8075,704,4603],"class_list":{"0":"post-21426","1":"product","2":"type-product","3":"status-publish","4":"has-post-thumbnail","6":"product_cat-cywilne","7":"product_cat-prawo","8":"product_tag-prawo-cywilne","9":"product_tag-prawo-cywilne-materialne","10":"product_tag-prawo-o-notariacie","11":"product_tag-seria-komentarze-praktyczne","13":"first","14":"instock","15":"sale","16":"shipping-taxable","17":"purchasable","18":"product-type-simple"},"_links":{"self":[{"href":"http:\/\/ksiegarnia-akademicka.pl\/index.php\/wp-json\/wp\/v2\/product\/21426","targetHints":{"allow":["GET"]}}],"collection":[{"href":"http:\/\/ksiegarnia-akademicka.pl\/index.php\/wp-json\/wp\/v2\/product"}],"about":[{"href":"http:\/\/ksiegarnia-akademicka.pl\/index.php\/wp-json\/wp\/v2\/types\/product"}],"wp:featuredmedia":[{"embeddable":true,"href":"http:\/\/ksiegarnia-akademicka.pl\/index.php\/wp-json\/wp\/v2\/media\/21427"}],"wp:attachment":[{"href":"http:\/\/ksiegarnia-akademicka.pl\/index.php\/wp-json\/wp\/v2\/media?parent=21426"}],"wp:term":[{"taxonomy":"product_brand","embeddable":true,"href":"http:\/\/ksiegarnia-akademicka.pl\/index.php\/wp-json\/wp\/v2\/product_brand?post=21426"},{"taxonomy":"product_cat","embeddable":true,"href":"http:\/\/ksiegarnia-akademicka.pl\/index.php\/wp-json\/wp\/v2\/product_cat?post=21426"},{"taxonomy":"product_tag","embeddable":true,"href":"http:\/\/ksiegarnia-akademicka.pl\/index.php\/wp-json\/wp\/v2\/product_tag?post=21426"}],"curies":[{"name":"wp","href":"https:\/\/api.w.org\/{rel}","templated":true}]}}