{"id":21401,"date":"2025-11-13T12:16:53","date_gmt":"2025-11-13T11:16:53","guid":{"rendered":"http:\/\/ksiegarnia-akademicka.pl\/?post_type=product&#038;p=21401"},"modified":"2025-11-13T12:16:53","modified_gmt":"2025-11-13T11:16:53","slug":"projekt-2025-ameryka-donalda-trumpa","status":"publish","type":"product","link":"http:\/\/ksiegarnia-akademicka.pl\/index.php\/product\/projekt-2025-ameryka-donalda-trumpa\/","title":{"rendered":"Projekt 2025 Ameryka Donalda Trumpa"},"content":{"rendered":"<div class=\"grupa osoby\"><span class=\"meta-head\">Autor: <\/span>David A. Graham<\/div>\n<div class=\"grupa osoby\"><span class=\"meta-head-blue\">T\u0142umacze:<\/span>\u00a0<span class=\"meta-value\">Rostocki Marek<\/span><\/div>\n<div class=\"grupa wydawca\"><span class=\"meta-head\">Wydawca:<\/span>\u00a0Prze\u015bwity<\/div>\n<div class=\"grupa dane\">\n<div>Oprawa:\u00a0<span class=\"meta-value-bold\">Mi\u0119kka ze skrzyde\u0142kami<\/span><\/div>\n<div>Format:\u00a0<span class=\"meta-value-bold\">14.1&#215;21.5cm<\/span><\/div>\n<div>Liczba stron:\u00a0<span class=\"meta-value-bold\">208<\/span><\/div>\n<div>Wydanie:\u00a0<span class=\"meta-value-bold\">1<\/span><\/div>\n<div>Rok wydania:\u00a0<span class=\"meta-value-bold\">2025<\/span><\/div>\n<div>J\u0119zyk wydania:\u00a0<span class=\"meta-value-bold\">polski<\/span><\/div>\n<\/div>\n<div><\/div>\n<div>BESTSELLER \u201eNEW YORK TIMESA\u201d Szczeg\u00f3\u0142owe om\u00f3wienie raportu \u201eProjekt 2025\u201d, wyja\u015bniaj\u0105ce, jak administracja Trumpa w czasie jego drugiej kadencji zmienia Ameryk\u0119 Po powrocie prezydenta Donalda Trumpa do Bia\u0142ego Domu w styczniu 2025 roku rozesz\u0142a si\u0119 wie\u015b\u0107, \u017ce wdra\u017ca on w \u017cycie \u201eProjekt 2025\u201d, prawie 1000-stronicowy raport opublikowany przez The Heritage Foundation, konserwatywny o\u015brodek analityczny. Dyskusje \u2013 i obawy \u2013 towarzysz\u0105ce publikacji jeszcze bardziej si\u0119 wzmog\u0142y, gdy jego autorzy obj\u0119li wa\u017cne stanowiska w drugiej administracji Trumpa. Co dok\u0142adnie zawiera raport \u201eProjekt 2025\u201d? Kim s\u0105 jego autorzy i jakie ma on znaczenie dla przeci\u0119tnych Amerykan\u00f3w \u2013 teraz i w przysz\u0142o\u015bci \u2013 niezale\u017cnie od wyznawanych pogl\u0105d\u00f3w politycznych? David A. Graham przedstawia okoliczno\u015bci powstania raportu i omawia najwa\u017cniejsze propozycje zawarte w tym obszernym dokumencie. Wyja\u015bniaj\u0105c strategi\u0119 radykalnego wzmocnienia w\u0142adzy wykonawczej, przedstawia cele, jakim ma to s\u0142u\u017cy\u0107: wymuszenie tradycyjnych norm p\u0142ciowych, zdziesi\u0105tkowanie s\u0142u\u017cby cywilnej, przeprowadzenie masowych deportacji, ograniczenie regulacji dotycz\u0105cych korporacji i ochrony pracownik\u00f3w i wiele innych. Graham twierdzi, \u017ce \u201eProjekt 2025\u201d to intelektualna mapa drogowa nowej administracji, a jej elementy powinny by\u0107 znane nie tylko osobom interesuj\u0105cym si\u0119 polityk\u0105. Przekonuj\u0105ca i jasna w przekazie, ksi\u0105\u017cka jest skierowana do tych, kt\u00f3rzy najbardziej odczuj\u0105 skutki realizacji \u201eProjektu 2025\u201d. Dociekliwe analiza ultraprawicowego raportu \u201eProjekt 2025\u201d, sztuki wystawianej w stolicy kraju\u2026 Raport ma cztery g\u0142\u00f3wne cele: przywr\u00f3cenie modelu tradycyjnej rodziny z m\u0119\u017cczyzn\u0105 w roli g\u0142\u00f3wnej, likwidacja \u201epa\u0144stwa administracyjnego\u201d, zamkni\u0119cie granic i obrona narodowej suwerenno\u015bci oraz \u201ezapewnienie ka\u017cdemu danego mu przez Boga prawa do \u017cycia w wolno\u015bci\u201d. Obowi\u0105zkowa lektura dla ka\u017cdego, kto chce zrozumie\u0107 Trumpow\u0105 zawieruch\u0119. \u0336\u201eKirkus Reviews\u201d, internetowy magazyn o ksi\u0105\u017ckach Kevin Roberts, prezes Heritage Foundation i autor wst\u0119pu do raportu \u201eProjekt 2025\u201d, powiedzia\u0142, \u017ce zar\u00f3wno on, jak i jego sprzymierze\u0144cy \u201ebior\u0105 udzia\u0142 w drugiej rewolucji ameryka\u0144skiej, kt\u00f3ra b\u0119dzie bezkrwawa, je\u015bli lewica nie postanowi inaczej\u201d, po czym w swojej ksi\u0105\u017cce zamie\u015bci\u0142 ilustracje po\u017car\u00f3w i zniszczenia. Chwal\u0105c Robertsa, J.D. Vance (w\u00f3wczas) kandydat na wiceprezydenta u boku Donalda Trumpa, stwierdzi\u0142, \u017ce nadszed\u0142 czas \u201e\u0142adowania muszkiet\u00f3w\u201d. \u0336Martin Pengelly, dziennikarz, \u201eThe Guardian\u201d<\/div>\n","protected":false},"excerpt":{"rendered":"<p>Autor: David A. Graham T\u0142umacze:\u00a0Rostocki Marek Wydawca:\u00a0Prze\u015bwity Oprawa:\u00a0Mi\u0119kka ze skrzyde\u0142kami [&hellip;]<\/p>\n","protected":false},"featured_media":21402,"template":"","meta":[],"product_brand":[],"product_cat":[38,27,7530,7507],"product_tag":[8591,495,900],"class_list":{"0":"post-21401","1":"product","2":"type-product","3":"status-publish","4":"has-post-thumbnail","6":"product_cat-historia","7":"product_cat-nauki-spoleczne","8":"product_cat-nowosci","9":"product_cat-politologia","10":"product_tag-donald-trump","11":"product_tag-polityka","12":"product_tag-stany-zjednoczone-ameryki","14":"first","15":"instock","16":"sale","17":"shipping-taxable","18":"purchasable","19":"product-type-simple"},"_links":{"self":[{"href":"http:\/\/ksiegarnia-akademicka.pl\/index.php\/wp-json\/wp\/v2\/product\/21401","targetHints":{"allow":["GET"]}}],"collection":[{"href":"http:\/\/ksiegarnia-akademicka.pl\/index.php\/wp-json\/wp\/v2\/product"}],"about":[{"href":"http:\/\/ksiegarnia-akademicka.pl\/index.php\/wp-json\/wp\/v2\/types\/product"}],"wp:featuredmedia":[{"embeddable":true,"href":"http:\/\/ksiegarnia-akademicka.pl\/index.php\/wp-json\/wp\/v2\/media\/21402"}],"wp:attachment":[{"href":"http:\/\/ksiegarnia-akademicka.pl\/index.php\/wp-json\/wp\/v2\/media?parent=21401"}],"wp:term":[{"taxonomy":"product_brand","embeddable":true,"href":"http:\/\/ksiegarnia-akademicka.pl\/index.php\/wp-json\/wp\/v2\/product_brand?post=21401"},{"taxonomy":"product_cat","embeddable":true,"href":"http:\/\/ksiegarnia-akademicka.pl\/index.php\/wp-json\/wp\/v2\/product_cat?post=21401"},{"taxonomy":"product_tag","embeddable":true,"href":"http:\/\/ksiegarnia-akademicka.pl\/index.php\/wp-json\/wp\/v2\/product_tag?post=21401"}],"curies":[{"name":"wp","href":"https:\/\/api.w.org\/{rel}","templated":true}]}}