{"id":21399,"date":"2025-11-13T11:51:28","date_gmt":"2025-11-13T10:51:28","guid":{"rendered":"http:\/\/ksiegarnia-akademicka.pl\/?post_type=product&#038;p=21399"},"modified":"2025-11-13T11:51:28","modified_gmt":"2025-11-13T10:51:28","slug":"norymberga-nazisci-oczami-psychiatry","status":"publish","type":"product","link":"http:\/\/ksiegarnia-akademicka.pl\/index.php\/product\/norymberga-nazisci-oczami-psychiatry\/","title":{"rendered":"Norymberga Nazi\u015bci oczami psychiatry"},"content":{"rendered":"<div class=\"grupa seria\"><span class=\"meta-head-blue\">Nale\u017cy do serii: <\/span>Poza seri\u0105<\/div>\n<div class=\"grupa osoby\"><span class=\"meta-head\">Autor: <\/span>Jack El-Hai<\/div>\n<div class=\"grupa osoby\"><span class=\"meta-head-blue\">T\u0142umacze:<\/span>\u00a0<span class=\"meta-value\">Skowro\u0144ski Jaros\u0142aw<\/span><\/div>\n<div class=\"grupa wydawca\"><span class=\"meta-head\">Wydawca:<\/span>\u00a0Czarne<\/div>\n<div class=\"grupa dane\">\n<div>Oprawa:\u00a0<span class=\"meta-value-bold\">Mi\u0119kka ze skrzyde\u0142kami<\/span><\/div>\n<div>Format:\u00a0<span class=\"meta-value-bold\">13.3&#215;21.5cm<\/span><\/div>\n<div>Liczba stron:\u00a0<span class=\"meta-value-bold\">320<\/span><\/div>\n<div>Wydanie:\u00a0<span class=\"meta-value-bold\">1<\/span><\/div>\n<div>Rok wydania:\u00a0<span class=\"meta-value-bold\">2025<\/span><\/div>\n<div>J\u0119zyk wydania:\u00a0<span class=\"meta-value-bold\">polski<\/span><\/div>\n<\/div>\n<div><\/div>\n<div>Latem 1945 roku, nied\u0142ugo po kapitulacji III Rzeszy, najwy\u017csi rang\u0105 dow\u00f3dcy niemieccy trafiaj\u0105 do ciasnych cel o\u015brodka Mondorf-Les-Bains, gdzie czekaj\u0105 na proces i wyroki. Hermann G\u00f6ring, sybaryta przyzwyczajony do wystawnych przyj\u0119\u0107 i czterdziestu tabletek z parakodein\u0105 dziennie, musi si\u0119 nauczy\u0107 \u017cy\u0107 w wi\u0119ziennym rygorze. T\u0119skni za rodzin\u0105 i odczytuje z notesu \u201ezakazane\u201d dowcipy o Hitlerze. Nie wida\u0107 po nim wyrzut\u00f3w sumienia. W areszcie odwiedza go Douglas M. Kelley, m\u0142ody i piekielnie uzdolniony ameryka\u0144ski psychiatra. Kelleya interesuj\u0105 procesy zachodz\u0105ce w umys\u0142ach zbrodniarzy wojennych. Co pozwoli\u0142o im skazywa\u0107 miliony ludzi na \u015bmier\u0107 bez mrugni\u0119cia okiem? Czy byli potworami? Ostatecznie wniosek ameryka\u0144skiego psychiatry jest o wiele bardziej przera\u017caj\u0105cy: cechy osobowo\u015bci, kt\u00f3re przywiod\u0142y nazist\u00f3w do straszliwych zbrodni, dostrzec mo\u017cna u wielu \u201ezwyk\u0142ych\u201d ludzi. Ksi\u0105\u017cka Jacka El-Haia, kt\u00f3ra w 2025 roku zosta\u0142a zekranizowana w gwiazdorskiej obsadzie (Russell Crowe, Rami Malek), to nie tylko wci\u0105gaj\u0105cy, wartko napisany reporta\u017c historyczny o ostatnich dniach \u017cycia niemieckich zbrodniarzy, ale tak\u017ce wstrz\u0105saj\u0105ca opowie\u015b\u0107 o korzeniach z\u0142a. Ksi\u0105\u017cka ukaza\u0142a si\u0119 wcze\u015bniej po polsku pod tytu\u0142em G\u00f6ring i psychiatra. Tragiczny pojedynek umys\u0142\u00f3w. \u201eTen wnikliwy intymny portret dw\u00f3ch osobowo\u015bci \u2013 z jednej strony cz\u0142owieka b\u0119d\u0105cego wzorem s\u0142u\u017cby spo\u0142ecze\u0144stwu, z drugiej uosobienia z\u0142a \u2013 rodzi napi\u0119cie godne klasycznego filmu Hitchcocka, a kluczem do niego jest niesamowita tajemnica psychologiczna. Czytelnicy Jacka El-Haia b\u0119d\u0105 przygwo\u017cd\u017ceni tym poruszaj\u0105cym studium zetkni\u0119cia dobra ze z\u0142em.\u201d Andrew Solomon \u201eSzczeg\u00f3\u0142owa, oparta na pog\u0142\u0119bionej kwerendzie ksi\u0105\u017cka o cz\u0142owieku, kt\u00f3ry wykaza\u0142, \u017ce z\u0142o mo\u017ce si\u0119 narodzi\u0107 wsz\u0119dzie.\u201d \u201eThe Independent\u201d \u201eMistrzowski reporta\u017c o wyj\u0105tkowym spotkaniu wi\u0119ziennego lekarza z jednym z najwy\u017cszych funkcjonariuszy pa\u0144stwowych Trzeciej Rzeszy [\u2026]. Pasjonuj\u0105ca relacja Jacka El-Haia ods\u0142ania przera\u017caj\u0105c\u0105 kart\u0119 z dziej\u00f3w Stan\u00f3w Zjednoczonych i proponuje niepokoj\u0105ce rozwa\u017cania nad natur\u0105 z\u0142a.\u201d \u201eKirkus Reviews\u201d \u201eRelacjonuj\u0105c t\u0119 ma\u0142o znan\u0105, cho\u0107 absolutnie wci\u0105gaj\u0105c\u0105 histori\u0119 ameryka\u0144skiego psychiatry, kt\u00f3ry zosta\u0142 oddelegowany, by przebada\u0107 uj\u0119tych po II wojnie \u015bwiatowej nazistowskich dygnitarzy, Jack El-Hai [&#8230;] opowiada o staraniach, by poj\u0105\u0107 z\u0142o w jego najmroczniejszym ludzkim wcieleniu \u2013 i przezwyci\u0119\u017cy\u0107 je na drodze ku temu, by\u015bmy stali si\u0119 lepsi.\u201d Deborah Blum \u201eDzi\u0119ki dost\u0119powi do zapisk\u00f3w Kelleya El-Hai nasyca swoj\u0105 opowie\u015b\u0107 szczeg\u00f3\u0142ami dotycz\u0105cymi psychiki nazist\u00f3w [&#8230;]. Wci\u0105gaj\u0105 one czytelnika [&#8230;] w fascynuj\u0105c\u0105 eksploracj\u0119 natury ludzkiej, zdrowia psychicznego i rozpaczy.\u201d \u201eScience News\u201d<\/div>\n","protected":false},"excerpt":{"rendered":"<p>Nale\u017cy do serii: Poza seri\u0105 Autor: Jack El-Hai T\u0142umacze:\u00a0Skowro\u0144ski Jaros\u0142aw [&hellip;]<\/p>\n","protected":false},"featured_media":21400,"template":"","meta":[],"product_brand":[],"product_cat":[38,7493,7530,8557],"product_tag":[68,1665],"class_list":{"0":"post-21399","1":"product","2":"type-product","3":"status-publish","4":"has-post-thumbnail","6":"product_cat-historia","7":"product_cat-medycyna","8":"product_cat-nowosci","9":"product_cat-psychatria","10":"product_tag-historia-ii-wojny-swiatowej","11":"product_tag-psychiatria","13":"first","14":"instock","15":"sale","16":"shipping-taxable","17":"purchasable","18":"product-type-simple"},"_links":{"self":[{"href":"http:\/\/ksiegarnia-akademicka.pl\/index.php\/wp-json\/wp\/v2\/product\/21399","targetHints":{"allow":["GET"]}}],"collection":[{"href":"http:\/\/ksiegarnia-akademicka.pl\/index.php\/wp-json\/wp\/v2\/product"}],"about":[{"href":"http:\/\/ksiegarnia-akademicka.pl\/index.php\/wp-json\/wp\/v2\/types\/product"}],"wp:featuredmedia":[{"embeddable":true,"href":"http:\/\/ksiegarnia-akademicka.pl\/index.php\/wp-json\/wp\/v2\/media\/21400"}],"wp:attachment":[{"href":"http:\/\/ksiegarnia-akademicka.pl\/index.php\/wp-json\/wp\/v2\/media?parent=21399"}],"wp:term":[{"taxonomy":"product_brand","embeddable":true,"href":"http:\/\/ksiegarnia-akademicka.pl\/index.php\/wp-json\/wp\/v2\/product_brand?post=21399"},{"taxonomy":"product_cat","embeddable":true,"href":"http:\/\/ksiegarnia-akademicka.pl\/index.php\/wp-json\/wp\/v2\/product_cat?post=21399"},{"taxonomy":"product_tag","embeddable":true,"href":"http:\/\/ksiegarnia-akademicka.pl\/index.php\/wp-json\/wp\/v2\/product_tag?post=21399"}],"curies":[{"name":"wp","href":"https:\/\/api.w.org\/{rel}","templated":true}]}}