{"id":21372,"date":"2025-11-07T14:07:25","date_gmt":"2025-11-07T13:07:25","guid":{"rendered":"http:\/\/ksiegarnia-akademicka.pl\/?post_type=product&#038;p=21372"},"modified":"2025-11-07T14:07:25","modified_gmt":"2025-11-07T13:07:25","slug":"slownik-polsko-lacinski-lacinsko-polski-dictionarium-latino-polonicum-polonico-latinum","status":"publish","type":"product","link":"http:\/\/ksiegarnia-akademicka.pl\/index.php\/product\/slownik-polsko-lacinski-lacinsko-polski-dictionarium-latino-polonicum-polonico-latinum\/","title":{"rendered":"S\u0142ownik polsko-\u0142aci\u0144ski \u0142aci\u0144sko-polski Dictionarium latino-polonicum \u2022 polonico-latinum"},"content":{"rendered":"<div class=\"grupa osoby\"><span class=\"meta-head\">Autor:\u00a0 <\/span>Anna K\u0142ys<\/div>\n<div class=\"grupa wydawca\"><span class=\"meta-head\">Wydawca:<\/span>\u00a0Level Trading<\/div>\n<div class=\"grupa dane\">\n<div>Oprawa:\u00a0<span class=\"meta-value-bold\">Mi\u0119kka<\/span><\/div>\n<div>Format:\u00a0<span class=\"meta-value-bold\">10.5&#215;14.5cm<\/span><\/div>\n<div>Liczba stron:\u00a0<span class=\"meta-value-bold\">760<\/span><\/div>\n<div>Wydanie:\u00a0<span class=\"meta-value-bold\">1<\/span><\/div>\n<div>Rok wydania:\u00a0<span class=\"meta-value-bold\">2013<\/span><\/div>\n<div>J\u0119zyk wydania:\u00a0<span class=\"meta-value-bold\">\u0142aci\u0144ski, polski<\/span><\/div>\n<\/div>\n<div><\/div>\n<div>S\u0142ownik zawiera oko\u0142o 44000 hase\u0142. Jest przeznaczony dla szerokiego kr\u0119gu u\u017cytkownik\u00f3w j\u0119zyka \u0142aci\u0144skiego takich jak historycy, prawnicy, \u015bwiat medyczny, biolodzy, botanicy, duchowie\u0144stwo, filozofowie oraz mi\u0142o\u015bnicy kultury klasycznej. Zawiera przede wszystkim has\u0142a typu og\u00f3lnego, mo\u017cna jednak w nim znale\u017a\u0107 r\u00f3wnie\u017c specjalistyczne okre\u015blenia przydatne dla powy\u017cszych odbiorc\u00f3w. Szczeg\u00f3lnie osoby zwi\u0105zane z medycyn\u0105 i farmacj\u0105 znajd\u0105 tutaj bardzo obszerne s\u0142ownictwo z zakresu anatomii, chor\u00f3b oraz nazw lek\u00f3w.<\/p>\n<p>\u0141acina wyst\u0119puj\u0105ca w tym s\u0142owniku jest tzw. \u0142acin\u0105 wsp\u00f3\u0142czesn\u0105, a za tak\u0105 uwa\u017ca si\u0119 j\u0119zyk \u0142aci\u0144ski u\u017cywany od ko\u0144ca XIX wieku do dnia dzisiejszego. Z jednej strony jest on wykorzystywany w sformalizowanej formie w taksonomii, medycynie i prawie, z drugiej \u0142acina pozostaje obok j\u0119zyka w\u0142oskiego j\u0119zykiem urz\u0119dowym Pa\u0144stwa Watyka\u0144skiego. W \u015brodowiskach akademickich podtrzymuje si\u0119 tak\u017ce tradycj\u0119 m\u00f3wienia po \u0142acinie, kt\u00f3ra jest wci\u0105\u017c wzbogacana nowym s\u0142ownictwem, potrzebnym np. do okre\u015blenia nowinek technologicznych.<\/p><\/div>\n","protected":false},"excerpt":{"rendered":"<p>Autor:\u00a0 Anna K\u0142ys Wydawca:\u00a0Level Trading Oprawa:\u00a0Mi\u0119kka Format:\u00a010.5&#215;14.5cm Liczba stron:\u00a0760 Wydanie:\u00a01 [&hellip;]<\/p>\n","protected":false},"featured_media":21373,"template":"","meta":[],"product_brand":[],"product_cat":[37,7497,18],"product_tag":[7577,1705],"class_list":{"0":"post-21372","1":"product","2":"type-product","3":"status-publish","4":"has-post-thumbnail","6":"product_cat-jezyki-obce","7":"product_cat-ogolne-zagadnienia-prawa","8":"product_cat-prawo","9":"product_tag-jezyk-lacinski","10":"product_tag-slownik","12":"first","13":"instock","14":"sale","15":"shipping-taxable","16":"purchasable","17":"product-type-simple"},"_links":{"self":[{"href":"http:\/\/ksiegarnia-akademicka.pl\/index.php\/wp-json\/wp\/v2\/product\/21372","targetHints":{"allow":["GET"]}}],"collection":[{"href":"http:\/\/ksiegarnia-akademicka.pl\/index.php\/wp-json\/wp\/v2\/product"}],"about":[{"href":"http:\/\/ksiegarnia-akademicka.pl\/index.php\/wp-json\/wp\/v2\/types\/product"}],"wp:featuredmedia":[{"embeddable":true,"href":"http:\/\/ksiegarnia-akademicka.pl\/index.php\/wp-json\/wp\/v2\/media\/21373"}],"wp:attachment":[{"href":"http:\/\/ksiegarnia-akademicka.pl\/index.php\/wp-json\/wp\/v2\/media?parent=21372"}],"wp:term":[{"taxonomy":"product_brand","embeddable":true,"href":"http:\/\/ksiegarnia-akademicka.pl\/index.php\/wp-json\/wp\/v2\/product_brand?post=21372"},{"taxonomy":"product_cat","embeddable":true,"href":"http:\/\/ksiegarnia-akademicka.pl\/index.php\/wp-json\/wp\/v2\/product_cat?post=21372"},{"taxonomy":"product_tag","embeddable":true,"href":"http:\/\/ksiegarnia-akademicka.pl\/index.php\/wp-json\/wp\/v2\/product_tag?post=21372"}],"curies":[{"name":"wp","href":"https:\/\/api.w.org\/{rel}","templated":true}]}}