{"id":21332,"date":"2025-11-05T11:29:33","date_gmt":"2025-11-05T10:29:33","guid":{"rendered":"http:\/\/ksiegarnia-akademicka.pl\/?post_type=product&#038;p=21332"},"modified":"2025-11-17T11:46:56","modified_gmt":"2025-11-17T10:46:56","slug":"sadowe-postepowanie-w-sprawach-z-zakresu-prawa-pracy","status":"publish","type":"product","link":"http:\/\/ksiegarnia-akademicka.pl\/index.php\/product\/sadowe-postepowanie-w-sprawach-z-zakresu-prawa-pracy\/","title":{"rendered":"S\u0105dowe post\u0119powanie w sprawach z zakresu prawa pracy"},"content":{"rendered":"<div class=\"grupa osoby\"><span class=\"meta-head-blue\">Redakcja:<\/span>\u00a0<span class=\"meta-value\">Baran Krzysztof Wojciech<\/span><\/div>\n<div class=\"grupa wydawca\"><span class=\"meta-head\">Wydawca:<\/span>\u00a0Wolters Kluwer<\/div>\n<div class=\"grupa dane\">\n<div>Oprawa:\u00a0<span class=\"meta-value-bold\">Twarda<\/span><\/div>\n<div>Liczba stron:\u00a0<span class=\"meta-value-bold\">640<\/span><\/div>\n<div>Wydanie:\u00a0<span class=\"meta-value-bold\">1<\/span><\/div>\n<div>Rok wydania:\u00a0<span class=\"meta-value-bold\">2025<\/span><\/div>\n<div>J\u0119zyk wydania:\u00a0<span class=\"meta-value-bold\">polski<\/span><\/div>\n<\/div>\n<div><\/div>\n<div>W publikacji w kompleksowy spos\u00f3b przedstawiono teoretyczne i praktyczne zagadnienia post\u0119powania przed s\u0105dem oraz post\u0119powania przeds\u0105dowego w sprawach z zakresu prawa pracy. Autorzy szeroko prezentuj\u0105 stanowisko judykatury i pogl\u0105dy doktryny dotycz\u0105ce rozumienia procedury cywilnej w tym aspekcie.<\/p>\n<p>Ksi\u0105\u017cka omawia rozwi\u0105zania proceduralne, kt\u00f3re odnosz\u0105 si\u0119 m.in. do:<br \/>\n\u2022 post\u0119powania przed s\u0105dem pierwszej instancji;<br \/>\n\u2022 post\u0119powania apelacyjnego i skargi kasacyjnej;<br \/>\n\u2022 usprawnie\u0144 maj\u0105cych skr\u00f3ci\u0107 czas rozstrzygania spor\u00f3w;<br \/>\n\u2022 koszt\u00f3w procesu w sprawach z zakresu prawa pracy.<\/p>\n<p>Opracowanie zosta\u0142o przygotowane zar\u00f3wno przez teoretyk\u00f3w, jak i praktyk\u00f3w prawa: s\u0119dzi\u00f3w (w tym S\u0105du Najwy\u017cszego), asystent\u00f3w s\u0119dzi\u00f3w oraz radc\u00f3w prawnych. Umo\u017cliwi\u0142o to rozszerzenie prowadzonych w nim rozwa\u017ca\u0144 o kwestie proceduralne stosowania procesowego prawa pracy.<\/p>\n<p>Publikacja jest przeznaczona dla s\u0119dzi\u00f3w, radc\u00f3w prawnych i adwokat\u00f3w, b\u0119dzie przydatna tak\u017ce pracownikom dzia\u0142\u00f3w HR oraz pracodawcom.<\/p><\/div>\n","protected":false},"excerpt":{"rendered":"<p>Redakcja:\u00a0Baran Krzysztof Wojciech Wydawca:\u00a0Wolters Kluwer Oprawa:\u00a0Twarda Liczba stron:\u00a0640 Wydanie:\u00a01 Rok [&hellip;]<\/p>\n","protected":false},"featured_media":21333,"template":"","meta":[],"product_brand":[],"product_cat":[7530,18,7550],"product_tag":[793,6279],"class_list":{"0":"post-21332","1":"product","2":"type-product","3":"status-publish","4":"has-post-thumbnail","6":"product_cat-nowosci","7":"product_cat-prawo","8":"product_cat-prawo-pracy","9":"product_tag-prawo-pracy","10":"product_tag-prawo-procesowe","12":"first","13":"instock","14":"sale","15":"shipping-taxable","16":"purchasable","17":"product-type-simple"},"_links":{"self":[{"href":"http:\/\/ksiegarnia-akademicka.pl\/index.php\/wp-json\/wp\/v2\/product\/21332","targetHints":{"allow":["GET"]}}],"collection":[{"href":"http:\/\/ksiegarnia-akademicka.pl\/index.php\/wp-json\/wp\/v2\/product"}],"about":[{"href":"http:\/\/ksiegarnia-akademicka.pl\/index.php\/wp-json\/wp\/v2\/types\/product"}],"wp:featuredmedia":[{"embeddable":true,"href":"http:\/\/ksiegarnia-akademicka.pl\/index.php\/wp-json\/wp\/v2\/media\/21333"}],"wp:attachment":[{"href":"http:\/\/ksiegarnia-akademicka.pl\/index.php\/wp-json\/wp\/v2\/media?parent=21332"}],"wp:term":[{"taxonomy":"product_brand","embeddable":true,"href":"http:\/\/ksiegarnia-akademicka.pl\/index.php\/wp-json\/wp\/v2\/product_brand?post=21332"},{"taxonomy":"product_cat","embeddable":true,"href":"http:\/\/ksiegarnia-akademicka.pl\/index.php\/wp-json\/wp\/v2\/product_cat?post=21332"},{"taxonomy":"product_tag","embeddable":true,"href":"http:\/\/ksiegarnia-akademicka.pl\/index.php\/wp-json\/wp\/v2\/product_tag?post=21332"}],"curies":[{"name":"wp","href":"https:\/\/api.w.org\/{rel}","templated":true}]}}