{"id":21136,"date":"2025-05-26T09:11:24","date_gmt":"2025-05-26T07:11:24","guid":{"rendered":"http:\/\/ksiegarnia-akademicka.pl\/?post_type=product&#038;p=21136"},"modified":"2025-05-26T09:11:24","modified_gmt":"2025-05-26T07:11:24","slug":"element-szczegolny-w-otoczeniu-interakcje-plener-artystyczny","status":"publish","type":"product","link":"http:\/\/ksiegarnia-akademicka.pl\/index.php\/product\/element-szczegolny-w-otoczeniu-interakcje-plener-artystyczny\/","title":{"rendered":"Element szczeg\u00f3lny w otoczeniu &#8211; interakcje Plener artystyczny"},"content":{"rendered":"<div class=\"grupa osoby\"><span class=\"meta-head\">Autor: <\/span>Bogdan Gorczyca, Przemys\u0142aw Krajewski<\/div>\n<div class=\"grupa wydawca\"><span class=\"meta-head\">Wydawca:<\/span>\u00a0Wydawnictwo Naukowe PWN<\/div>\n<div class=\"grupa dane\">\n<div>Oprawa:\u00a0<span class=\"meta-value-bold\">Mi\u0119kka<\/span><\/div>\n<div>Format:\u00a0<span class=\"meta-value-bold\">20.5&#215;24.5cm<\/span><\/div>\n<div>Liczba stron:\u00a0<span class=\"meta-value-bold\">194<\/span><\/div>\n<div>Wydanie:\u00a0<span class=\"meta-value-bold\">1<\/span><\/div>\n<div>Rok wydania:\u00a0<span class=\"meta-value-bold\">2025<\/span><\/div>\n<div>J\u0119zyk wydania:\u00a0<span class=\"meta-value-bold\">polski<\/span><\/div>\n<\/div>\n<div><\/div>\n<div>Ksi\u0105\u017cka Element szczeg\u00f3lny w otoczeniu \u2013 interakcje (dwuj\u0119zyczna \u2013 j. polski i j. angielski) to zbi\u00f3r ponad 150 fotografii, kt\u00f3re powsta\u0142y na terenach Skansenu Kolejowego w Chab\u00f3wce w ramach pleneru artystycznego stanowi\u0105cego integraln\u0105 cz\u0119\u015b\u0107 konferencji KRAJart, wzbogacony o skojarzone z nimi refleksje autor\u00f3w, daj\u0105ce wyraz g\u0142\u0119bi wra\u017ce\u0144 i prze\u017cy\u0107, jakie otwieraj\u0105 si\u0119 przed tymi, kt\u00f3rzy potrafi\u0105 dostrzec interakcj\u0119 pomi\u0119dzy cz\u0142owiekiem, jego wytworami a otoczeniem. Ten sk\u0142adnik ksi\u0105\u017cki, \u015bci\u015ble powi\u0105zany z dyscyplin\u0105: sztuki plastyczne i konserwacja dzie\u0142 sztuki, stanowi warto\u015b\u0107 sam\u0105 w sobie. Uczestnicy pleneru, kieruj\u0105c si\u0119 inspiracj\u0105 artystyczn\u0105, starali si\u0119 odczyta\u0107 i udokumentowa\u0107 unikatowe walory estetyczne zwi\u0105zane z historycznymi obiektami zgromadzonymi w skansenie. I tak, odcienie zniszczonych \u015bcian i przestrzeni wagon\u00f3w w destrukcie to nie tylko obraz fizycznej degradacji, ale zastanowienie nad przemijaniem. Ka\u017cdy strz\u0119p farby, ka\u017cda warstwa rdzy skrywa\u0142a sekret, obrazy faktur by\u0142y \u0142\u0105cznikiem z przesz\u0142o\u015bci\u0105, a \u015bciany wagon\u00f3w sta\u0142y si\u0119 p\u0142\u00f3tnem malarskim. Stare wagony, niegdy\u015b pulsuj\u0105ce \u017cyciem centrum komunikacji, przypomina\u0142y nam o ulotno\u015bci i nietrwa\u0142o\u015bci materii. Doceni\u0142 to recenzent, prof. Myczkowski, pisz\u0105c: Fenomenalne uj\u0119cie r\u00f3\u017cnej skali, kolorystyki, faktury. Kadry i kompozycje \u201ezardzewia\u0142ego \u015bwiata\u201d wprawi\u0107 mog\u0105 i wprawiaj\u0105 w zamy\u015blenie, ale te\u017c w tych najwy\u017cszej pr\u00f3by artystycznych uj\u0119ciach pozwalaj\u0105 na konstatacj\u0119, \u017ce pozorny \u201echaos \u015bwiata rdzy\u201d jest po prostu \u2026malowniczy! Ksi\u0105\u017cka Element szczeg\u00f3lny w otoczeniu \u2013 interakcje adresowana jest do student\u00f3w sztuk plastycznych, amator\u00f3w i znawc\u00f3w fotografii, kt\u00f3rych zainteresuje na pewno r\u00f3\u017cnorodno\u015b\u0107 w postrzeganiu i dokumentowaniu niekiedy tych samych eksponat\u00f3w znajduj\u0105cych si\u0119 w skansenie, wynikaj\u0105ca z szerokiej gamy specjalno\u015bci zawodowych reprezentowanych przez autor\u00f3w zdj\u0119\u0107. Dla mi\u0142o\u015bnik\u00f3w starych lokomotyw jest to podr\u00f3\u017c przez histori\u0119 kolejnictwa, zatrzyman\u0105 w czasie i uwiecznion\u0105 w r\u00f3\u017cnorakich obiektywach, a mi\u0142o\u015bnicy kinematografii rozpoznaj\u0105 zapewne na jednej z fotografii peron kolejowy znany z filmu \u201eLista Schindlera\u201d Stevena Spielberga.<\/div>\n","protected":false},"excerpt":{"rendered":"<p>Autor: Bogdan Gorczyca, Przemys\u0142aw Krajewski Wydawca:\u00a0Wydawnictwo Naukowe PWN Oprawa:\u00a0Mi\u0119kka Format:\u00a020.5&#215;24.5cm [&hellip;]<\/p>\n","protected":false},"featured_media":21137,"template":"","meta":[],"product_brand":[],"product_cat":[7530,7823],"product_tag":[6083,4292],"class_list":{"0":"post-21136","1":"product","2":"type-product","3":"status-publish","4":"has-post-thumbnail","6":"product_cat-nowosci","7":"product_cat-sztuka","8":"product_tag-fotografia","9":"product_tag-sztuka","11":"first","12":"instock","13":"sale","14":"shipping-taxable","15":"purchasable","16":"product-type-simple"},"_links":{"self":[{"href":"http:\/\/ksiegarnia-akademicka.pl\/index.php\/wp-json\/wp\/v2\/product\/21136","targetHints":{"allow":["GET"]}}],"collection":[{"href":"http:\/\/ksiegarnia-akademicka.pl\/index.php\/wp-json\/wp\/v2\/product"}],"about":[{"href":"http:\/\/ksiegarnia-akademicka.pl\/index.php\/wp-json\/wp\/v2\/types\/product"}],"wp:featuredmedia":[{"embeddable":true,"href":"http:\/\/ksiegarnia-akademicka.pl\/index.php\/wp-json\/wp\/v2\/media\/21137"}],"wp:attachment":[{"href":"http:\/\/ksiegarnia-akademicka.pl\/index.php\/wp-json\/wp\/v2\/media?parent=21136"}],"wp:term":[{"taxonomy":"product_brand","embeddable":true,"href":"http:\/\/ksiegarnia-akademicka.pl\/index.php\/wp-json\/wp\/v2\/product_brand?post=21136"},{"taxonomy":"product_cat","embeddable":true,"href":"http:\/\/ksiegarnia-akademicka.pl\/index.php\/wp-json\/wp\/v2\/product_cat?post=21136"},{"taxonomy":"product_tag","embeddable":true,"href":"http:\/\/ksiegarnia-akademicka.pl\/index.php\/wp-json\/wp\/v2\/product_tag?post=21136"}],"curies":[{"name":"wp","href":"https:\/\/api.w.org\/{rel}","templated":true}]}}

Element szczególny w otoczeniu &#8211; interakcje Plener artystyczny

<div class="grupa osoby"><span class="meta-head">Autor: </span>Bogdan Gorczyca, Przemysław Krajewski</div>
<div class="grupa wydawca"><span class="meta-head">Wydawca:</span> Wydawnictwo Naukowe PWN</div>
<div class="grupa dane">
<div>Oprawa: <span class="meta-value-bold">Miękka</span></div>
<div>Format: <span class="meta-value-bold">20.5&#215;24.5cm</span></div>
<div>Liczba stron: <span class="meta-value-bold">194</span></div>
<div>Wydanie: <span class="meta-value-bold">1</span></div>
<div>Rok wydania: <span class="meta-value-bold">2025</span></div>
<div>Język wydania: <span class="meta-value-bold">polski</span></div>
</div>
<div></div>
<div>Książka Element szczególny w otoczeniu – interakcje (dwujęzyczna – j. polski i j. angielski) to zbiór ponad 150 fotografii, które powstały na terenach Skansenu Kolejowego w Chabówce w ramach pleneru artystycznego stanowiącego integralną część konferencji KRAJart, wzbogacony o skojarzone z nimi refleksje autorów, dające wyraz głębi wrażeń i przeżyć, jakie otwierają się przed tymi, którzy potrafią dostrzec interakcję pomiędzy człowiekiem, jego wytworami a otoczeniem. Ten składnik książki, ściśle powiązany z dyscypliną: sztuki plastyczne i konserwacja dzieł sztuki, stanowi wartość samą w sobie. Uczestnicy pleneru, kierując się inspiracją artystyczną, starali się odczytać i udokumentować unikatowe walory estetyczne związane z historycznymi obiektami zgromadzonymi w skansenie. I tak, odcienie zniszczonych ścian i przestrzeni wagonów w destrukcie to nie tylko obraz fizycznej degradacji, ale zastanowienie nad przemijaniem. Każdy strzęp farby, każda warstwa rdzy skrywała sekret, obrazy faktur były łącznikiem z przeszłością, a ściany wagonów stały się płótnem malarskim. Stare wagony, niegdyś pulsujące życiem centrum komunikacji, przypominały nam o ulotności i nietrwałości materii. Docenił to recenzent, prof. Myczkowski, pisząc: Fenomenalne ujęcie różnej skali, kolorystyki, faktury. Kadry i kompozycje „zardzewiałego świata” wprawić mogą i wprawiają w zamyślenie, ale też w tych najwyższej próby artystycznych ujęciach pozwalają na konstatację, że pozorny „chaos świata rdzy” jest po prostu …malowniczy! Książka Element szczególny w otoczeniu – interakcje adresowana jest do studentów sztuk plastycznych, amatorów i znawców fotografii, których zainteresuje na pewno różnorodność w postrzeganiu i dokumentowaniu niekiedy tych samych eksponatów znajdujących się w skansenie, wynikająca z szerokiej gamy specjalności zawodowych reprezentowanych przez autorów zdjęć. Dla miłośników starych lokomotyw jest to podróż przez historię kolejnictwa, zatrzymaną w czasie i uwiecznioną w różnorakich obiektywach, a miłośnicy kinematografii rozpoznają zapewne na jednej z fotografii peron kolejowy znany z filmu „Lista Schindlera” Stevena Spielberga.</div>

<p>Autor: Bogdan Gorczyca, Przemysław Krajewski Wydawca: Wydawnictwo Naukowe PWN Oprawa: Miękka Format: 20.5&#215;24.5cm [&hellip;]</p>
