{"id":21101,"date":"2025-05-26T08:22:42","date_gmt":"2025-05-26T06:22:42","guid":{"rendered":"http:\/\/ksiegarnia-akademicka.pl\/?post_type=product&#038;p=21101"},"modified":"2025-05-26T08:22:43","modified_gmt":"2025-05-26T06:22:43","slug":"akty-notarialne-i-poswiadczenia-notarialne-wzory-z-omowieniem","status":"publish","type":"product","link":"http:\/\/ksiegarnia-akademicka.pl\/index.php\/product\/akty-notarialne-i-poswiadczenia-notarialne-wzory-z-omowieniem\/","title":{"rendered":"Akty notarialne i po\u015bwiadczenia notarialne Wzory z om\u00f3wieniem"},"content":{"rendered":"<div class=\"grupa osoby\"><span class=\"meta-head\">Autor:<\/span><\/p>\n<ul>\n<li class=\"meta-value\">Piotr Marquardt<\/li>\n<li class=\"meta-value\">Rafa\u0142 Wojciechowski<\/li>\n<li class=\"meta-value\">Dariusz Celi\u0144ski<\/li>\n<\/ul>\n<\/div>\n<div class=\"grupa wydawca\"><span class=\"meta-head\">Wydawca:<\/span>\u00a0Wolters Kluwer<\/div>\n<div class=\"grupa dane\">\n<div>Oprawa:\u00a0<span class=\"meta-value-bold\">Twarda<\/span><\/div>\n<div>Liczba stron:\u00a0<span class=\"meta-value-bold\">1152<\/span><\/div>\n<div>Wydanie:\u00a0<span class=\"meta-value-bold\">1<\/span><\/div>\n<div>Rok wydania:\u00a0<span class=\"meta-value-bold\">2025<\/span><\/div>\n<div>J\u0119zyk wydania:\u00a0<span class=\"meta-value-bold\">polski<\/span><\/div>\n<\/div>\n<div><\/div>\n<div>Ksi\u0105\u017cka zawiera niezb\u0119dne wzory akt\u00f3w notarialnych oraz po\u015bwiadcze\u0144 stosowanych w codziennej praktyce w kancelariach notarialnych. Jej tre\u015b\u0107 zosta\u0142a opracowana specjalnie z my\u015bl\u0105 o notariuszach, zast\u0119pcach notarialnych oraz aplikantach notarialnych, aby u\u0142atwi\u0107 i usprawni\u0107 ich prac\u0119.<br \/>\nW publikacji czytelnik znajdzie wzory r\u00f3\u017cnych akt\u00f3w notarialnych, takich jak akty po\u015bwiadczenia dziedziczenia, europejskiego po\u015bwiadczenia dziedziczenia, akty powo\u0142ania zarz\u0105dcy sukcesyjnego oraz akty odwo\u0142ania zarz\u0105dcy sukcesyjnego. Dzi\u0119ki nim b\u0119dziesz m\u00f3g\u0142 skutecznie i profesjonalnie obs\u0142ugiwa\u0107 sprawy zwi\u0105zane z dziedziczeniem i zarz\u0105dzaniem sukcesyjnym.<br \/>\nW przypadku najpopularniejszych um\u00f3w \u2013 jak sprzeda\u017c, darowizna, protoko\u0142y zgromadze\u0144 sp\u00f3\u0142ek \u2013 starano si\u0119 przedstawi\u0107 kilka wzor\u00f3w dotycz\u0105cych odmiennych przypadk\u00f3w.<br \/>\nW ksi\u0105\u017cce zamieszczono tak\u017ce rzadko sporz\u0105dzane wzory akt\u00f3w notarialnych, jak np. przekszta\u0142ce\u0144 przedsi\u0119biorcy indywidualnego, sp\u00f3\u0142ki cywilnej czy sp\u00f3\u0142ek osobowych w sp\u00f3\u0142ki kapita\u0142owe, zgody ma\u0142\u017conk\u00f3w na dokonanie czynno\u015bci prawnych, zebra\u0144 wsp\u00f3lnot mieszkaniowych, odst\u0105pienia od umowy sprzeda\u017cy oraz um\u00f3w z udzia\u0142em syndyka masy upad\u0142o\u015bci.<br \/>\nDodatkowo ksi\u0105\u017cka zawiera r\u00f3wnie\u017c wzory po\u015bwiadcze\u0144, kt\u00f3re s\u0105 bardzo wa\u017cne w codziennej pracy notariusza.<br \/>\nPublikacja zosta\u0142a opracowana przez do\u015bwiadczonych prawnik\u00f3w, kt\u00f3rzy posiadaj\u0105 ogromn\u0105 wiedz\u0119 i do\u015bwiadczenie w dziedzinie notariatu. Dzi\u0119ki temu mo\u017cna mie\u0107 pewno\u015b\u0107, \u017ce jej tre\u015b\u0107 jest rzetelna, aktualna i kompleksowa.<\/div>\n","protected":false},"excerpt":{"rendered":"<p>Autor: Piotr Marquardt Rafa\u0142 Wojciechowski Dariusz Celi\u0144ski Wydawca:\u00a0Wolters Kluwer Oprawa:\u00a0Twarda [&hellip;]<\/p>\n","protected":false},"featured_media":21102,"template":"","meta":[],"product_brand":[],"product_cat":[7491,7530,18],"product_tag":[8477,8120,615],"class_list":{"0":"post-21101","1":"product","2":"type-product","3":"status-publish","4":"has-post-thumbnail","6":"product_cat-cywilne","7":"product_cat-nowosci","8":"product_cat-prawo","9":"product_tag-adwokatura","10":"product_tag-notariat","11":"product_tag-prawo-cywilne","13":"first","14":"instock","15":"sale","16":"shipping-taxable","17":"purchasable","18":"product-type-simple"},"_links":{"self":[{"href":"http:\/\/ksiegarnia-akademicka.pl\/index.php\/wp-json\/wp\/v2\/product\/21101","targetHints":{"allow":["GET"]}}],"collection":[{"href":"http:\/\/ksiegarnia-akademicka.pl\/index.php\/wp-json\/wp\/v2\/product"}],"about":[{"href":"http:\/\/ksiegarnia-akademicka.pl\/index.php\/wp-json\/wp\/v2\/types\/product"}],"wp:featuredmedia":[{"embeddable":true,"href":"http:\/\/ksiegarnia-akademicka.pl\/index.php\/wp-json\/wp\/v2\/media\/21102"}],"wp:attachment":[{"href":"http:\/\/ksiegarnia-akademicka.pl\/index.php\/wp-json\/wp\/v2\/media?parent=21101"}],"wp:term":[{"taxonomy":"product_brand","embeddable":true,"href":"http:\/\/ksiegarnia-akademicka.pl\/index.php\/wp-json\/wp\/v2\/product_brand?post=21101"},{"taxonomy":"product_cat","embeddable":true,"href":"http:\/\/ksiegarnia-akademicka.pl\/index.php\/wp-json\/wp\/v2\/product_cat?post=21101"},{"taxonomy":"product_tag","embeddable":true,"href":"http:\/\/ksiegarnia-akademicka.pl\/index.php\/wp-json\/wp\/v2\/product_tag?post=21101"}],"curies":[{"name":"wp","href":"https:\/\/api.w.org\/{rel}","templated":true}]}}