{"id":21004,"date":"2025-05-06T10:03:47","date_gmt":"2025-05-06T08:03:47","guid":{"rendered":"http:\/\/ksiegarnia-akademicka.pl\/?post_type=product&#038;p=21004"},"modified":"2025-05-06T10:03:49","modified_gmt":"2025-05-06T08:03:49","slug":"porownanie-prawa-ochrony-danych-osobowych-w-najwiekszych-gospodarkach-swiata","status":"publish","type":"product","link":"http:\/\/ksiegarnia-akademicka.pl\/index.php\/product\/porownanie-prawa-ochrony-danych-osobowych-w-najwiekszych-gospodarkach-swiata\/","title":{"rendered":"Por\u00f3wnanie prawa ochrony danych osobowych w najwi\u0119kszych gospodarkach \u015bwiata"},"content":{"rendered":"<p><strong>Autor:<\/strong>\u00a0dr hab. Mariusz Krzysztofek, prof. AKP<\/p>\n<p>Wydawnictwo: C.H. Beck<\/p>\n<p><strong>Seria:<\/strong> Monografie Prawnicze<\/p>\n<p><strong>Rok wydania:<\/strong> 2025<\/p>\n<p><strong>Oprawa:<\/strong> Twarda<\/p>\n<p><strong>Liczba stron:<\/strong> 432<\/p>\n<p><strong>Wymiary:<\/strong> 145&#215;205 mm<\/p>\n<p><strong>Waga:<\/strong> 650 g<\/p>\n<p><strong>ISBN:<\/strong>\u00a0978-83-8356-858-4<\/p>\n<p>&nbsp;<\/p>\n<h3>Por\u00f3wnanie prawa ochrony danych osobowych w najwi\u0119kszych gospodarkach \u015bwiata. Regulacje Unii Europejskiej (RODO), Chinach (PIPL) i Kalifornii (CCPA).<\/h3>\n<p>G\u0142\u00f3wnym celem monografii jest okre\u015blenie stopnia zbie\u017cno\u015bci mi\u0119dzy chi\u0144skimi i kalifornijskimi przepisami dotycz\u0105cymi ochrony danych a RODO, zbadanie podobie\u0144stw oraz r\u00f3\u017cnic mi\u0119dzy nimi w poszczeg\u00f3lnych obszarach. Zar\u00f3wno kalifornijska CCPA, jak i chi\u0144ska PIPL s\u0105 inspirowane RODO, wykazuj\u0105c wsp\u00f3lny rdze\u0144 w swojej strukturze i podstawowych koncepcjach. Zawieraj\u0105 wiele podobie\u0144stw. Nale\u017cy jednak podkre\u015bli\u0107 tak\u017ce r\u00f3\u017cnice, z kt\u00f3rych niekt\u00f3re dotycz\u0105 obszar\u00f3w wa\u017cnych dla adekwatno\u015bci poziomu ochrony.<\/p>\n<p>Monografia przeznaczona jest dla firm, przedsi\u0119biorc\u00f3w, mened\u017cer\u00f3w dzia\u0142aj\u0105cych w UE, Chinach i USA, w dowolnej formie \u2013 centrali, oddzia\u0142u, ale te\u017c adresuj\u0105cych us\u0142ugi wy\u0142\u0105cznie za po\u015brednictwem strony internetowej skierowanej do klient\u00f3w europejskich, ameryka\u0144skich lub chi\u0144skich. To s\u0105 przypadki liczne, a jednym z przyk\u0142ad\u00f3w jest to, \u017ce Polska jest 2. najpopularniejsz\u0105 lokalizacj\u0105 dla Centrum Us\u0142ug Wsp\u00f3lnych (Shared Services Center \u2013 SSC) na \u015bwiecie.<\/p>\n<p>Prawnicy doradzaj\u0105cy klientom \u2013 firmom prowadz\u0105cym dzia\u0142alno\u015b\u0107 transgraniczn\u0105, zespo\u0142y prawne i inspektorzy ochrony danych w tych firmach znajd\u0105 w monografii odpowiedzi na pytania:<\/p>\n<ul>\n<li>Czy musz\u0119 wyznaczy\u0107 inspektora ochrony danych w tych krajach?<\/li>\n<li>Czy musz\u0119 udokumentowa\u0107 oceny wp\u0142ywu na prywatno\u015b\u0107 w tych krajach?<\/li>\n<li>Czy mog\u0119 skorzysta\u0107, jak w RODO, z przes\u0142anki prawnie uzasadnionych interes\u00f3w? Kiedy wymagana jest zgoda klienta?<\/li>\n<li>Czy klient chi\u0144ski lub ameryka\u0144ski, podobnie jak w RODO, mo\u017ce \u017c\u0105da\u0107 dost\u0119pu do danych, usuni\u0119cia danych i wykonywania innych praw?<\/li>\n<li>Jakie s\u0105 podstawy prawne transferu danych za granic\u0119?<\/li>\n<li>Skoro RODO zapewnia wysoki poziom ochrony, czy wdro\u017cenie praktyk europejskich zapewni zgodno\u015b\u0107 z prawem chi\u0144skim i kalifornijskim?<\/li>\n<\/ul>\n","protected":false},"excerpt":{"rendered":"<p>Autor:\u00a0dr hab. Mariusz Krzysztofek, prof. AKP Wydawnictwo: C.H. Beck Seria: [&hellip;]<\/p>\n","protected":false},"featured_media":21005,"template":"","meta":[],"product_brand":[],"product_cat":[7491,7490,7530,18,7719],"product_tag":[3092,5397],"class_list":{"0":"post-21004","1":"product","2":"type-product","3":"status-publish","4":"has-post-thumbnail","6":"product_cat-cywilne","7":"product_cat-karne","8":"product_cat-nowosci","9":"product_cat-prawo","10":"product_cat-prawo-miedzynarodowe","11":"product_tag-ochrona-danych-osobowych","12":"product_tag-seria-monografie-prawnicze","14":"first","15":"instock","16":"sale","17":"shipping-taxable","18":"purchasable","19":"product-type-simple"},"_links":{"self":[{"href":"http:\/\/ksiegarnia-akademicka.pl\/index.php\/wp-json\/wp\/v2\/product\/21004","targetHints":{"allow":["GET"]}}],"collection":[{"href":"http:\/\/ksiegarnia-akademicka.pl\/index.php\/wp-json\/wp\/v2\/product"}],"about":[{"href":"http:\/\/ksiegarnia-akademicka.pl\/index.php\/wp-json\/wp\/v2\/types\/product"}],"wp:featuredmedia":[{"embeddable":true,"href":"http:\/\/ksiegarnia-akademicka.pl\/index.php\/wp-json\/wp\/v2\/media\/21005"}],"wp:attachment":[{"href":"http:\/\/ksiegarnia-akademicka.pl\/index.php\/wp-json\/wp\/v2\/media?parent=21004"}],"wp:term":[{"taxonomy":"product_brand","embeddable":true,"href":"http:\/\/ksiegarnia-akademicka.pl\/index.php\/wp-json\/wp\/v2\/product_brand?post=21004"},{"taxonomy":"product_cat","embeddable":true,"href":"http:\/\/ksiegarnia-akademicka.pl\/index.php\/wp-json\/wp\/v2\/product_cat?post=21004"},{"taxonomy":"product_tag","embeddable":true,"href":"http:\/\/ksiegarnia-akademicka.pl\/index.php\/wp-json\/wp\/v2\/product_tag?post=21004"}],"curies":[{"name":"wp","href":"https:\/\/api.w.org\/{rel}","templated":true}]}}