{"id":20999,"date":"2025-05-06T09:00:07","date_gmt":"2025-05-06T07:00:07","guid":{"rendered":"http:\/\/ksiegarnia-akademicka.pl\/?post_type=product&#038;p=20999"},"modified":"2025-05-06T09:00:08","modified_gmt":"2025-05-06T07:00:08","slug":"ustawa-o-odpadach-komentarz-2","status":"publish","type":"product","link":"http:\/\/ksiegarnia-akademicka.pl\/index.php\/product\/ustawa-o-odpadach-komentarz-2\/","title":{"rendered":"Ustawa o odpadach. Komentarz"},"content":{"rendered":"<p>Redakcja:\u00a0dr \u0141ukasz M. Wyszomirski<\/p>\n<p>Autor:\u00a0Maria Badowska,\u00a0r.pr. Krzysztof Cichocki,\u00a0r.pr. Tomasz Duchniak,\u00a0adw. Piotr Koco\u0142,\u00a0adw. Jakub Kocuba,\u00a0r.pr. Dominika Konarska,\u00a0r.pr. Maciej Lewicki,\u00a0Adrianna Nowi\u0144ska,\u00a0adw. Katarzyna Randzio-Sajkowska,\u00a0adw. Andrzej Sikorski,\u00a0r.pr. Zbyszko Wizner<\/p>\n<p>Wydawnictwo: C.H. Beck<\/p>\n<p>Seria: Kr\u00f3tkie Komentarze Becka<\/p>\n<p>Rok wydania: 2025<\/p>\n<p>Oprawa: Mi\u0119kka ze skrzyde\u0142kami<\/p>\n<p>Liczba stron: 826<\/p>\n<p>Wymiary: 145&#215;205 mm<\/p>\n<p>Waga: 750 g<\/p>\n<p>ISBN:\u00a0978-83-8235-260-3<\/p>\n<p>&nbsp;<\/p>\n<p><strong>Komentarz do ustawy o odpadach z uwzgl\u0119dnieniem nowelizacji, kt\u00f3re wesz\u0142y w \u017cycie 1 stycznia 2025 r.<\/strong><\/p>\n<p>Sektor gospodarowania odpadami jest coraz bardziej istotnym sektorem polskiej gospodarki, m.in. pod wzgl\u0119dem generowanych przychod\u00f3w. Stale ewoluuj\u0105ce regulacje prawne i coraz surowsze wymagania maj\u0105 w\u0119z\u0142owe znaczenie dla rozwoju bran\u017cy, stymuluj\u0105c inwestycje, a tym samym generuj\u0105c wy\u017csze obroty. Wy\u017csze obroty generuje r\u00f3wnie\u017c stale rosn\u0105cy strumie\u0144 wytwarzanych w Polsce odpad\u00f3w.<\/p>\n<p><strong>Ostatnie nowelizacje m.in.:<\/strong><\/p>\n<ul>\n<li>modyfikuj\u0105 system Bazy danych o produktach i opakowaniach oraz o gospodarce odpadami (BDO) w celu dostosowania go do potrzeb zg\u0142aszanych przez u\u017cytkownik\u00f3w;<\/li>\n<li>uwzgl\u0119dniaj\u0105 postulaty zwolnienia z wymogu uzyskania zezwolenia na zbieranie odpad\u00f3w w zakresie logistyki zwrotnej, tj. zbierania odpad\u00f3w opakowaniowych obj\u0119tych ustaw\u0105, odebranych od prowadz\u0105cych nieprofesjonaln\u0105 zbi\u00f3rk\u0119;<\/li>\n<li>wdra\u017caj\u0105 do polskiego porz\u0105dku prawnego pakiet dyrektyw \u201eodpadowych&#8221;.<\/li>\n<\/ul>\n<p><strong>Od 1 stycznia 2025 r. ustawa w zakresie swojej regulacji implementuje:<\/strong><\/p>\n<ol>\n<li>dyrektyw\u0119 Parlamentu Europejskiego i Rady (UE) 2019\/904 z dnia 5 czerwca 2019 r. w sprawie zmniejszenia wp\u0142ywu niekt\u00f3rych produkt\u00f3w z tworzyw sztucznych na \u015brodowisko (Dz.Urz. UE L 155 z 12.06.2019, s. 1),<\/li>\n<li>dyrektyw\u0119 Parlamentu Europejskiego i Rady 2012\/19\/UE z dnia 4 lipca 2012 r. w sprawie zu\u017cytego sprz\u0119tu elektrycznego i elektronicznego (WEEE) (Dz.Urz. UE L 197 z 24.07.2012, s. 38, ze zm.),<\/li>\n<li>dyrektyw\u0119 Parlamentu Europejskiego i Rady 2008\/98\/WE z dnia 19 listopada 2008 r. w sprawie odpad\u00f3w oraz uchylaj\u0105cej niekt\u00f3re dyrektywy (Dz.Urz. UE L 312 z 22.11.2008, s. 3 ze zm.),<\/li>\n<li>dyrektyw\u0119 Rady 1999\/31\/WE z dnia 26 kwietnia 1999 r. w sprawie sk\u0142adowania odpad\u00f3w (Dz.Urz. WE L 182 z 16.07.1999, s. 1, ze zm.),<\/li>\n<li>dyrektyw\u0119 94\/62\/WE Parlamentu Europejskiego i Rady z dnia 20 grudnia 1994 r. w sprawie opakowa\u0144 i odpad\u00f3w opakowaniowych (Dz.Urz. WE L 365 z 31.12.1994, s. 10, ze zm.).<\/li>\n<\/ol>\n<p>Zesp\u00f3\u0142 autor\u00f3w tworz\u0105 adwokaci i radcowie prawni z wieloletnim do\u015bwiadczeniem w sprawach z zakresu ochrony \u015brodowiska i gospodarki odpadami. To komentarz napisany \u201eprzez praktyk\u00f3w dla praktyk\u00f3w&#8221;, kt\u00f3rzy identyfikuj\u0105 i omawiaj\u0105 w\u0119z\u0142owe problemy prawne, zwi\u0105zane z wyk\u0142adni\u0105 i stosowaniem przepis\u00f3w ustawy.<\/p>\n<p>Publikacja zosta\u0142a przygotowana z my\u015bl\u0105 o wszystkich, kt\u00f3rzy stosuj\u0105 przepisy komentowanej ustawy na co dzie\u0144: prawnikach (s\u0119dziach, adwokatach, radcach prawnych, notariuszach), urz\u0119dnikach administracji publicznej, przedsi\u0119biorcach i specjalistach z bran\u017cy odpadowej. Pomocna b\u0119dzie r\u00f3wnie\u017c studentom i absolwentom studi\u00f3w \u2013 nie tylko prawniczych \u2013 dotycz\u0105cych gospodarki odpadami.<\/p>\n","protected":false},"excerpt":{"rendered":"<p>Redakcja:\u00a0dr \u0141ukasz M. Wyszomirski Autor:\u00a0Maria Badowska,\u00a0r.pr. Krzysztof Cichocki,\u00a0r.pr. Tomasz Duchniak,\u00a0adw. [&hellip;]<\/p>\n","protected":false},"featured_media":21000,"template":"","meta":[],"product_brand":[],"product_cat":[7492,7530,18],"product_tag":[564,5166,8627],"class_list":{"0":"post-20999","1":"product","2":"type-product","3":"status-publish","4":"has-post-thumbnail","6":"product_cat-administracyjne","7":"product_cat-nowosci","8":"product_cat-prawo","9":"product_tag-postepowanie-administracyjne","10":"product_tag-seria-krotkie-komentarze-becka","11":"product_tag-ustawa-o-odpadach","13":"first","14":"instock","15":"sale","16":"shipping-taxable","17":"purchasable","18":"product-type-simple"},"_links":{"self":[{"href":"http:\/\/ksiegarnia-akademicka.pl\/index.php\/wp-json\/wp\/v2\/product\/20999","targetHints":{"allow":["GET"]}}],"collection":[{"href":"http:\/\/ksiegarnia-akademicka.pl\/index.php\/wp-json\/wp\/v2\/product"}],"about":[{"href":"http:\/\/ksiegarnia-akademicka.pl\/index.php\/wp-json\/wp\/v2\/types\/product"}],"wp:featuredmedia":[{"embeddable":true,"href":"http:\/\/ksiegarnia-akademicka.pl\/index.php\/wp-json\/wp\/v2\/media\/21000"}],"wp:attachment":[{"href":"http:\/\/ksiegarnia-akademicka.pl\/index.php\/wp-json\/wp\/v2\/media?parent=20999"}],"wp:term":[{"taxonomy":"product_brand","embeddable":true,"href":"http:\/\/ksiegarnia-akademicka.pl\/index.php\/wp-json\/wp\/v2\/product_brand?post=20999"},{"taxonomy":"product_cat","embeddable":true,"href":"http:\/\/ksiegarnia-akademicka.pl\/index.php\/wp-json\/wp\/v2\/product_cat?post=20999"},{"taxonomy":"product_tag","embeddable":true,"href":"http:\/\/ksiegarnia-akademicka.pl\/index.php\/wp-json\/wp\/v2\/product_tag?post=20999"}],"curies":[{"name":"wp","href":"https:\/\/api.w.org\/{rel}","templated":true}]}}

<p>Redakcja: dr Łukasz M. Wyszomirski</p>
<p>Autor: Maria Badowska, r.pr. Krzysztof Cichocki, r.pr. Tomasz Duchniak, adw. Piotr Kocoł, adw. Jakub Kocuba, r.pr. Dominika Konarska, r.pr. Maciej Lewicki, Adrianna Nowińska, adw. Katarzyna Randzio-Sajkowska, adw. Andrzej Sikorski, r.pr. Zbyszko Wizner</p>
<p>Wydawnictwo: C.H. Beck</p>
<p>Seria: Krótkie Komentarze Becka</p>
<p>Rok wydania: 2025</p>
<p>Oprawa: Miękka ze skrzydełkami</p>
<p>Liczba stron: 826</p>
<p>Wymiary: 145&#215;205 mm</p>
<p>Waga: 750 g</p>
<p>ISBN: 978-83-8235-260-3</p>
<p>&nbsp;</p>
<p><strong>Komentarz do ustawy o odpadach z uwzględnieniem nowelizacji, które weszły w życie 1 stycznia 2025 r.</strong></p>
<p>Sektor gospodarowania odpadami jest coraz bardziej istotnym sektorem polskiej gospodarki, m.in. pod względem generowanych przychodów. Stale ewoluujące regulacje prawne i coraz surowsze wymagania mają węzłowe znaczenie dla rozwoju branży, stymulując inwestycje, a tym samym generując wyższe obroty. Wyższe obroty generuje również stale rosnący strumień wytwarzanych w Polsce odpadów.</p>
<p><strong>Ostatnie nowelizacje m.in.:</strong></p>
<ul>
<li>modyfikują system Bazy danych o produktach i opakowaniach oraz o gospodarce odpadami (BDO) w celu dostosowania go do potrzeb zgłaszanych przez użytkowników;</li>
<li>uwzględniają postulaty zwolnienia z wymogu uzyskania zezwolenia na zbieranie odpadów w zakresie logistyki zwrotnej, tj. zbierania odpadów opakowaniowych objętych ustawą, odebranych od prowadzących nieprofesjonalną zbiórkę;</li>
<li>wdrażają do polskiego porządku prawnego pakiet dyrektyw „odpadowych&#8221;.</li>
</ul>
<p><strong>Od 1 stycznia 2025 r. ustawa w zakresie swojej regulacji implementuje:</strong></p>
<ol>
<li>dyrektywę Parlamentu Europejskiego i Rady (UE) 2019/904 z dnia 5 czerwca 2019 r. w sprawie zmniejszenia wpływu niektórych produktów z tworzyw sztucznych na środowisko (Dz.Urz. UE L 155 z 12.06.2019, s. 1),</li>
<li>dyrektywę Parlamentu Europejskiego i Rady 2012/19/UE z dnia 4 lipca 2012 r. w sprawie zużytego sprzętu elektrycznego i elektronicznego (WEEE) (Dz.Urz. UE L 197 z 24.07.2012, s. 38, ze zm.),</li>
<li>dyrektywę Parlamentu Europejskiego i Rady 2008/98/WE z dnia 19 listopada 2008 r. w sprawie odpadów oraz uchylającej niektóre dyrektywy (Dz.Urz. UE L 312 z 22.11.2008, s. 3 ze zm.),</li>
<li>dyrektywę Rady 1999/31/WE z dnia 26 kwietnia 1999 r. w sprawie składowania odpadów (Dz.Urz. WE L 182 z 16.07.1999, s. 1, ze zm.),</li>
<li>dyrektywę 94/62/WE Parlamentu Europejskiego i Rady z dnia 20 grudnia 1994 r. w sprawie opakowań i odpadów opakowaniowych (Dz.Urz. WE L 365 z 31.12.1994, s. 10, ze zm.).</li>
</ol>
<p>Zespół autorów tworzą adwokaci i radcowie prawni z wieloletnim doświadczeniem w sprawach z zakresu ochrony środowiska i gospodarki odpadami. To komentarz napisany „przez praktyków dla praktyków&#8221;, którzy identyfikują i omawiają węzłowe problemy prawne, związane z wykładnią i stosowaniem przepisów ustawy.</p>
<p>Publikacja została przygotowana z myślą o wszystkich, którzy stosują przepisy komentowanej ustawy na co dzień: prawnikach (sędziach, adwokatach, radcach prawnych, notariuszach), urzędnikach administracji publicznej, przedsiębiorcach i specjalistach z branży odpadowej. Pomocna będzie również studentom i absolwentom studiów – nie tylko prawniczych – dotyczących gospodarki odpadami.</p>

<p>Redakcja: dr Łukasz M. Wyszomirski Autor: Maria Badowska, r.pr. Krzysztof Cichocki, r.pr. Tomasz Duchniak, adw. [&hellip;]</p>
