{"id":20807,"date":"2025-04-09T11:06:01","date_gmt":"2025-04-09T09:06:01","guid":{"rendered":"http:\/\/ksiegarnia-akademicka.pl\/?post_type=product&#038;p=20807"},"modified":"2025-04-09T11:06:02","modified_gmt":"2025-04-09T09:06:02","slug":"serce-historia","status":"publish","type":"product","link":"http:\/\/ksiegarnia-akademicka.pl\/index.php\/product\/serce-historia\/","title":{"rendered":"Serce Historia"},"content":{"rendered":"<div class=\"grupa osoby\"><span class=\"meta-head\">Autor:<\/span><\/p>\n<ul>\n<li class=\"meta-value\">Jauhar Sandeep<\/li>\n<\/ul>\n<\/div>\n<div class=\"grupa osoby\"><span class=\"meta-head-blue\">T\u0142umacze:<\/span>\u00a0<span class=\"meta-value\">Bie\u0144kowska Katarzyna<\/span><\/div>\n<div class=\"grupa wydawca\"><span class=\"meta-head\">Wydawca:<\/span>\u00a0W.A.B.<\/div>\n<div class=\"grupa dane\">\n<div>Oprawa:\u00a0<span class=\"meta-value-bold\">Twarda<\/span><\/div>\n<div>Format:\u00a0<span class=\"meta-value-bold\">14.5&#215;21.0cm<\/span><\/div>\n<div>Liczba stron:\u00a0<span class=\"meta-value-bold\">368<\/span><\/div>\n<div>Rok wydania:\u00a0<span class=\"meta-value-bold\">2025<\/span><\/div>\n<div>J\u0119zyk wydania:\u00a0<span class=\"meta-value-bold\">polski<\/span><\/div>\n<\/div>\n<div><\/div>\n<div>Wci\u0105gaj\u0105ca opowie\u015b\u0107 ukazuj\u0105ca pi\u0119kno, tajemnic\u0119 i cud ludzkiego serca. Od wiek\u00f3w ludzkie serce wydawa\u0142o si\u0119 by\u0107 poza naszym zrozumieniem: nieodgadniona, dr\u017c\u0105ca masa, kt\u00f3ra w jaki\u015b spos\u00f3b jest motorem emocji i siedzib\u0105 duszy. Jak pokazuje kardiolog i autor bestseller\u00f3w Sandeep Jauhar dopiero niedawno zburzyli\u015bmy odwieczne tabu i opracowali\u015bmy procedury, kt\u00f3re zmieni\u0142y spos\u00f3b, w jaki \u017cyjemy. Jauhar opowiada barwn\u0105 i ma\u0142o znan\u0105 histori\u0119 lekarzy, kt\u00f3rzy ryzykowali swoje kariery i pacjent\u00f3w, kt\u00f3rzy ryzykowali \u017cycie, aby pozna\u0107 i wyleczy\u0107 nasz najwa\u017cniejszy organ. Przedstawia Daniela Hale&#8217;a Williamsa, afroameryka\u0144skiego lekarza, kt\u00f3ry przeprowadzi\u0142 pierwsz\u0105 na \u015bwiecie operacj\u0119 na otwartym sercu. Poznajemy C. Waltona Lilleheia, kt\u00f3ry po\u0142\u0105czy\u0142 uk\u0142ad krwiono\u015bny pacjenta ze zdrowym dawc\u0105, toruj\u0105c drog\u0119 maszynie p\u0142uco-serce. Spotykamy te\u017c Wilsona Greatbatcha, kt\u00f3ry uratowa\u0142 miliony ludzi dzi\u0119ki wynalezieniu rozrusznika serca &#8211; przez przypadek. Jauhar zr\u0119cznie splata historie odkry\u0107 i pora\u017cek z poruszaj\u0105cymi opowie\u015bciami o pacjentach, kt\u00f3rych leczy\u0142 przez wiele lat. Konfrontuje si\u0119 r\u00f3wnie\u017c z ograniczeniami technologii medycznej, argumentuj\u0105c, \u017ce post\u0119p zale\u017cy bardziej od tego, jak zdecydujemy si\u0119 \u017cy\u0107, ni\u017c od urz\u0105dze\u0144, kt\u00f3re wymy\u015blimy.<\/div>\n","protected":false},"excerpt":{"rendered":"<p>Autor: Jauhar Sandeep T\u0142umacze:\u00a0Bie\u0144kowska Katarzyna Wydawca:\u00a0W.A.B. Oprawa:\u00a0Twarda Format:\u00a014.5&#215;21.0cm Liczba stron:\u00a0368 [&hellip;]<\/p>\n","protected":false},"featured_media":20808,"template":"","meta":[],"product_brand":[],"product_cat":[7991,7493,7530],"product_tag":[6569,7057,8590],"class_list":{"0":"post-20807","1":"product","2":"type-product","3":"status-publish","4":"has-post-thumbnail","6":"product_cat-kardiologia","7":"product_cat-medycyna","8":"product_cat-nowosci","9":"product_tag-historia-medycyny","10":"product_tag-kardiologia","11":"product_tag-serce","13":"first","14":"instock","15":"sale","16":"shipping-taxable","17":"purchasable","18":"product-type-simple"},"_links":{"self":[{"href":"http:\/\/ksiegarnia-akademicka.pl\/index.php\/wp-json\/wp\/v2\/product\/20807","targetHints":{"allow":["GET"]}}],"collection":[{"href":"http:\/\/ksiegarnia-akademicka.pl\/index.php\/wp-json\/wp\/v2\/product"}],"about":[{"href":"http:\/\/ksiegarnia-akademicka.pl\/index.php\/wp-json\/wp\/v2\/types\/product"}],"wp:featuredmedia":[{"embeddable":true,"href":"http:\/\/ksiegarnia-akademicka.pl\/index.php\/wp-json\/wp\/v2\/media\/20808"}],"wp:attachment":[{"href":"http:\/\/ksiegarnia-akademicka.pl\/index.php\/wp-json\/wp\/v2\/media?parent=20807"}],"wp:term":[{"taxonomy":"product_brand","embeddable":true,"href":"http:\/\/ksiegarnia-akademicka.pl\/index.php\/wp-json\/wp\/v2\/product_brand?post=20807"},{"taxonomy":"product_cat","embeddable":true,"href":"http:\/\/ksiegarnia-akademicka.pl\/index.php\/wp-json\/wp\/v2\/product_cat?post=20807"},{"taxonomy":"product_tag","embeddable":true,"href":"http:\/\/ksiegarnia-akademicka.pl\/index.php\/wp-json\/wp\/v2\/product_tag?post=20807"}],"curies":[{"name":"wp","href":"https:\/\/api.w.org\/{rel}","templated":true}]}}