{"id":20732,"date":"2025-04-01T08:48:01","date_gmt":"2025-04-01T06:48:01","guid":{"rendered":"http:\/\/ksiegarnia-akademicka.pl\/?post_type=product&#038;p=20732"},"modified":"2025-04-01T08:48:01","modified_gmt":"2025-04-01T06:48:01","slug":"komentarz-do-konstytucji-rp-art-25","status":"publish","type":"product","link":"http:\/\/ksiegarnia-akademicka.pl\/index.php\/product\/komentarz-do-konstytucji-rp-art-25\/","title":{"rendered":"Komentarz do Konstytucji RP art. 25"},"content":{"rendered":"<div class=\"grupa osoby\"><span class=\"meta-head\">Autor:<\/span><\/p>\n<ul>\n<li class=\"meta-value\">Jacek Go\u0142da-Sobczak Maria Sobczak Witold Sobczak<\/li>\n<\/ul>\n<\/div>\n<div class=\"grupa osoby\"><span class=\"meta-head-blue\">Redakcja:<\/span>\u00a0<span class=\"meta-value\">Difin<\/span><\/div>\n<div class=\"grupa wydawca\"><span class=\"meta-head\">Wydawca:<\/span>\u00a0Difin<\/div>\n<div class=\"grupa dane\">\n<div>Oprawa:\u00a0<span class=\"meta-value-bold\">Mi\u0119kka<\/span><\/div>\n<div>Liczba stron:\u00a0<span class=\"meta-value-bold\">254<\/span><\/div>\n<div>Rok wydania:\u00a0<span class=\"meta-value-bold\">2025<\/span><\/div>\n<div>J\u0119zyk wydania:\u00a0<span class=\"meta-value-bold\">polski<\/span><\/div>\n<\/div>\n<div><\/div>\n<div>Artyku\u0142 25 Konstytucji Rzeczypospolitej Polskiej dotyczy kwestii wolno\u015bci sumienia i wyznania. Odgrywa kluczow\u0105 rol\u0119 w zapewnieniu ochrony praw obywateli w zakresie ich przekona\u0144 religijnych i \u015bwiatopogl\u0105dowych. W praktyce artyku\u0142 25 Konstytucji RP ma istotne znaczenie dla kszta\u0142towania relacji mi\u0119dzy pa\u0144stwem a r\u00f3\u017cnymi wsp\u00f3lnotami religijnymi oraz dla zapewnienia obywatelom swobody w zakresie wyznania i przekona\u0144. Jego interpretacja i stosowanie w praktyce s\u0105 kluczowe dla budowania spo\u0142ecze\u0144stwa obywatelskiego i demokratycznego w Polsce.<\/div>\n","protected":false},"excerpt":{"rendered":"<p>Autor: Jacek Go\u0142da-Sobczak Maria Sobczak Witold Sobczak Redakcja:\u00a0Difin Wydawca:\u00a0Difin Oprawa:\u00a0Mi\u0119kka [&hellip;]<\/p>\n","protected":false},"featured_media":20734,"template":"","meta":[],"product_brand":[],"product_cat":[7496,7530,18],"product_tag":[1497,4400],"class_list":{"0":"post-20732","1":"product","2":"type-product","3":"status-publish","4":"has-post-thumbnail","6":"product_cat-konstytucyjne","7":"product_cat-nowosci","8":"product_cat-prawo","9":"product_tag-komentarz","10":"product_tag-konstytucja-rp","12":"first","13":"instock","14":"sale","15":"shipping-taxable","16":"purchasable","17":"product-type-simple"},"_links":{"self":[{"href":"http:\/\/ksiegarnia-akademicka.pl\/index.php\/wp-json\/wp\/v2\/product\/20732","targetHints":{"allow":["GET"]}}],"collection":[{"href":"http:\/\/ksiegarnia-akademicka.pl\/index.php\/wp-json\/wp\/v2\/product"}],"about":[{"href":"http:\/\/ksiegarnia-akademicka.pl\/index.php\/wp-json\/wp\/v2\/types\/product"}],"wp:featuredmedia":[{"embeddable":true,"href":"http:\/\/ksiegarnia-akademicka.pl\/index.php\/wp-json\/wp\/v2\/media\/20734"}],"wp:attachment":[{"href":"http:\/\/ksiegarnia-akademicka.pl\/index.php\/wp-json\/wp\/v2\/media?parent=20732"}],"wp:term":[{"taxonomy":"product_brand","embeddable":true,"href":"http:\/\/ksiegarnia-akademicka.pl\/index.php\/wp-json\/wp\/v2\/product_brand?post=20732"},{"taxonomy":"product_cat","embeddable":true,"href":"http:\/\/ksiegarnia-akademicka.pl\/index.php\/wp-json\/wp\/v2\/product_cat?post=20732"},{"taxonomy":"product_tag","embeddable":true,"href":"http:\/\/ksiegarnia-akademicka.pl\/index.php\/wp-json\/wp\/v2\/product_tag?post=20732"}],"curies":[{"name":"wp","href":"https:\/\/api.w.org\/{rel}","templated":true}]}}

<div class="grupa osoby"><span class="meta-head">Autor:</span></p>
<ul>
<li class="meta-value">Jacek Gołda-Sobczak Maria Sobczak Witold Sobczak</li>
</ul>
</div>
<div class="grupa osoby"><span class="meta-head-blue">Redakcja:</span> <span class="meta-value">Difin</span></div>
<div class="grupa wydawca"><span class="meta-head">Wydawca:</span> Difin</div>
<div class="grupa dane">
<div>Oprawa: <span class="meta-value-bold">Miękka</span></div>
<div>Liczba stron: <span class="meta-value-bold">254</span></div>
<div>Rok wydania: <span class="meta-value-bold">2025</span></div>
<div>Język wydania: <span class="meta-value-bold">polski</span></div>
</div>
<div></div>
<div>Artykuł 25 Konstytucji Rzeczypospolitej Polskiej dotyczy kwestii wolności sumienia i wyznania. Odgrywa kluczową rolę w zapewnieniu ochrony praw obywateli w zakresie ich przekonań religijnych i światopoglądowych. W praktyce artykuł 25 Konstytucji RP ma istotne znaczenie dla kształtowania relacji między państwem a różnymi wspólnotami religijnymi oraz dla zapewnienia obywatelom swobody w zakresie wyznania i przekonań. Jego interpretacja i stosowanie w praktyce są kluczowe dla budowania społeczeństwa obywatelskiego i demokratycznego w Polsce.</div>

<p>Autor: Jacek Gołda-Sobczak Maria Sobczak Witold Sobczak Redakcja: Difin Wydawca: Difin Oprawa: Miękka [&hellip;]</p>
