{"id":20403,"date":"2025-02-25T12:59:00","date_gmt":"2025-02-25T11:59:00","guid":{"rendered":"http:\/\/ksiegarnia-akademicka.pl\/?post_type=product&#038;p=20403"},"modified":"2025-02-25T12:59:00","modified_gmt":"2025-02-25T11:59:00","slug":"prawo-budowlane-w-praktyce-pytania-i-odpowiedzi","status":"publish","type":"product","link":"http:\/\/ksiegarnia-akademicka.pl\/index.php\/product\/prawo-budowlane-w-praktyce-pytania-i-odpowiedzi\/","title":{"rendered":"Prawo budowlane w praktyce Pytania i odpowiedzi"},"content":{"rendered":"<div class=\"grupa osoby\"><span class=\"meta-head\">Autor:<\/span><\/p>\n<ul>\n<li class=\"meta-value\">Joanna Maj<\/li>\n<li class=\"meta-value\">Kamil K\u0142osi\u0144ski<\/li>\n<\/ul>\n<\/div>\n<div class=\"grupa wydawca\"><span class=\"meta-head\">Wydawca:<\/span>\u00a0Wolters Kluwer<\/div>\n<div class=\"grupa dane\">\n<div>Oprawa:\u00a0<span class=\"meta-value-bold\">Mi\u0119kka<\/span><\/div>\n<div>Format:\u00a0<span class=\"meta-value-bold\">14.5&#215;20.5cm<\/span><\/div>\n<div>Liczba stron:\u00a0<span class=\"meta-value-bold\">498<\/span><\/div>\n<div>Wydanie:\u00a0<span class=\"meta-value-bold\">1<\/span><\/div>\n<div>Rok wydania:\u00a0<span class=\"meta-value-bold\">2025<\/span><\/div>\n<div>J\u0119zyk wydania:\u00a0<span class=\"meta-value-bold\">polski<\/span><\/div>\n<\/div>\n<div><\/div>\n<div>Ksi\u0105\u017cka zawiera odpowiedzi na 100 pyta\u0144 najcz\u0119\u015bciej pojawiaj\u0105cych si\u0119 w trakcie przebiegu procesu inwestycyjnego, pocz\u0105wszy od etapu z\u0142o\u017cenia wniosku o wydanie pozwolenia na budow\u0119 a\u017c po wydanie pozwolenia na u\u017cytkowanie i kwestie zwi\u0105zane z utrzymaniem obiektu.<br \/>\nPorusza zagadnienia odpowiedzialno\u015bci zawodowej w budownictwie i przepis\u00f3w karnych w ustawie \u2013 Prawo budowlane. Uwzgl\u0119dnia przy tym najnowsze zmiany legislacyjne.<\/p>\n<p>Publikacja \u0142\u0105czy w sobie praktyczne uj\u0119cie tematu ze wskazaniem utrwalonych linii orzeczniczych oraz rozstrzygni\u0119\u0107 o precedensowym charakterze, kt\u00f3re odegra\u0142y istotn\u0105 rol\u0119 w stosowaniu prawa.<\/p>\n<p>Autorzy, jako praktycy zajmuj\u0105cy si\u0119 szeroko rozumianym prawem budowlanym oraz byli pracownicy nadzoru budowlanego i administracji architektoniczno-budowlanej, udzielaj\u0105 konkretnych wskaz\u00f3wek pozwalaj\u0105cych unikn\u0105\u0107 b\u0142\u0119d\u00f3w proceduralnych.<\/p>\n<p>Ksi\u0105\u017cka jest przeznaczona dla pracownik\u00f3w organ\u00f3w administracji publicznej, inwestor\u00f3w, pe\u0142nomocnik\u00f3w, projektant\u00f3w oraz przedsi\u0119biorc\u00f3w z bran\u017cy budowlanej i nieruchomo\u015bci.<\/p><\/div>\n","protected":false},"excerpt":{"rendered":"<p>Autor: Joanna Maj Kamil K\u0142osi\u0144ski Wydawca:\u00a0Wolters Kluwer Oprawa:\u00a0Mi\u0119kka Format:\u00a014.5&#215;20.5cm Liczba [&hellip;]<\/p>\n","protected":false},"featured_media":20404,"template":"","meta":[],"product_brand":[],"product_cat":[7492,7530,18],"product_tag":[4576],"class_list":{"0":"post-20403","1":"product","2":"type-product","3":"status-publish","4":"has-post-thumbnail","6":"product_cat-administracyjne","7":"product_cat-nowosci","8":"product_cat-prawo","9":"product_tag-prawo-budowlane","11":"first","12":"instock","13":"sale","14":"shipping-taxable","15":"purchasable","16":"product-type-simple"},"_links":{"self":[{"href":"http:\/\/ksiegarnia-akademicka.pl\/index.php\/wp-json\/wp\/v2\/product\/20403","targetHints":{"allow":["GET"]}}],"collection":[{"href":"http:\/\/ksiegarnia-akademicka.pl\/index.php\/wp-json\/wp\/v2\/product"}],"about":[{"href":"http:\/\/ksiegarnia-akademicka.pl\/index.php\/wp-json\/wp\/v2\/types\/product"}],"wp:featuredmedia":[{"embeddable":true,"href":"http:\/\/ksiegarnia-akademicka.pl\/index.php\/wp-json\/wp\/v2\/media\/20404"}],"wp:attachment":[{"href":"http:\/\/ksiegarnia-akademicka.pl\/index.php\/wp-json\/wp\/v2\/media?parent=20403"}],"wp:term":[{"taxonomy":"product_brand","embeddable":true,"href":"http:\/\/ksiegarnia-akademicka.pl\/index.php\/wp-json\/wp\/v2\/product_brand?post=20403"},{"taxonomy":"product_cat","embeddable":true,"href":"http:\/\/ksiegarnia-akademicka.pl\/index.php\/wp-json\/wp\/v2\/product_cat?post=20403"},{"taxonomy":"product_tag","embeddable":true,"href":"http:\/\/ksiegarnia-akademicka.pl\/index.php\/wp-json\/wp\/v2\/product_tag?post=20403"}],"curies":[{"name":"wp","href":"https:\/\/api.w.org\/{rel}","templated":true}]}}