{"id":20152,"date":"2025-02-05T13:50:54","date_gmt":"2025-02-05T12:50:54","guid":{"rendered":"http:\/\/ksiegarnia-akademicka.pl\/?post_type=product&#038;p=20152"},"modified":"2025-02-05T13:50:54","modified_gmt":"2025-02-05T12:50:54","slug":"vat","status":"publish","type":"product","link":"http:\/\/ksiegarnia-akademicka.pl\/index.php\/product\/vat\/","title":{"rendered":"Vat"},"content":{"rendered":"<div class=\"grupa seria\"><span class=\"meta-head-blue\">Nale\u017cy do serii:<\/span><\/p>\n<ul>\n<li>TWOJE PRAWO<\/li>\n<\/ul>\n<\/div>\n<div class=\"grupa osoby\"><span class=\"meta-head-blue\">Redakcja:<\/span>\u00a0<span class=\"meta-value\">Aneta Flisek<\/span><\/div>\n<div class=\"grupa wydawca\"><span class=\"meta-head\">Wydawca:<\/span>\u00a0C.H. Beck<\/div>\n<div class=\"grupa dane\">\n<div>Oprawa:\u00a0<span class=\"meta-value-bold\">Mi\u0119kka<\/span><\/div>\n<div>Format:\u00a0<span class=\"meta-value-bold\">12.2&#215;17.5cm<\/span><\/div>\n<div>Liczba stron:\u00a0<span class=\"meta-value-bold\">430<\/span><\/div>\n<div>Wydanie:\u00a0<span class=\"meta-value-bold\">27<\/span><\/div>\n<div>Rok wydania:\u00a0<span class=\"meta-value-bold\">2025<\/span><\/div>\n<div>J\u0119zyk wydania:\u00a0<span class=\"meta-value-bold\">polski<\/span><\/div>\n<\/div>\n<div><\/div>\n<div>Stan prawny: 3 stycznia 2025 r.<\/p>\n<p>Ksi\u0105\u017cka uwzgl\u0119dnia zmiany wchodz\u0105ce w \u017cycie:<\/p>\n<p>Nowy tekst jednolity z dnia 9 lutego 2024 r. (Dz.U. z 2024 r. poz. 361),<br \/>\n5.10.2024 r. \u2013 Ustawa o zmianie ustawy o szczeg\u00f3lnych rozwi\u0105zaniach zwi\u0105zanych z usuwaniem skutk\u00f3w powodzi oraz niekt\u00f3rych innych ustaw z dnia 1 pa\u017adziernika 2024 r. (Dz.U. z 2024 r. poz. 1473),<br \/>\n1.1.2025 r. \u2013 Ustawa o zmianie ustawy o podatku od towar\u00f3w i us\u0142ug oraz niekt\u00f3rych innych ustaw z dnia 8 listopada 2024 r. (Dz.U. z 2024 r. poz. 1721),<br \/>\n1.1.2025 r. \u2013 Ustawa o zmianie ustawy o gospodarce opakowaniami i odpadami opakowaniowymi oraz niekt\u00f3rych innych ustaw z dnia 21 listopada 2024 r. (Dz.U. z 2024 r. poz. 1911),<br \/>\n1.4.2025 r. \u2013 Ustawa o zmianie ustawy o podatku dochodowym od os\u00f3b fizycznych, ustawy o podatku dochodowym od os\u00f3b prawnych oraz niekt\u00f3rych innych ustaw z dnia 29 pa\u017adziernika 2021 r. (Dz.U. z 2021 r. poz. 2105 ze zm.),<br \/>\n1.2.2026 r. \u2013 Ustawa o zmianie ustawy o podatku od towar\u00f3w i us\u0142ug oraz niekt\u00f3rych innych ustaw z dnia 16 czerwca 2023 r. (Dz.U. z 2023 r. poz. 1598 ze zm.),<br \/>\n1.8.2026 r. \u2013 Ustawa o zmianie ustawy o podatku od towar\u00f3w i us\u0142ug oraz niekt\u00f3rych innych ustaw z dnia 16 czerwca 2023 r. (Dz.U. z 2023 r. poz. 1598 ze zm.).<br \/>\nKsi\u0105\u017cka zawiera:<br \/>\nUstaw\u0119 o podatku od towar\u00f3w i us\u0142ug,<br \/>\nRozporz\u0105dzenie Ministra Finans\u00f3w w sprawie zwrotu podatku od towar\u00f3w i us\u0142ug niekt\u00f3rym podmiotom z dnia 20 pa\u017adziernika 2021 r.,<br \/>\nIndeks rzeczowy.<br \/>\nSeria &#8222;Twoje Prawo&#8221; zawiera:<\/p>\n<p>Boldowanie najnowszych zmian<br \/>\nPrzypisy od Redakcji<br \/>\nCzytelne has\u0142a i teksty<br \/>\nIndeks rzeczowy<\/p><\/div>\n","protected":false},"excerpt":{"rendered":"<p>Nale\u017cy do serii: TWOJE PRAWO Redakcja:\u00a0Aneta Flisek Wydawca:\u00a0C.H. Beck Oprawa:\u00a0Mi\u0119kka [&hellip;]<\/p>\n","protected":false},"featured_media":20153,"template":"","meta":[],"product_brand":[],"product_cat":[7530,22,23],"product_tag":[355,1496,5174],"class_list":{"0":"post-20152","1":"product","2":"type-product","3":"status-publish","4":"has-post-thumbnail","6":"product_cat-nowosci","7":"product_cat-podatki-i-prawo-podatkowe","8":"product_cat-rachunkowosc","9":"product_tag-podatki","10":"product_tag-rachunkowosc","11":"product_tag-teksty-ustaw-seria-twoje-prawo","13":"first","14":"instock","15":"sale","16":"shipping-taxable","17":"purchasable","18":"product-type-simple"},"_links":{"self":[{"href":"http:\/\/ksiegarnia-akademicka.pl\/index.php\/wp-json\/wp\/v2\/product\/20152","targetHints":{"allow":["GET"]}}],"collection":[{"href":"http:\/\/ksiegarnia-akademicka.pl\/index.php\/wp-json\/wp\/v2\/product"}],"about":[{"href":"http:\/\/ksiegarnia-akademicka.pl\/index.php\/wp-json\/wp\/v2\/types\/product"}],"wp:featuredmedia":[{"embeddable":true,"href":"http:\/\/ksiegarnia-akademicka.pl\/index.php\/wp-json\/wp\/v2\/media\/20153"}],"wp:attachment":[{"href":"http:\/\/ksiegarnia-akademicka.pl\/index.php\/wp-json\/wp\/v2\/media?parent=20152"}],"wp:term":[{"taxonomy":"product_brand","embeddable":true,"href":"http:\/\/ksiegarnia-akademicka.pl\/index.php\/wp-json\/wp\/v2\/product_brand?post=20152"},{"taxonomy":"product_cat","embeddable":true,"href":"http:\/\/ksiegarnia-akademicka.pl\/index.php\/wp-json\/wp\/v2\/product_cat?post=20152"},{"taxonomy":"product_tag","embeddable":true,"href":"http:\/\/ksiegarnia-akademicka.pl\/index.php\/wp-json\/wp\/v2\/product_tag?post=20152"}],"curies":[{"name":"wp","href":"https:\/\/api.w.org\/{rel}","templated":true}]}}

<div class="grupa seria"><span class="meta-head-blue">Należy do serii:</span></p>
<ul>
<li>TWOJE PRAWO</li>
</ul>
</div>
<div class="grupa osoby"><span class="meta-head-blue">Redakcja:</span> <span class="meta-value">Aneta Flisek</span></div>
<div class="grupa wydawca"><span class="meta-head">Wydawca:</span> C.H. Beck</div>
<div class="grupa dane">
<div>Oprawa: <span class="meta-value-bold">Miękka</span></div>
<div>Format: <span class="meta-value-bold">12.2&#215;17.5cm</span></div>
<div>Liczba stron: <span class="meta-value-bold">430</span></div>
<div>Wydanie: <span class="meta-value-bold">27</span></div>
<div>Rok wydania: <span class="meta-value-bold">2025</span></div>
<div>Język wydania: <span class="meta-value-bold">polski</span></div>
</div>
<div></div>
<div>Stan prawny: 3 stycznia 2025 r.</p>
<p>Książka uwzględnia zmiany wchodzące w życie:</p>
<p>Nowy tekst jednolity z dnia 9 lutego 2024 r. (Dz.U. z 2024 r. poz. 361),<br />
5.10.2024 r. – Ustawa o zmianie ustawy o szczególnych rozwiązaniach związanych z usuwaniem skutków powodzi oraz niektórych innych ustaw z dnia 1 października 2024 r. (Dz.U. z 2024 r. poz. 1473),<br />
1.1.2025 r. – Ustawa o zmianie ustawy o podatku od towarów i usług oraz niektórych innych ustaw z dnia 8 listopada 2024 r. (Dz.U. z 2024 r. poz. 1721),<br />
1.1.2025 r. – Ustawa o zmianie ustawy o gospodarce opakowaniami i odpadami opakowaniowymi oraz niektórych innych ustaw z dnia 21 listopada 2024 r. (Dz.U. z 2024 r. poz. 1911),<br />
1.4.2025 r. – Ustawa o zmianie ustawy o podatku dochodowym od osób fizycznych, ustawy o podatku dochodowym od osób prawnych oraz niektórych innych ustaw z dnia 29 października 2021 r. (Dz.U. z 2021 r. poz. 2105 ze zm.),<br />
1.2.2026 r. – Ustawa o zmianie ustawy o podatku od towarów i usług oraz niektórych innych ustaw z dnia 16 czerwca 2023 r. (Dz.U. z 2023 r. poz. 1598 ze zm.),<br />
1.8.2026 r. – Ustawa o zmianie ustawy o podatku od towarów i usług oraz niektórych innych ustaw z dnia 16 czerwca 2023 r. (Dz.U. z 2023 r. poz. 1598 ze zm.).<br />
Książka zawiera:<br />
Ustawę o podatku od towarów i usług,<br />
Rozporządzenie Ministra Finansów w sprawie zwrotu podatku od towarów i usług niektórym podmiotom z dnia 20 października 2021 r.,<br />
Indeks rzeczowy.<br />
Seria &#8222;Twoje Prawo&#8221; zawiera:</p>
<p>Boldowanie najnowszych zmian<br />
Przypisy od Redakcji<br />
Czytelne hasła i teksty<br />
Indeks rzeczowy</p></div>

<p>Należy do serii: TWOJE PRAWO Redakcja: Aneta Flisek Wydawca: C.H. Beck Oprawa: Miękka [&hellip;]</p>
