{"id":20090,"date":"2025-01-31T10:00:17","date_gmt":"2025-01-31T09:00:17","guid":{"rendered":"http:\/\/ksiegarnia-akademicka.pl\/?post_type=product&#038;p=20090"},"modified":"2025-01-31T10:00:20","modified_gmt":"2025-01-31T09:00:20","slug":"historia-filozofii-tom-3","status":"publish","type":"product","link":"http:\/\/ksiegarnia-akademicka.pl\/index.php\/product\/historia-filozofii-tom-3\/","title":{"rendered":"Historia filozofii Tom 3"},"content":{"rendered":"<div class=\"grupa osoby\"><span class=\"meta-head\">Autor:<\/span><\/p>\n<ul>\n<li class=\"meta-value\">W\u0142adys\u0142aw Tatarkiewicz<\/li>\n<\/ul>\n<\/div>\n<div class=\"grupa wydawca\"><span class=\"meta-head\">Wydawca:<\/span>\u00a0Wydawnictwo Naukowe PWN<\/div>\n<div class=\"grupa dane\">\n<div>Oprawa:\u00a0<span class=\"meta-value-bold\">Twarda<\/span><\/div>\n<div>Format:\u00a0<span class=\"meta-value-bold\">16.5&#215;23.5cm<\/span><\/div>\n<div>Liczba stron:\u00a0<span class=\"meta-value-bold\">558<\/span><\/div>\n<div>Wydanie:\u00a0<span class=\"meta-value-bold\">20<\/span><\/div>\n<div>Rok wydania:\u00a0<span class=\"meta-value-bold\">2025<\/span><\/div>\n<div>J\u0119zyk wydania:\u00a0<span class=\"meta-value-bold\">polski<\/span><\/div>\n<\/div>\n<div><\/div>\n<div>Kolejne wydanie wielokrotnie wznawianego, klasycznego podr\u0119cznika do historii filozofii, kt\u00f3ry po raz pierwszy ukaza\u0142 si\u0119 w 1931 roku i doczeka\u0142 si\u0119 kilkudziesi\u0119ciu wyda\u0144. Autor \u2013 filozof i historyk filozofii, estetyk i historyk sztuki, etyk, wyk\u0142adowca, nauczyciel kilku pokole\u0144 filozof\u00f3w \u2013 przedstawi\u0142 dzieje my\u015bli filozoficznej jako histori\u0119 my\u015blicieli. Po om\u00f3wieniu doktryn ka\u017cdego okresu zestawi\u0142 kr\u00f3tko najwa\u017cniejsze zagadnienia i poj\u0119cia. Tom pierwszy po\u015bwi\u0119cony jest filozofii staro\u017cytnej i \u015bredniowiecznej, tom drugi \u2013 filozofii nowo\u017cytnej do roku 1830, tom trzeci \u2013 filozofii XIX wieku i wsp\u00f3\u0142czesnej. Ka\u017cdy z tom\u00f3w zawiera bibliografi\u0119 (opracowa\u0144 og\u00f3lnych i szczeg\u00f3\u0142owych, tekst\u00f3w filozoficznych polskich i obcoj\u0119zycznych oraz przek\u0142ad\u00f3w polskich). W tomie trzecim zamieszczono indeks nazwisk filozof\u00f3w, indeks nazwisk autor\u00f3w prac o filozofach oraz indeks rzeczowy (indeksy odnosz\u0105 si\u0119 do ca\u0142o\u015bci). Ksi\u0105\u017cka pomocna w procesie nauczania propedeutyki filozofii i etyki, a tak\u017ce j\u0119zyka polskiego<\/div>\n","protected":false},"excerpt":{"rendered":"<p>Autor: W\u0142adys\u0142aw Tatarkiewicz Wydawca:\u00a0Wydawnictwo Naukowe PWN Oprawa:\u00a0Twarda Format:\u00a016.5&#215;23.5cm Liczba stron:\u00a0558 [&hellip;]<\/p>\n","protected":false},"featured_media":20091,"template":"","meta":[],"product_brand":[],"product_cat":[7506,27],"product_tag":[233,8484],"class_list":{"0":"post-20090","1":"product","2":"type-product","3":"status-publish","4":"has-post-thumbnail","6":"product_cat-filozofia","7":"product_cat-nauki-spoleczne","8":"product_tag-filozofia","9":"product_tag-wladyslaw-tatarkiewicz","11":"first","12":"instock","13":"sale","14":"shipping-taxable","15":"purchasable","16":"product-type-simple"},"_links":{"self":[{"href":"http:\/\/ksiegarnia-akademicka.pl\/index.php\/wp-json\/wp\/v2\/product\/20090","targetHints":{"allow":["GET"]}}],"collection":[{"href":"http:\/\/ksiegarnia-akademicka.pl\/index.php\/wp-json\/wp\/v2\/product"}],"about":[{"href":"http:\/\/ksiegarnia-akademicka.pl\/index.php\/wp-json\/wp\/v2\/types\/product"}],"wp:featuredmedia":[{"embeddable":true,"href":"http:\/\/ksiegarnia-akademicka.pl\/index.php\/wp-json\/wp\/v2\/media\/20091"}],"wp:attachment":[{"href":"http:\/\/ksiegarnia-akademicka.pl\/index.php\/wp-json\/wp\/v2\/media?parent=20090"}],"wp:term":[{"taxonomy":"product_brand","embeddable":true,"href":"http:\/\/ksiegarnia-akademicka.pl\/index.php\/wp-json\/wp\/v2\/product_brand?post=20090"},{"taxonomy":"product_cat","embeddable":true,"href":"http:\/\/ksiegarnia-akademicka.pl\/index.php\/wp-json\/wp\/v2\/product_cat?post=20090"},{"taxonomy":"product_tag","embeddable":true,"href":"http:\/\/ksiegarnia-akademicka.pl\/index.php\/wp-json\/wp\/v2\/product_tag?post=20090"}],"curies":[{"name":"wp","href":"https:\/\/api.w.org\/{rel}","templated":true}]}}