{"id":19744,"date":"2025-01-14T08:41:51","date_gmt":"2025-01-14T07:41:51","guid":{"rendered":"http:\/\/ksiegarnia-akademicka.pl\/?post_type=product&#038;p=19744"},"modified":"2025-01-14T08:41:51","modified_gmt":"2025-01-14T07:41:51","slug":"neuropsychiatria-i-neurologia-behawioralna","status":"publish","type":"product","link":"http:\/\/ksiegarnia-akademicka.pl\/index.php\/product\/neuropsychiatria-i-neurologia-behawioralna\/","title":{"rendered":"Neuropsychiatria i neurologia behawioralna"},"content":{"rendered":"<div class=\"grupa osoby\"><span class=\"meta-head\">Autor:<\/span><\/p>\n<ul>\n<li class=\"meta-value\">J.J. Barry<\/li>\n<\/ul>\n<\/div>\n<div class=\"grupa osoby\"><span class=\"meta-head-blue\">Redakcja:<\/span>\u00a0<span class=\"meta-value\">Turaj W.<\/span><\/div>\n<div class=\"grupa osoby\"><span class=\"meta-head-blue\">Ilustracje:<\/span>\u00a0<span class=\"meta-value\">Urban &amp; Partner sp. z o.o.<\/span><\/div>\n<div class=\"grupa wydawca\"><span class=\"meta-head\">Wydawca:<\/span>\u00a0Edra Urban &amp; Partner<\/div>\n<div class=\"grupa dane\">\n<div>Oprawa:\u00a0<span class=\"meta-value-bold\">Mi\u0119kka<\/span><\/div>\n<div>Format:\u00a0<span class=\"meta-value-bold\">12.0&#215;21.0cm<\/span><\/div>\n<div>Liczba stron:\u00a0<span class=\"meta-value-bold\">378<\/span><\/div>\n<div>Rok wydania:\u00a0<span class=\"meta-value-bold\">2025<\/span><\/div>\n<div>J\u0119zyk wydania:\u00a0<span class=\"meta-value-bold\">polski<\/span><\/div>\n<\/div>\n<div><\/div>\n<div>Neuropsychiatria i neurologia behawioralna to specjalno\u015bci po\u015bwi\u0119cone poznaniu i leczeniu zaburze\u0144 behawioralnych zwi\u0105zanych z nieprawid\u0142ow\u0105 czynno\u015bci\u0105 uk\u0142adu nerwowego. Diagnostyka tych zaburze\u0144 wymaga dok\u0142ad-nej obserwacji zachowania, formalnej oceny klinicznej oraz wykorzystania wybranych bada\u0144 neurodiagnostycznych.<br \/>\nZ\u0142o\u017cono\u015b\u0107 m\u00f3zgu znajduje odzwierciedlenie w z\u0142o\u017cono\u015bci objaw\u00f3w, z kt\u00f3rymi pacjenci zg\u0142aszaj\u0105 si\u0119 do lekarza, od kt\u00f3rego wymaga si\u0119 wiedzy eksperc-kiej na temat uroje\u0144, afazji lub omam\u00f3w, po\u0142\u0105czonej z g\u0142\u0119bokim zrozumieniem struktury i czynno\u015bci m\u00f3zgu w zdrowiu i w chorobie.<br \/>\nCelem Autor\u00f3w publikacji by\u0142o wydestylowanie tych informacji w zwi\u0119z\u0142\u0105 publikacj\u0119, kt\u00f3ra, wirtualnie lub fizycznie, zmie\u015bci\u0142aby si\u0119 w kieszeni i by\u0142a pod r\u0119k\u0105, aby w razie potrzeby pom\u00f3c w rozpoznaniu i leczeniu pacjent\u00f3w z zabu-rzeniami neuropsychicznymi i neurobehawioralnymi.<\/div>\n","protected":false},"excerpt":{"rendered":"<p>Autor: J.J. Barry Redakcja:\u00a0Turaj W. Ilustracje:\u00a0Urban &amp; Partner sp. z [&hellip;]<\/p>\n","protected":false},"featured_media":19745,"template":"","meta":[],"product_brand":[],"product_cat":[8302,7493,7530],"product_tag":[6070,1665],"class_list":{"0":"post-19744","1":"product","2":"type-product","3":"status-publish","4":"has-post-thumbnail","6":"product_cat-inne-medycyna","7":"product_cat-medycyna","8":"product_cat-nowosci","9":"product_tag-neurologia","10":"product_tag-psychiatria","12":"first","13":"instock","14":"sale","15":"shipping-taxable","16":"purchasable","17":"product-type-simple"},"_links":{"self":[{"href":"http:\/\/ksiegarnia-akademicka.pl\/index.php\/wp-json\/wp\/v2\/product\/19744","targetHints":{"allow":["GET"]}}],"collection":[{"href":"http:\/\/ksiegarnia-akademicka.pl\/index.php\/wp-json\/wp\/v2\/product"}],"about":[{"href":"http:\/\/ksiegarnia-akademicka.pl\/index.php\/wp-json\/wp\/v2\/types\/product"}],"wp:featuredmedia":[{"embeddable":true,"href":"http:\/\/ksiegarnia-akademicka.pl\/index.php\/wp-json\/wp\/v2\/media\/19745"}],"wp:attachment":[{"href":"http:\/\/ksiegarnia-akademicka.pl\/index.php\/wp-json\/wp\/v2\/media?parent=19744"}],"wp:term":[{"taxonomy":"product_brand","embeddable":true,"href":"http:\/\/ksiegarnia-akademicka.pl\/index.php\/wp-json\/wp\/v2\/product_brand?post=19744"},{"taxonomy":"product_cat","embeddable":true,"href":"http:\/\/ksiegarnia-akademicka.pl\/index.php\/wp-json\/wp\/v2\/product_cat?post=19744"},{"taxonomy":"product_tag","embeddable":true,"href":"http:\/\/ksiegarnia-akademicka.pl\/index.php\/wp-json\/wp\/v2\/product_tag?post=19744"}],"curies":[{"name":"wp","href":"https:\/\/api.w.org\/{rel}","templated":true}]}}