{"id":19659,"date":"2025-01-07T08:40:53","date_gmt":"2025-01-07T07:40:53","guid":{"rendered":"http:\/\/ksiegarnia-akademicka.pl\/?post_type=product&#038;p=19659"},"modified":"2025-01-07T08:40:53","modified_gmt":"2025-01-07T07:40:53","slug":"polski-design","status":"publish","type":"product","link":"http:\/\/ksiegarnia-akademicka.pl\/index.php\/product\/polski-design\/","title":{"rendered":"Polski design"},"content":{"rendered":"<div class=\"grupa osoby\"><span class=\"meta-head\">Autor:<\/span><\/p>\n<ul>\n<li class=\"meta-value\">Irma Kozina<\/li>\n<\/ul>\n<\/div>\n<div class=\"grupa wydawca\"><span class=\"meta-head\">Wydawca:<\/span>\u00a0SBM<\/div>\n<div class=\"grupa dane\">\n<div>Oprawa:\u00a0<span class=\"meta-value-bold\">Twarda<\/span><\/div>\n<div>Format:\u00a0<span class=\"meta-value-bold\">24.1&#215;33.0cm<\/span><\/div>\n<div>Liczba stron:\u00a0<span class=\"meta-value-bold\">256<\/span><\/div>\n<div>Wydanie:\u00a0<span class=\"meta-value-bold\">1<\/span><\/div>\n<div>Rok wydania:\u00a0<span class=\"meta-value-bold\">2024<\/span><\/div>\n<div>J\u0119zyk wydania:\u00a0<span class=\"meta-value-bold\">polski<\/span><\/div>\n<\/div>\n<div><\/div>\n<div>Polski design to ksi\u0105\u017cka o historii tworzenia sztuki u\u017cytkowej od okresu formowania pa\u0144stwa polskiego do czas\u00f3w wsp\u00f3\u0142czesnych. Autorka w spos\u00f3b analityczny przedstawia informacje na temat dziej\u00f3w projektowania codziennych przedmiot\u00f3w u\u0142atwiaj\u0105cych cz\u0142owiekowi prac\u0119 i wypoczynek. Projekty powsta\u0142y w efekcie dzia\u0142a\u0144 designer\u00f3w zwi\u0105zanych z krajowym \u015brodowiskiem artystycznym lub zatrudnionych w instytucjach i zak\u0142adach tworz\u0105cych rozpoznawaln\u0105 w \u015bwiecie polsk\u0105 mark\u0119. W przyst\u0119pny spos\u00f3b zosta\u0142y opisane dziesi\u0105tki fakt\u00f3w i zjawisk, kt\u00f3re zadecydowa\u0142y o charakterze umeblowania w naszych domach i miejscach pracy, o wygl\u0105dzie i jako\u015bci rodzimych pojazd\u00f3w, a nawet o popularno\u015bci okre\u015blonych rodzaj\u00f3w aparat\u00f3w fotograficznych i kupowanych dzieciom jako prezent z okazji Pierwszej Komunii \u015awi\u0119tej. Opowiedziane historie mog\u0105 zaciekawi\u0107 zar\u00f3wno student\u00f3w wzornictwa, jak i osoby zainteresowane kszta\u0142towaniem si\u0119 trend\u00f3w w polskim designie.<\/div>\n","protected":false},"excerpt":{"rendered":"<p>Autor: Irma Kozina Wydawca:\u00a0SBM Oprawa:\u00a0Twarda Format:\u00a024.1&#215;33.0cm Liczba stron:\u00a0256 Wydanie:\u00a01 Rok [&hellip;]<\/p>\n","protected":false},"featured_media":19660,"template":"","meta":[],"product_brand":[],"product_cat":[7823],"product_tag":[8420,4292],"class_list":{"0":"post-19659","1":"product","2":"type-product","3":"status-publish","4":"has-post-thumbnail","6":"product_cat-sztuka","7":"product_tag-polski-design","8":"product_tag-sztuka","10":"first","11":"instock","12":"sale","13":"shipping-taxable","14":"purchasable","15":"product-type-simple"},"_links":{"self":[{"href":"http:\/\/ksiegarnia-akademicka.pl\/index.php\/wp-json\/wp\/v2\/product\/19659","targetHints":{"allow":["GET"]}}],"collection":[{"href":"http:\/\/ksiegarnia-akademicka.pl\/index.php\/wp-json\/wp\/v2\/product"}],"about":[{"href":"http:\/\/ksiegarnia-akademicka.pl\/index.php\/wp-json\/wp\/v2\/types\/product"}],"wp:featuredmedia":[{"embeddable":true,"href":"http:\/\/ksiegarnia-akademicka.pl\/index.php\/wp-json\/wp\/v2\/media\/19660"}],"wp:attachment":[{"href":"http:\/\/ksiegarnia-akademicka.pl\/index.php\/wp-json\/wp\/v2\/media?parent=19659"}],"wp:term":[{"taxonomy":"product_brand","embeddable":true,"href":"http:\/\/ksiegarnia-akademicka.pl\/index.php\/wp-json\/wp\/v2\/product_brand?post=19659"},{"taxonomy":"product_cat","embeddable":true,"href":"http:\/\/ksiegarnia-akademicka.pl\/index.php\/wp-json\/wp\/v2\/product_cat?post=19659"},{"taxonomy":"product_tag","embeddable":true,"href":"http:\/\/ksiegarnia-akademicka.pl\/index.php\/wp-json\/wp\/v2\/product_tag?post=19659"}],"curies":[{"name":"wp","href":"https:\/\/api.w.org\/{rel}","templated":true}]}}