{"id":19057,"date":"2024-12-16T08:34:03","date_gmt":"2024-12-16T07:34:03","guid":{"rendered":"http:\/\/ksiegarnia-akademicka.pl\/?post_type=product&#038;p=19057"},"modified":"2025-01-27T13:34:31","modified_gmt":"2025-01-27T12:34:31","slug":"koncepcja-czystszej-produkcji-narzedziem-realizacji-idei-zrownowazonego-rozwoju-przyklady-dobrych-praktyk","status":"publish","type":"product","link":"http:\/\/ksiegarnia-akademicka.pl\/index.php\/product\/koncepcja-czystszej-produkcji-narzedziem-realizacji-idei-zrownowazonego-rozwoju-przyklady-dobrych-praktyk\/","title":{"rendered":"Koncepcja Czystszej Produkcji narz\u0119dziem realizacji idei zr\u00f3wnowa\u017conego rozwoju Przyk\u0142ady dobrych praktyk"},"content":{"rendered":"<div class=\"grupa osoby\"><span class=\"meta-head\">Autor: Agnieszka Sitko-Lutek, Wojciech Lutek<\/span><\/div>\n<div class=\"grupa wydawca\"><span class=\"meta-head\">Wydawca:<\/span> UMCS<\/div>\n<div class=\"grupa dane\">\n<div>Oprawa:\u00a0<span class=\"meta-value-bold\">Mi\u0119kka<\/span><\/div>\n<div>Liczba stron:\u00a0<span class=\"meta-value-bold\">320<\/span><\/div>\n<div>Rok wydania:\u00a0<span class=\"meta-value-bold\">2024<\/span><\/div>\n<div>J\u0119zyk wydania:\u00a0<span class=\"meta-value-bold\">polski<\/span><\/div>\n<\/div>\n<div><\/div>\n<div>Celem g\u0142\u00f3wnym monografii jest ocena wykorzystania koncepcji Czystej Produkcji w wymiarze \u015brodowiskowym, ekonomicznym oraz spo\u0142ecznym poprzez prezentacje dobrych praktyk w wybranych podmiotach biznesowych.<br \/>\nKoncepcja Czystej Produkcji (ang. Cleaner Production) jest dynamicznie rozwijaj\u0105c\u0105 si\u0119 ide\u0105 na rzecz upraktycznienia zr\u00f3wnowa\u017conego rozwoju.<\/p>\n<p>Recenzowana monografia jest niezwykle interesuj\u0105cym i warto\u015bciowym opracowaniem naukowym z uwagi na nast\u0119puj\u0105ce okoliczno\u015bci: oryginalno\u015b\u0107 rozwa\u017ca\u0144 zaw\u0119\u017con\u0105 do problematyki Czystej Produkcji (na rynku istnieje bardzo niewiele zwartych opracowa\u0144 opisuj\u0105cych to zagadnienie); wnikliwe, krytyczne i pog\u0142\u0119bione studia literaturowe z zakresu prezentowanych aspekt\u00f3w, po\u0142\u0105czenie wiedzy teoretycznej z systemow\u0105, prawn\u0105 i organizacyjn\u0105; zaprezentowanie szczeg\u00f3\u0142owych studi\u00f3w przypadku z zakresu Czystej Produkcji w polskich przedsi\u0119biorstwach; interdyscyplinarno\u015b\u0107 i fachowo\u015b\u0107 wiedzy Autor\u00f3w; zrozumia\u0142o\u015b\u0107, przejrzysto\u015b\u0107 i czytelno\u015b\u0107 prowadzonych rozwa\u017ca\u0144.<br \/>\nJestem przekonana, \u017ce spotka si\u0119 ona z zainteresowaniem i \u017cyczliwym przyj\u0119ciem przedstawicieli teorii i praktyki zarz\u0105dzania przedsi\u0119biorstwem. Mo\u017ce ona stanowi\u0107 tak\u017ce atrakcyjne wsparcie w procesie dydaktycznym na wszystkich kierunkach i formach kszta\u0142cenia zwi\u0105zanych ze zr\u00f3wnowa\u017conym rozwojem.<br \/>\nZ recenzji prof.. Dr hab.. Izabeli Jonek-Kowalskiej<\/p><\/div>\n","protected":false},"excerpt":{"rendered":"<p>Autor: Agnieszka Sitko-Lutek, Wojciech Lutek Wydawca: UMCS Oprawa:\u00a0Mi\u0119kka Liczba stron:\u00a0320 [&hellip;]<\/p>\n","protected":false},"featured_media":19058,"template":"","meta":[],"product_brand":[],"product_cat":[17,7499],"product_tag":[8395,337,4376],"class_list":{"0":"post-19057","1":"product","2":"type-product","3":"status-publish","4":"has-post-thumbnail","6":"product_cat-ekonomia","7":"product_cat-makro-i-mikroekonomia","8":"product_tag-czysta-produkcja","9":"product_tag-ekonomia","10":"product_tag-zrownowazony-rozwoj","12":"first","13":"instock","14":"sale","15":"shipping-taxable","16":"purchasable","17":"product-type-simple"},"_links":{"self":[{"href":"http:\/\/ksiegarnia-akademicka.pl\/index.php\/wp-json\/wp\/v2\/product\/19057","targetHints":{"allow":["GET"]}}],"collection":[{"href":"http:\/\/ksiegarnia-akademicka.pl\/index.php\/wp-json\/wp\/v2\/product"}],"about":[{"href":"http:\/\/ksiegarnia-akademicka.pl\/index.php\/wp-json\/wp\/v2\/types\/product"}],"wp:featuredmedia":[{"embeddable":true,"href":"http:\/\/ksiegarnia-akademicka.pl\/index.php\/wp-json\/wp\/v2\/media\/19058"}],"wp:attachment":[{"href":"http:\/\/ksiegarnia-akademicka.pl\/index.php\/wp-json\/wp\/v2\/media?parent=19057"}],"wp:term":[{"taxonomy":"product_brand","embeddable":true,"href":"http:\/\/ksiegarnia-akademicka.pl\/index.php\/wp-json\/wp\/v2\/product_brand?post=19057"},{"taxonomy":"product_cat","embeddable":true,"href":"http:\/\/ksiegarnia-akademicka.pl\/index.php\/wp-json\/wp\/v2\/product_cat?post=19057"},{"taxonomy":"product_tag","embeddable":true,"href":"http:\/\/ksiegarnia-akademicka.pl\/index.php\/wp-json\/wp\/v2\/product_tag?post=19057"}],"curies":[{"name":"wp","href":"https:\/\/api.w.org\/{rel}","templated":true}]}}