{"id":18962,"date":"2024-12-09T09:50:04","date_gmt":"2024-12-09T08:50:04","guid":{"rendered":"http:\/\/ksiegarnia-akademicka.pl\/?post_type=product&#038;p=18962"},"modified":"2025-01-27T13:23:49","modified_gmt":"2025-01-27T12:23:49","slug":"swiateczna-ksiegarnia","status":"publish","type":"product","link":"http:\/\/ksiegarnia-akademicka.pl\/index.php\/product\/swiateczna-ksiegarnia\/","title":{"rendered":"\u015awi\u0105teczna ksi\u0119garnia"},"content":{"rendered":"<div class=\"grupa osoby\"><span class=\"meta-head\">Autor:<\/span><\/p>\n<ul>\n<li class=\"meta-value\"><a class=\"aut\" title=\"Zobacz ksi\u0105\u017cki tego autora\" href=\"https:\/\/www.azymut.pl\/mw\/?m=105&amp;aid=3712\">Jenny Colgan<\/a><\/li>\n<\/ul>\n<\/div>\n<div class=\"grupa osoby\"><span class=\"meta-head-blue\">T\u0142umacze:<\/span>\u00a0<span class=\"meta-value\">Go\u017adzikowski Andrzej<\/span><\/div>\n<div class=\"grupa wydawca\"><span class=\"meta-head\">Wydawca:<\/span>\u00a0<a class=\"wyd\" title=\"Zobacz pe\u0142n\u0105 ofert\u0119 wydawcy\" href=\"https:\/\/www.azymut.pl\/mw\/?m=105&amp;p=31412\">Feeria<\/a><\/div>\n<div class=\"grupa dane\">\n<div>Oprawa:\u00a0<span class=\"meta-value-bold\">Mi\u0119kka<\/span><\/div>\n<div>Format:\u00a0<span class=\"meta-value-bold\">14.0&#215;20.0cm<\/span><\/div>\n<div>Liczba stron:\u00a0<span class=\"meta-value-bold\">440<\/span><\/div>\n<div>Rok wydania:\u00a0<span class=\"meta-value-bold\">2024<\/span><\/div>\n<div>J\u0119zyk wydania:\u00a0<span class=\"meta-value-bold\">polski<\/span><\/div>\n<\/div>\n<div><\/div>\n<div>&#8222;Ta ksi\u0105\u017cka to literacka gor\u0105ca czekolada!<br \/>\nOstatnie, o czym marzy Carmen, to sp\u0119dzanie \u015bwi\u0105t Bo\u017cego Narodzenia w idealnym domu swojej idealnej starszej siostry Sofii, z jej idealnym m\u0119\u017cem i idealnymi dzie\u0107mi. W dodatku Sofia pr\u00f3buje na si\u0142\u0119 uporz\u0105dkowa\u0107 \u017cycie Carmen, co jej samej si\u0119 wcale nie podoba. Nie ma jednak wielkiego wyboru: zwolniono j\u0105 z pracy w rodzinnym miasteczku i teraz nie ma ani pieni\u0119dzy, ani planu B. Na kilka tygodni przed Gwiazdk\u0105 przenosi si\u0119 wi\u0119c za namow\u0105 mamy i siostry do malowniczego Edynburga i zatrudnia w upadaj\u0105cej ksi\u0119garence, by pom\u00f3c jej starszemu, ekscentrycznemu w\u0142a\u015bcicielowi tchn\u0105\u0107 \u017cycie w zapomniany sklepik. Ta misja wydaje jej si\u0119 jednak niemo\u017cliwa do spe\u0142nienia\u2026<br \/>\nCzy Carmen odnajdzie wsp\u00f3lny j\u0119zyk z nowym szefem? Co si\u0119 stanie, gdy ksi\u0119garni\u0105 \u2013 i jej now\u0105 pracownic\u0105 \u2013 zainteresuje si\u0119 s\u0142awny i charyzmatyczny pisarz? Czy \u015bwi\u0105teczny nastr\u00f3j wystarczy, aby naprawi\u0107 trudne siostrzane relacje? Czy w nat\u0142oku zaj\u0119\u0107 znajdzie si\u0119 jeszcze miejsce na odrobin\u0119 mi\u0142o\u015bci?&#8230;<br \/>\nUrocza, optymistyczna ksi\u0105\u017cka na oko\u0142o\u015bwi\u0105teczny czas!&#8221;<\/div>\n","protected":false},"excerpt":{"rendered":"<p>Autor: Jenny Colgan T\u0142umacze:\u00a0Go\u017adzikowski Andrzej Wydawca:\u00a0Feeria Oprawa:\u00a0Mi\u0119kka Format:\u00a014.0&#215;20.0cm Liczba stron:\u00a0440 [&hellip;]<\/p>\n","protected":false},"featured_media":18963,"template":"","meta":[],"product_brand":[],"product_cat":[7707],"product_tag":[8385,3688],"class_list":{"0":"post-18962","1":"product","2":"type-product","3":"status-publish","4":"has-post-thumbnail","6":"product_cat-literatura","7":"product_tag-boze-narodzenie","8":"product_tag-powiesc","10":"first","11":"instock","12":"sale","13":"shipping-taxable","14":"purchasable","15":"product-type-simple"},"_links":{"self":[{"href":"http:\/\/ksiegarnia-akademicka.pl\/index.php\/wp-json\/wp\/v2\/product\/18962","targetHints":{"allow":["GET"]}}],"collection":[{"href":"http:\/\/ksiegarnia-akademicka.pl\/index.php\/wp-json\/wp\/v2\/product"}],"about":[{"href":"http:\/\/ksiegarnia-akademicka.pl\/index.php\/wp-json\/wp\/v2\/types\/product"}],"wp:featuredmedia":[{"embeddable":true,"href":"http:\/\/ksiegarnia-akademicka.pl\/index.php\/wp-json\/wp\/v2\/media\/18963"}],"wp:attachment":[{"href":"http:\/\/ksiegarnia-akademicka.pl\/index.php\/wp-json\/wp\/v2\/media?parent=18962"}],"wp:term":[{"taxonomy":"product_brand","embeddable":true,"href":"http:\/\/ksiegarnia-akademicka.pl\/index.php\/wp-json\/wp\/v2\/product_brand?post=18962"},{"taxonomy":"product_cat","embeddable":true,"href":"http:\/\/ksiegarnia-akademicka.pl\/index.php\/wp-json\/wp\/v2\/product_cat?post=18962"},{"taxonomy":"product_tag","embeddable":true,"href":"http:\/\/ksiegarnia-akademicka.pl\/index.php\/wp-json\/wp\/v2\/product_tag?post=18962"}],"curies":[{"name":"wp","href":"https:\/\/api.w.org\/{rel}","templated":true}]}}