{"id":18331,"date":"2024-10-08T09:11:27","date_gmt":"2024-10-08T07:11:27","guid":{"rendered":"http:\/\/ksiegarnia-akademicka.pl\/?post_type=product&#038;p=18331"},"modified":"2024-10-08T09:11:27","modified_gmt":"2024-10-08T07:11:27","slug":"prawo-autorskie-i-prawa-pokrewne-przepisy","status":"publish","type":"product","link":"http:\/\/ksiegarnia-akademicka.pl\/index.php\/product\/prawo-autorskie-i-prawa-pokrewne-przepisy\/","title":{"rendered":"Prawo autorskie i prawa pokrewne Przepisy"},"content":{"rendered":"<p>Wydawca: Wolters Kluwer<br \/>\nOprawa: Mi\u0119kka<br \/>\nLiczba stron: 120<br \/>\nWydanie: 3<br \/>\nRok wydania: 2024<br \/>\nJ\u0119zyk wydania: polski<\/p>\n<p>Stan prawny: 20 wrze\u015bnia 2024 r.<br \/>\nW zbiorze uwzgl\u0119dniono zmiany wynikaj\u0105ce z ustawy z 26 lipca 2024 r. o zmianie ustawy o prawie autorskim i prawach pokrewnych, ustawy o ochronie baz danych oraz ustawy o zbiorowym zarz\u0105dzaniu prawami autorskimi i prawami pokrewnymi (Dz.U. poz. 1254).<br \/>\nW publikacji zamieszczono skorowidz przedmiotowy u\u0142atwiaj\u0105cy odnalezienie poszczeg\u00f3lnych instytucji, a zaakcentowane t\u0142em tytu\u0142y nad artyku\u0142ami ustawy obja\u015bniaj\u0105 ich sens.<\/p>\n<p>UWZGL\u0118DNIONO ZMIANY WCHODZ\u0104CE W \u017bYCIE Z DNIEM:<br \/>\n1 wrze\u015bnia 2019 r. \u2013 ustawa z 22 listopada 2018 r. o zmianie ustawy \u2013 Prawo o\u015bwiatowe, ustawy o systemie o\u015bwiaty oraz niekt\u00f3rych innych ustaw (Dz.U. poz. 2245)<br \/>\n1 lipca 2020 r. \u2013 ustawa z 13 lutego 2020 r. o zmianie ustawy \u2013 Kodeks post\u0119powania cywilnego oraz niekt\u00f3rych innych ustaw (Dz.U. poz. 288)<br \/>\n14 czerwca 2021 r. \u2013 obwieszczenie Marsza\u0142ka Sejmu Rzeczypospolitej Polskiej z 21 maja 2021 r. w sprawie og\u0142oszenia jednolitego tekstu ustawy o prawie autorskim i prawach pokrewnych (Dz.U. poz. 1062)<br \/>\n23 kwietnia 2022 r. \u2013 ustawa z 11 marca 2022 r. o obronie Ojczyzny (Dz.U. poz. 655)<br \/>\n6 grudnia 2022 r. \u2013 obwieszczenie Marsza\u0142ka Sejmu Rzeczypospolitej Polskiej z 28 pa\u017adziernika 2022 r. w sprawie og\u0142oszenia jednolitego tekstu ustawy o prawie autorskim i prawach pokrewnych (Dz.U. poz. 2509)<br \/>\n20 wrze\u015bnia 2024 r., 20 lutego 2025 r. \u2013 ustawa z 26 lipca 2024 r. o zmianie ustawy o prawie autorskim i prawach pokrewnych, ustawy o ochronie baz danych oraz ustawy o zbiorowym zarz\u0105dzaniu prawami autorskimi i prawami pokrewnymi (Dz.U. poz. 1254)<br \/>\n10 listopada 2024 r. \u2013 ustawa z 12 lipca 2024 r. \u2013 Przepisy wprowadzaj\u0105ce ustaw\u0119 \u2013 Prawo komunikacji elektronicznej (Dz.U. poz. 1222)<\/p>\n<p>Zmiany wchodz\u0105ce w \u017cycie po 20 wrze\u015bnia 2024 r. oznaczono tekstem pochy\u0142ym (kursyw\u0105).<\/p>\n<p>Publikacja jest przeznaczona dla os\u00f3b, kt\u00f3rym niezb\u0119dna jest znajomo\u015b\u0107 przepis\u00f3w z zakresu problematyki prawa autorskiego.<\/p>\n","protected":false},"excerpt":{"rendered":"<p>Wydawca: Wolters Kluwer Oprawa: Mi\u0119kka Liczba stron: 120 Wydanie: 3 [&hellip;]<\/p>\n","protected":false},"featured_media":18332,"template":"","meta":[],"product_brand":[],"product_cat":[7491,18],"product_tag":[1016,615],"class_list":{"0":"post-18331","1":"product","2":"type-product","3":"status-publish","4":"has-post-thumbnail","6":"product_cat-cywilne","7":"product_cat-prawo","8":"product_tag-prawo-autorskie","9":"product_tag-prawo-cywilne","11":"first","12":"instock","13":"sale","14":"shipping-taxable","15":"purchasable","16":"product-type-simple"},"_links":{"self":[{"href":"http:\/\/ksiegarnia-akademicka.pl\/index.php\/wp-json\/wp\/v2\/product\/18331","targetHints":{"allow":["GET"]}}],"collection":[{"href":"http:\/\/ksiegarnia-akademicka.pl\/index.php\/wp-json\/wp\/v2\/product"}],"about":[{"href":"http:\/\/ksiegarnia-akademicka.pl\/index.php\/wp-json\/wp\/v2\/types\/product"}],"wp:featuredmedia":[{"embeddable":true,"href":"http:\/\/ksiegarnia-akademicka.pl\/index.php\/wp-json\/wp\/v2\/media\/18332"}],"wp:attachment":[{"href":"http:\/\/ksiegarnia-akademicka.pl\/index.php\/wp-json\/wp\/v2\/media?parent=18331"}],"wp:term":[{"taxonomy":"product_brand","embeddable":true,"href":"http:\/\/ksiegarnia-akademicka.pl\/index.php\/wp-json\/wp\/v2\/product_brand?post=18331"},{"taxonomy":"product_cat","embeddable":true,"href":"http:\/\/ksiegarnia-akademicka.pl\/index.php\/wp-json\/wp\/v2\/product_cat?post=18331"},{"taxonomy":"product_tag","embeddable":true,"href":"http:\/\/ksiegarnia-akademicka.pl\/index.php\/wp-json\/wp\/v2\/product_tag?post=18331"}],"curies":[{"name":"wp","href":"https:\/\/api.w.org\/{rel}","templated":true}]}}