{"id":18327,"date":"2024-10-08T09:06:17","date_gmt":"2024-10-08T07:06:17","guid":{"rendered":"http:\/\/ksiegarnia-akademicka.pl\/?post_type=product&#038;p=18327"},"modified":"2024-10-08T09:06:18","modified_gmt":"2024-10-08T07:06:18","slug":"kodeks-karny-przepisy","status":"publish","type":"product","link":"http:\/\/ksiegarnia-akademicka.pl\/index.php\/product\/kodeks-karny-przepisy\/","title":{"rendered":"Kodeks karny Przepisy"},"content":{"rendered":"<p>Redakcja: .<br \/>\nWydawca: Wolters Kluwer<br \/>\nOprawa: Mi\u0119kka<br \/>\nLiczba stron: 248<br \/>\nWydanie: 15<br \/>\nRok wydania: 2024<br \/>\nJ\u0119zyk wydania: polski<\/p>\n<p>Stan prawny: 11 wrze\u015bnia 2024<br \/>\nNajnowsze, 15. wydanie ksi\u0105\u017cki zawiera ujednolicony tekst ustawy, uwzgl\u0119dniaj\u0105cy m.in. ostatnie zmiany wynikaj\u0105ce z ustawy z 13 lipca 2023 r. o rewitalizacji rzeki Odry (Dz.U. poz. 1963).<\/p>\n<p>W publikacji zamieszczono skorowidz przedmiotowy u\u0142atwiaj\u0105cy odnalezienie poszczeg\u00f3lnych instytucji, a zaakcentowane t\u0142em tytu\u0142y przed artyku\u0142ami Kodeksu karnego obja\u015bniaj\u0105 ich sens.<br \/>\nZmiany, kt\u00f3re wchodz\u0105 w \u017cycie po 9 sierpnia 2024 r., zosta\u0142y oznaczone pismem pochy\u0142ym (kursyw\u0105).<\/p>\n<p>Ksi\u0105\u017cka jest przeznaczona dla os\u00f3b, kt\u00f3rym niezb\u0119dna jest znajomo\u015b\u0107 przepis\u00f3w z zakresu prawa karnego materialnego, a tak\u017ce student\u00f3w.<\/p>\n","protected":false},"excerpt":{"rendered":"<p>Redakcja: . Wydawca: Wolters Kluwer Oprawa: Mi\u0119kka Liczba stron: 248 [&hellip;]<\/p>\n","protected":false},"featured_media":18328,"template":"","meta":[],"product_brand":[],"product_cat":[7490,18],"product_tag":[2148,296],"class_list":{"0":"post-18327","1":"product","2":"type-product","3":"status-publish","4":"has-post-thumbnail","6":"product_cat-karne","7":"product_cat-prawo","8":"product_tag-kodeks-karny","9":"product_tag-prawo-karne","11":"first","12":"instock","13":"sale","14":"shipping-taxable","15":"purchasable","16":"product-type-simple"},"_links":{"self":[{"href":"http:\/\/ksiegarnia-akademicka.pl\/index.php\/wp-json\/wp\/v2\/product\/18327","targetHints":{"allow":["GET"]}}],"collection":[{"href":"http:\/\/ksiegarnia-akademicka.pl\/index.php\/wp-json\/wp\/v2\/product"}],"about":[{"href":"http:\/\/ksiegarnia-akademicka.pl\/index.php\/wp-json\/wp\/v2\/types\/product"}],"wp:featuredmedia":[{"embeddable":true,"href":"http:\/\/ksiegarnia-akademicka.pl\/index.php\/wp-json\/wp\/v2\/media\/18328"}],"wp:attachment":[{"href":"http:\/\/ksiegarnia-akademicka.pl\/index.php\/wp-json\/wp\/v2\/media?parent=18327"}],"wp:term":[{"taxonomy":"product_brand","embeddable":true,"href":"http:\/\/ksiegarnia-akademicka.pl\/index.php\/wp-json\/wp\/v2\/product_brand?post=18327"},{"taxonomy":"product_cat","embeddable":true,"href":"http:\/\/ksiegarnia-akademicka.pl\/index.php\/wp-json\/wp\/v2\/product_cat?post=18327"},{"taxonomy":"product_tag","embeddable":true,"href":"http:\/\/ksiegarnia-akademicka.pl\/index.php\/wp-json\/wp\/v2\/product_tag?post=18327"}],"curies":[{"name":"wp","href":"https:\/\/api.w.org\/{rel}","templated":true}]}}