{"id":18004,"date":"2024-04-17T13:23:12","date_gmt":"2024-04-17T11:23:12","guid":{"rendered":"http:\/\/ksiegarnia-akademicka.pl\/?post_type=product&#038;p=18004"},"modified":"2024-04-17T13:23:38","modified_gmt":"2024-04-17T11:23:38","slug":"informatyka-sledcza-narzedzia-i-techniki-skutecznego-reagowania-na-incydenty-bezpieczenstwa","status":"publish","type":"product","link":"http:\/\/ksiegarnia-akademicka.pl\/index.php\/product\/informatyka-sledcza-narzedzia-i-techniki-skutecznego-reagowania-na-incydenty-bezpieczenstwa\/","title":{"rendered":"Informatyka \u015bledcza Narz\u0119dzia i techniki skutecznego reagowania na incydenty bezpiecze\u0144stwa"},"content":{"rendered":"<p>Autor:<br \/>\nGerard Johansen<br \/>\nT\u0142umacze: Piotr Fabija\u0144czyk<br \/>\nWydawca: Helion<br \/>\nOprawa: Mi\u0119kka<br \/>\nFormat: 16.5&#215;23.5cm<br \/>\nLiczba stron: 496<br \/>\nWydanie: 3<br \/>\nRok wydania: 2024<br \/>\nJ\u0119zyk wydania: polski<\/p>\n<p>Informatyka \u015bledcza zapewnia narz\u0119dzia nie tylko prowadz\u0105cym dochodzenia kryminalne, ale r\u00f3wnie\u017c specjalistom do spraw cyberbezpiecze\u0144stwa. Na tym polu trwa ci\u0105g\u0142y wy\u015bcig zbroje\u0144 mi\u0119dzy nimi a przest\u0119pcami, gdy\u017c konsekwencje udanego ataku mog\u0105 si\u0119 okaza\u0107 niezwykle powa\u017cne. Umiej\u0119tno\u015b\u0107 poprawnego reagowania na incydenty bezpiecze\u0144stwa jest tu kluczow\u0105 spraw\u0105.<br \/>\nTa ksi\u0105\u017cka jest przewodnikiem dla profesjonalist\u00f3w do spraw cyberbezpiecze\u0144stwa. Przedstawia podstawowe zasady reagowania na incydenty bezpiecze\u0144stwa i szczeg\u00f3\u0142owo, na przyk\u0142adach, omawia proces tworzenia zdolno\u015bci szybkiej i skutecznej reakcji na takie zdarzenia. Zaprezentowano tu techniki informatyki \u015bledczej, od pozyskiwania dowod\u00f3w i badania pami\u0119ci ulotnej po badanie dysku twardego i dowod\u00f3w pochodz\u0105cych z sieci. Szczeg\u00f3ln\u0105 uwag\u0119 po\u015bwi\u0119cono zagro\u017ceniom atakami ransomware. Nie zabrak\u0142o om\u00f3wienia roli analizy zagro\u017ce\u0144 w procesie reagowania na incydenty, a tak\u017ce zasad sporz\u0105dzania raport\u00f3w dokumentuj\u0105cych reakcj\u0119 na incydent i wyniki analizy. Pokazano r\u00f3wnie\u017c, w jaki spos\u00f3b prowadzi si\u0119 polowania na zagro\u017cenia.<br \/>\nZ t\u0105 ksi\u0105\u017ck\u0105:<br \/>\n* zbudujesz zdolno\u015b\u0107 reagowania na incydenty w swojej organizacji<br \/>\n* nauczysz si\u0119 poprawnego zbierania i analizowania dowod\u00f3w<br \/>\n* zintegrujesz techniki i procedury \u015bledcze z og\u00f3lnym procesem reagowania na incydenty<br \/>\n* przyswoisz r\u00f3\u017cne metody polowania na zagro\u017cenia<br \/>\n* opanujesz sposoby tworzenia raport\u00f3w z incydent\u00f3w<br \/>\n* wdro\u017cysz odpowiednie praktyki reagowania na ataki ransomware<br \/>\nPrzygotuj si\u0119, znajd\u017a i zlikwiduj zagro\u017cenie!<\/p>\n","protected":false},"excerpt":{"rendered":"<p>Autor: Gerard Johansen T\u0142umacze: Piotr Fabija\u0144czyk Wydawca: Helion Oprawa: Mi\u0119kka [&hellip;]<\/p>\n","protected":false},"featured_media":18005,"template":"","meta":[],"product_brand":[],"product_cat":[36],"product_tag":[8096,103],"class_list":{"0":"post-18004","1":"product","2":"type-product","3":"status-publish","4":"has-post-thumbnail","6":"product_cat-informatyka","7":"product_tag-cyberbezpieczenstwo","8":"product_tag-informatyka","10":"first","11":"instock","12":"sale","13":"shipping-taxable","14":"purchasable","15":"product-type-simple"},"_links":{"self":[{"href":"http:\/\/ksiegarnia-akademicka.pl\/index.php\/wp-json\/wp\/v2\/product\/18004","targetHints":{"allow":["GET"]}}],"collection":[{"href":"http:\/\/ksiegarnia-akademicka.pl\/index.php\/wp-json\/wp\/v2\/product"}],"about":[{"href":"http:\/\/ksiegarnia-akademicka.pl\/index.php\/wp-json\/wp\/v2\/types\/product"}],"wp:featuredmedia":[{"embeddable":true,"href":"http:\/\/ksiegarnia-akademicka.pl\/index.php\/wp-json\/wp\/v2\/media\/18005"}],"wp:attachment":[{"href":"http:\/\/ksiegarnia-akademicka.pl\/index.php\/wp-json\/wp\/v2\/media?parent=18004"}],"wp:term":[{"taxonomy":"product_brand","embeddable":true,"href":"http:\/\/ksiegarnia-akademicka.pl\/index.php\/wp-json\/wp\/v2\/product_brand?post=18004"},{"taxonomy":"product_cat","embeddable":true,"href":"http:\/\/ksiegarnia-akademicka.pl\/index.php\/wp-json\/wp\/v2\/product_cat?post=18004"},{"taxonomy":"product_tag","embeddable":true,"href":"http:\/\/ksiegarnia-akademicka.pl\/index.php\/wp-json\/wp\/v2\/product_tag?post=18004"}],"curies":[{"name":"wp","href":"https:\/\/api.w.org\/{rel}","templated":true}]}}