{"id":17935,"date":"2024-04-08T09:19:10","date_gmt":"2024-04-08T07:19:10","guid":{"rendered":"http:\/\/ksiegarnia-akademicka.pl\/?post_type=product&#038;p=17935"},"modified":"2024-12-05T09:32:10","modified_gmt":"2024-12-05T08:32:10","slug":"pandemia-populistow","status":"publish","type":"product","link":"http:\/\/ksiegarnia-akademicka.pl\/index.php\/product\/pandemia-populistow\/","title":{"rendered":"Pandemia populist\u00f3w"},"content":{"rendered":"<p>Autor:<br \/>\nWojciech Sadurski<br \/>\nT\u0142umacze: W\u00f3jcik Anna<br \/>\nWydawca: Znak<br \/>\nOprawa: Mi\u0119kka ze skrzyde\u0142kami<br \/>\nFormat: 14.4&#215;20.5cm<br \/>\nLiczba stron: 384<br \/>\nWydanie: 1<br \/>\nRok wydania: 2024<br \/>\nJ\u0119zyk wydania: polski<\/p>\n<p>\u201eWidmo kr\u0105\u017cy po \u015bwiecie \u2013 widmo populizmu\u201d. Dlaczego ostatnia dekada przynosi\u0142a kolejne wyborcze zwyci\u0119stwa ruch\u00f3w, kt\u00f3re uderza\u0142y w wolno\u015b\u0107 wyboru, rozbraja\u0142y podzia\u0142 w\u0142adzy i odbiera\u0142y gwarancj\u0119 praw obywatelskich? Jak w katolickiej Polsce, uda\u0142o si\u0119 pogodzi\u0107 sprzeciw wobec przyj\u0119cia nawet niewielkiej liczby uchod\u017ac\u00f3w z ogarni\u0119tej wojn\u0105 Syrii z ide\u0105 chrze\u015bcija\u0144skiego mi\u0142osierdzia? To sukcesy populist\u00f3w, czyli tych, kt\u00f3rzy udzielaj\u0105 odpowiedzi na bolesne, cz\u0119sto lekcewa\u017cone, obawy i zmartwienia towarzysz\u0105ce spo\u0142ecze\u0144stwu. Tyle, \u017ce to odpowiedzi b\u0142\u0119dne i fa\u0142szywe. Konstytucjonalista Wojciech Sadurski kre\u015bli map\u0119 wsp\u00f3\u0142czesnych populizm\u00f3w odWarszawy po Waszyngton, dowodz\u0105c, \u017ce cho\u0107 nie ma jednego populizmu, to jak zestawy klock\u00f3w Lego, sk\u0142adaj\u0105 si\u0119 one z podobnych element\u00f3w. Jego ksi\u0105\u017cka to \u017cywy opis choroby, kt\u00f3ra dotkn\u0119\u0142a demokracji, ale i przewodnik po tym, jak j\u0105 uleczy\u0107.<\/p>\n","protected":false},"excerpt":{"rendered":"<p>Autor: Wojciech Sadurski T\u0142umacze: W\u00f3jcik Anna Wydawca: Znak Oprawa: Mi\u0119kka [&hellip;]<\/p>\n","protected":false},"featured_media":17936,"template":"","meta":[],"product_brand":[],"product_cat":[27,7507,7508],"product_tag":[495,246],"class_list":{"0":"post-17935","1":"product","2":"type-product","3":"status-publish","4":"has-post-thumbnail","6":"product_cat-nauki-spoleczne","7":"product_cat-politologia","8":"product_cat-socjologia","9":"product_tag-polityka","10":"product_tag-socjologia","12":"first","13":"instock","14":"sale","15":"shipping-taxable","16":"purchasable","17":"product-type-simple"},"_links":{"self":[{"href":"http:\/\/ksiegarnia-akademicka.pl\/index.php\/wp-json\/wp\/v2\/product\/17935","targetHints":{"allow":["GET"]}}],"collection":[{"href":"http:\/\/ksiegarnia-akademicka.pl\/index.php\/wp-json\/wp\/v2\/product"}],"about":[{"href":"http:\/\/ksiegarnia-akademicka.pl\/index.php\/wp-json\/wp\/v2\/types\/product"}],"wp:featuredmedia":[{"embeddable":true,"href":"http:\/\/ksiegarnia-akademicka.pl\/index.php\/wp-json\/wp\/v2\/media\/17936"}],"wp:attachment":[{"href":"http:\/\/ksiegarnia-akademicka.pl\/index.php\/wp-json\/wp\/v2\/media?parent=17935"}],"wp:term":[{"taxonomy":"product_brand","embeddable":true,"href":"http:\/\/ksiegarnia-akademicka.pl\/index.php\/wp-json\/wp\/v2\/product_brand?post=17935"},{"taxonomy":"product_cat","embeddable":true,"href":"http:\/\/ksiegarnia-akademicka.pl\/index.php\/wp-json\/wp\/v2\/product_cat?post=17935"},{"taxonomy":"product_tag","embeddable":true,"href":"http:\/\/ksiegarnia-akademicka.pl\/index.php\/wp-json\/wp\/v2\/product_tag?post=17935"}],"curies":[{"name":"wp","href":"https:\/\/api.w.org\/{rel}","templated":true}]}}