{"id":17918,"date":"2024-04-03T09:46:16","date_gmt":"2024-04-03T07:46:16","guid":{"rendered":"http:\/\/ksiegarnia-akademicka.pl\/?post_type=product&#038;p=17918"},"modified":"2024-04-03T09:46:33","modified_gmt":"2024-04-03T07:46:33","slug":"ustawa-o-ochronie-zwierzat-komentarz","status":"publish","type":"product","link":"http:\/\/ksiegarnia-akademicka.pl\/index.php\/product\/ustawa-o-ochronie-zwierzat-komentarz\/","title":{"rendered":"Ustawa o ochronie zwierz\u0105t Komentarz"},"content":{"rendered":"<p>Autor:<br \/>\nEmil Kruk<br \/>\nHanna Spasowska<br \/>\nMarek Kulik<br \/>\nGrzegorz Lube\u0144czuk<br \/>\nRedakcja: Kruk Emil<br \/>\nWydawca: Wolters Kluwer<br \/>\nOprawa: Mi\u0119kka<br \/>\nLiczba stron: 560<br \/>\nWydanie: 1<br \/>\nRok wydania: 2024<br \/>\nJ\u0119zyk wydania: polski<\/p>\n<p>W komentarzu om\u00f3wiono zagadnienia dotycz\u0105ce m.in. obowi\u0105zk\u00f3w wobec zwierz\u0105t domowych, gospodarskich i wolno \u017cyj\u0105cych, ich humanitarnego traktowania, zapewnienia odpowiedniej opieki, zakazu zabijania i zn\u0119cania si\u0119 nad nimi.<br \/>\nZweryfikowano wiele utrwalonych wcze\u015bniej pogl\u0105d\u00f3w na instytucje humanitarnej ochrony zwierz\u0105t, skupiaj\u0105c si\u0119 na zagadnieniach najistotniejszych z punktu widzenia praktyki stosowania prawa.<br \/>\nPrzedstawiono tak\u017ce nowe interpretacje wielu zagadnie\u0144 od lat opisywanych w literaturze przedmiotu. Dotyczy to w szczeg\u00f3lno\u015bci problematyki nadzoru nad przestrzeganiem przepis\u00f3w ustawy o ochronie zwierz\u0105t oraz odpowiedzialno\u015bci karnej z tytu\u0142u ich naruszenia.<\/p>\n<p>W ksi\u0105\u017cce uwzgl\u0119dniono ostatnie zmiany legislacyjne, m.in. przepisy ustawy o Centralnym Azylu dla Zwierz\u0105t, a tak\u017ce najnowsze orzecznictwo s\u0105dowe.<\/p>\n<p>Komentarz b\u0119dzie pomoc\u0105 w pracy: legislator\u00f3w, s\u0119dzi\u00f3w, adwokat\u00f3w, radc\u00f3w prawnych, prokurator\u00f3w, ale tak\u017ce pracownik\u00f3w administracji: cz\u0142onk\u00f3w samorz\u0105dowych kolegi\u00f3w odwo\u0142awczych, pracownik\u00f3w administracji og\u00f3lnej szczebla gminnego, pracownik\u00f3w Inspekcji Weterynaryjnej oraz przedsi\u0119biorc\u00f3w zajmuj\u0105cych si\u0119 hodowl\u0105 zwierz\u0105t, ich transportem, ubojem oraz cz\u0142onk\u00f3w organizacji spo\u0142ecznych, kt\u00f3rych statutowym celem dzia\u0142ania jest ochrona zwierz\u0105t.<\/p>\n","protected":false},"excerpt":{"rendered":"<p>Autor: Emil Kruk Hanna Spasowska Marek Kulik Grzegorz Lube\u0144czuk Redakcja: [&hellip;]<\/p>\n","protected":false},"featured_media":17919,"template":"","meta":[],"product_brand":[],"product_cat":[7492,18,39],"product_tag":[4045,4625],"class_list":{"0":"post-17918","1":"product","2":"type-product","3":"status-publish","4":"has-post-thumbnail","6":"product_cat-administracyjne","7":"product_cat-prawo","8":"product_cat-srodowisko-prawo-i-zarzadzanie","9":"product_tag-ochrona-srodowiska","10":"product_tag-seria-komentarze","12":"first","13":"instock","14":"sale","15":"shipping-taxable","16":"purchasable","17":"product-type-simple"},"_links":{"self":[{"href":"http:\/\/ksiegarnia-akademicka.pl\/index.php\/wp-json\/wp\/v2\/product\/17918","targetHints":{"allow":["GET"]}}],"collection":[{"href":"http:\/\/ksiegarnia-akademicka.pl\/index.php\/wp-json\/wp\/v2\/product"}],"about":[{"href":"http:\/\/ksiegarnia-akademicka.pl\/index.php\/wp-json\/wp\/v2\/types\/product"}],"wp:featuredmedia":[{"embeddable":true,"href":"http:\/\/ksiegarnia-akademicka.pl\/index.php\/wp-json\/wp\/v2\/media\/17919"}],"wp:attachment":[{"href":"http:\/\/ksiegarnia-akademicka.pl\/index.php\/wp-json\/wp\/v2\/media?parent=17918"}],"wp:term":[{"taxonomy":"product_brand","embeddable":true,"href":"http:\/\/ksiegarnia-akademicka.pl\/index.php\/wp-json\/wp\/v2\/product_brand?post=17918"},{"taxonomy":"product_cat","embeddable":true,"href":"http:\/\/ksiegarnia-akademicka.pl\/index.php\/wp-json\/wp\/v2\/product_cat?post=17918"},{"taxonomy":"product_tag","embeddable":true,"href":"http:\/\/ksiegarnia-akademicka.pl\/index.php\/wp-json\/wp\/v2\/product_tag?post=17918"}],"curies":[{"name":"wp","href":"https:\/\/api.w.org\/{rel}","templated":true}]}}