{"id":17817,"date":"2024-03-22T08:16:43","date_gmt":"2024-03-22T07:16:43","guid":{"rendered":"http:\/\/ksiegarnia-akademicka.pl\/?post_type=product&#038;p=17817"},"modified":"2024-03-22T08:16:43","modified_gmt":"2024-03-22T07:16:43","slug":"diagnostyka-narzadu-ruchu-w-fizjoterapii-tom-2","status":"publish","type":"product","link":"http:\/\/ksiegarnia-akademicka.pl\/index.php\/product\/diagnostyka-narzadu-ruchu-w-fizjoterapii-tom-2\/","title":{"rendered":"Diagnostyka narz\u0105du ruchu w fizjoterapii. Tom 2"},"content":{"rendered":"<p>Autor:<br \/>\nA. Jankowicz-Szyma\u0144ska<br \/>\nA. Bac<br \/>\nWydawca: Edra Urban &amp; Partner<br \/>\nOprawa: Twarda<br \/>\nFormat: 21.0&#215;27.5cm<br \/>\nLiczba stron: 232<br \/>\nRok wydania: 2024<br \/>\nJ\u0119zyk wydania: polski<\/p>\n<p>Podr\u0119cznik przedstawia wsp\u00f3\u0142czesne sposoby diagnozowania pacjent\u00f3w pod k\u0105tem oceny uk\u0142adu kostno-stawowego. Jest przeznaczony dla fizjoterapeut\u00f3w zajmuj\u0105cych si\u0119 schorzeniami uk\u0142adu ruchu. [\u2026] Bogata zawarto\u015b\u0107 ilustracyjna stanowi istotny element u\u0142atwiaj\u0105cy zapami\u0119tanie przedstawianych informacji, bada\u0144 i test\u00f3w.<br \/>\nRekomenduj\u0119 t\u0119 ksi\u0105\u017ck\u0119 studentom nie tylko fizjoterapii, lecz tak\u017ce pokrewnych dziedzin medycznych \u2013 s\u0105dz\u0119, \u017ce zainteresuje r\u00f3wnie\u017c lekarzy rozpoczynaj\u0105cych specjalizacj\u0119 w rehabilitacji medycznej. Oka\u017ce si\u0119 r\u00f3wnie\u017c przydatna dla fizjoterapeut\u00f3w na ka\u017cdym etapie ich kariery zawodowej, stanowi\u0105c niezwykle pomocne \u017ar\u00f3d\u0142o do przypomnienia sobie czy sprawdzenia element\u00f3w diagnostyki uk\u0142adu kostno-stawowego.<br \/>\nprof. dr hab. n. med. Jerzy Su\u0142ko<br \/>\nUniwersytet Jagiello\u0144ski, Collegium Medicum<br \/>\n(fragmenty Recenzji)<\/p>\n<p>* * *<\/p>\n<p>Opracowanie pt. Diagnostyka narz\u0105du ruchu w fizjoterapii, tom 2 stanowi cenne kompendium technik s\u0142u\u017c\u0105cych do oceny narz\u0105du ruchu cz\u0142owieka. Ksi\u0105\u017cka zawiera rozdzia\u0142y dok\u0142adnie opisuj\u0105ce krok po kroku wykonanie okre\u015blonego testu lub badania. Szczeg\u00f3\u0142owo opisuje pozycj\u0119 pacjenta oraz omawia ocen\u0119 i interpretacj\u0119 testu. Testy wzbogacono rycinami ilustruj\u0105cymi ich wykonanie. Niniejsze opracowanie jest cenn\u0105 pozycj\u0105 dla praktyk\u00f3w fizjoterapii, student\u00f3w fizjoterapii, a tak\u017ce absolwent\u00f3w fizjoterapii rozpoczynaj\u0105cych prac\u0119, a wi\u0119c dla odbiorc\u00f3w, do kt\u00f3rych jest adresowane.<br \/>\ndr hab. n. o zdr. Andrzej Szopa, prof. SUM<br \/>\n(fragment Recenzji)<\/p>\n<p>* * *<\/p>\n<p>Publikacja ta spe\u0142nia wym\u00f3g fizjoterapii opartej na dowodach naukowych. Tre\u015bci w niej zawarte opieraj\u0105 si\u0119 na \u015bwiadomym, bezpo\u015brednim i odpowiednim zastosowaniu wynik\u00f3w najnowszych bada\u0144 zar\u00f3wno podczas diagnostyki, jak i przy podejmowaniu decyzji o wyborze metody leczenia pacjenta. [\u2026] Stanowi zbi\u00f3r test\u00f3w czynno\u015bciowych i innych metod klinicznej oceny stanu funkcjonalnego narz\u0105du ruchu. Zosta\u0142a przygotowana przede wszystkim z my\u015bl\u0105 o praktykuj\u0105cych fizjoterapeutach i studentach fizjoterapii, ale jej odbiorcami mog\u0105 by\u0107 r\u00f3wnie\u017c studenci medycyny oraz lekarze.<br \/>\ndr hab. n. o kult. fiz. Jacek Wilczy\u0144ski, prof. UJK<br \/>\n(fragmenty Recenzji)<\/p>\n","protected":false},"excerpt":{"rendered":"<p>Autor: A. Jankowicz-Szyma\u0144ska A. Bac Wydawca: Edra Urban &amp; Partner [&hellip;]<\/p>\n","protected":false},"featured_media":17818,"template":"","meta":[],"product_brand":[],"product_cat":[8277,7493],"product_tag":[85,1498],"class_list":{"0":"post-17817","1":"product","2":"type-product","3":"status-publish","4":"has-post-thumbnail","6":"product_cat-fizjoterapia","7":"product_cat-medycyna","8":"product_tag-diagnostyka","9":"product_tag-fizjoterapia","11":"first","12":"instock","13":"sale","14":"shipping-taxable","15":"purchasable","16":"product-type-simple"},"_links":{"self":[{"href":"http:\/\/ksiegarnia-akademicka.pl\/index.php\/wp-json\/wp\/v2\/product\/17817","targetHints":{"allow":["GET"]}}],"collection":[{"href":"http:\/\/ksiegarnia-akademicka.pl\/index.php\/wp-json\/wp\/v2\/product"}],"about":[{"href":"http:\/\/ksiegarnia-akademicka.pl\/index.php\/wp-json\/wp\/v2\/types\/product"}],"wp:featuredmedia":[{"embeddable":true,"href":"http:\/\/ksiegarnia-akademicka.pl\/index.php\/wp-json\/wp\/v2\/media\/17818"}],"wp:attachment":[{"href":"http:\/\/ksiegarnia-akademicka.pl\/index.php\/wp-json\/wp\/v2\/media?parent=17817"}],"wp:term":[{"taxonomy":"product_brand","embeddable":true,"href":"http:\/\/ksiegarnia-akademicka.pl\/index.php\/wp-json\/wp\/v2\/product_brand?post=17817"},{"taxonomy":"product_cat","embeddable":true,"href":"http:\/\/ksiegarnia-akademicka.pl\/index.php\/wp-json\/wp\/v2\/product_cat?post=17817"},{"taxonomy":"product_tag","embeddable":true,"href":"http:\/\/ksiegarnia-akademicka.pl\/index.php\/wp-json\/wp\/v2\/product_tag?post=17817"}],"curies":[{"name":"wp","href":"https:\/\/api.w.org\/{rel}","templated":true}]}}