{"id":17787,"date":"2024-03-19T09:37:10","date_gmt":"2024-03-19T08:37:10","guid":{"rendered":"http:\/\/ksiegarnia-akademicka.pl\/?post_type=product&#038;p=17787"},"modified":"2024-03-19T09:37:11","modified_gmt":"2024-03-19T08:37:11","slug":"akt-o-uslugach-cyfrowych-komentarz","status":"publish","type":"product","link":"http:\/\/ksiegarnia-akademicka.pl\/index.php\/product\/akt-o-uslugach-cyfrowych-komentarz\/","title":{"rendered":"Akt o us\u0142ugach cyfrowych Komentarz"},"content":{"rendered":"<p>Redakcja: Lubasz Dominik, Namys\u0142owska Monika<br \/>\nWydawca: Wolters Kluwer<br \/>\nOprawa: Twarda<br \/>\nLiczba stron: 912<br \/>\nWydanie: 1<br \/>\nRok wydania: 2024<br \/>\nJ\u0119zyk wydania: polski<\/p>\n<p>Komentarz zawiera najbardziej kompleksowe na rynku opracowanie i wyja\u015bnienie regulacji aktu o us\u0142ugach cyfrowych, ze wskazaniem kierunk\u00f3w wyk\u0142adni, u\u0142atwiaj\u0105cych wdro\u017cenie przepis\u00f3w przez podmioty zobowi\u0105zane, przed wszystkim oferuj\u0105cych us\u0142ugi po\u015brednie online, jak i stosowanie zar\u00f3wno przez komercyjnych u\u017cytkownik\u00f3w us\u0142ug cyfrowych, jak i organy nadzorcze.<\/p>\n<p>Opracowanie w spos\u00f3b szczeg\u00f3\u0142owy omawia nowe regulacje, kt\u00f3re maj\u0105 na celu w szczeg\u00f3lno\u015bci:<\/p>\n<p>zwalczanie nielegalnych tre\u015bci online, w tym odnosz\u0105cych si\u0119 do nielegalnych towar\u00f3w i us\u0142ug,<br \/>\nwzmocnienie pozycji u\u017cytkownik\u00f3w i ich przedstawicieli, w tym przez zapewnienie mo\u017cliwo\u015bci zg\u0142aszania nielegalnych tre\u015bci, zakwestionowania decyzji o moderowaniu tre\u015bci i dochodzenia zado\u015b\u0107uczynienia za po\u015brednictwem mechanizmu rozstrzygania spor\u00f3w lub zado\u015b\u0107uczynienia s\u0105dowego,<br \/>\nwprowadzeniu obowi\u0105zk\u00f3w systemowej oceny i mitygowania ryzyka nak\u0142adanych na VLOP i VLOSE oraz zabezpieczenia dzieci oraz ograniczenia w wykorzystywaniu wra\u017cliwych danych osobowych do cel\u00f3w reklamy targetowanej;<br \/>\nwzmocnienie nadzoru i egzekwowania przepis\u00f3w wobec wszystkich dostawc\u00f3w us\u0142ug po\u015brednich, przy istotnej roli niezale\u017cnych koordynator\u00f3w ds. us\u0142ug cyfrowych w ka\u017cdym pa\u0144stwie cz\u0142onkowskim UE i Europejskiej Rady ds. Us\u0142ug Cyfrowych, a ponadto wyposa\u017cenie Komisji Europejskiej w dodatkowe uprawnienia nadzorcze w odniesieniu do VLOP i VLOSE.<br \/>\nWk\u0142ad w opracowanie komentarza wnios\u0142o prawie 30 autor\u00f3w o rozleg\u0142ych kompetencjach merytorycznych z zakresu problematyki nowych technologii, us\u0142ug cyfrowych, ochrony danych osobowych, b\u0119d\u0105cych praktykami z Parlamentu Europejskiego, Komisji Europejskiej, Urz\u0119du Ochrony Danych Osobowych, Kancelarii Sejmu, ekspert\u00f3w Europejskiej Rady Ochrony Danych, organizacji bran\u017cowych, jak i doradcami prawnymi z renomowanych kancelarii prawnych oraz z dzia\u0142\u00f3w prawnych du\u017cych przedsi\u0119biorstw internetowych, przedstawicielami nauki polskiej i mi\u0119dzynarodowej z wiod\u0105cych uczelni.<\/p>\n<p>Komentarz przeznaczony jest dla dostawc\u00f3w us\u0142ug po\u015brednich (dostawc\u00f3w dost\u0119pu do internetu, us\u0142ug hostingowych, takie jak przetwarzanie w chmurze, rejestrator\u00f3w nazw domen, internetowych, platform handlowych, sklep\u00f3w z aplikacjami, sieci spo\u0142eczno\u015bciowych, platform udost\u0119pniania tre\u015bci, internetowych platform podr\u00f3\u017cy i zakwaterowania), a tak\u017ce dostawc\u00f3w bardzo du\u017cych platform internetowych i bardzo du\u017cych wyszukiwarek internetowych.<\/p>\n<p>Publikacja b\u0119dzie przydatna r\u00f3wnie\u017c prawnikom praktykom \u2013 radcom prawnym, adwokatom, s\u0119dziom, a tak\u017ce pracownikom administracji rz\u0105dowej i samorz\u0105dowej.<\/p>\n","protected":false},"excerpt":{"rendered":"<p>Redakcja: Lubasz Dominik, Namys\u0142owska Monika Wydawca: Wolters Kluwer Oprawa: Twarda [&hellip;]<\/p>\n","protected":false},"featured_media":17788,"template":"","meta":[],"product_brand":[],"product_cat":[7492,7495,18],"product_tag":[8274,4625],"class_list":{"0":"post-17787","1":"product","2":"type-product","3":"status-publish","4":"has-post-thumbnail","6":"product_cat-administracyjne","7":"product_cat-gospodarcze-i-handlowe","8":"product_cat-prawo","9":"product_tag-prawo-telekomunikacyjne","10":"product_tag-seria-komentarze","12":"first","13":"instock","14":"sale","15":"shipping-taxable","16":"purchasable","17":"product-type-simple"},"_links":{"self":[{"href":"http:\/\/ksiegarnia-akademicka.pl\/index.php\/wp-json\/wp\/v2\/product\/17787","targetHints":{"allow":["GET"]}}],"collection":[{"href":"http:\/\/ksiegarnia-akademicka.pl\/index.php\/wp-json\/wp\/v2\/product"}],"about":[{"href":"http:\/\/ksiegarnia-akademicka.pl\/index.php\/wp-json\/wp\/v2\/types\/product"}],"wp:featuredmedia":[{"embeddable":true,"href":"http:\/\/ksiegarnia-akademicka.pl\/index.php\/wp-json\/wp\/v2\/media\/17788"}],"wp:attachment":[{"href":"http:\/\/ksiegarnia-akademicka.pl\/index.php\/wp-json\/wp\/v2\/media?parent=17787"}],"wp:term":[{"taxonomy":"product_brand","embeddable":true,"href":"http:\/\/ksiegarnia-akademicka.pl\/index.php\/wp-json\/wp\/v2\/product_brand?post=17787"},{"taxonomy":"product_cat","embeddable":true,"href":"http:\/\/ksiegarnia-akademicka.pl\/index.php\/wp-json\/wp\/v2\/product_cat?post=17787"},{"taxonomy":"product_tag","embeddable":true,"href":"http:\/\/ksiegarnia-akademicka.pl\/index.php\/wp-json\/wp\/v2\/product_tag?post=17787"}],"curies":[{"name":"wp","href":"https:\/\/api.w.org\/{rel}","templated":true}]}}