{"id":17719,"date":"2024-03-13T09:52:39","date_gmt":"2024-03-13T08:52:39","guid":{"rendered":"http:\/\/ksiegarnia-akademicka.pl\/?post_type=product&#038;p=17719"},"modified":"2024-12-05T09:35:27","modified_gmt":"2024-12-05T08:35:27","slug":"porzekadla","status":"publish","type":"product","link":"http:\/\/ksiegarnia-akademicka.pl\/index.php\/product\/porzekadla\/","title":{"rendered":"Porzekad\u0142a"},"content":{"rendered":"<p>Autor:<br \/>\nJerzy Bralczyk<br \/>\nRedakcja: Sawka Henryk<br \/>\nWydawca: Bosz<br \/>\nOprawa: Twarda<br \/>\nFormat: 16.5&#215;23.5cm<br \/>\nLiczba stron: 304<br \/>\nRok wydania: 2024<br \/>\nJ\u0119zyk wydania: polski<\/p>\n<p>\u201ePorzekad\u0142a\u201d, autorstwa profesora Jerzego Bralczyka, to bogate kompendium zawieraj\u0105ce om\u00f3wienie ponad 300 najpopularniejszych powiedze\u0144. Autor w kilkunastu tematycznych rozdzia\u0142ach precyzyjnie, acz z du\u017c\u0105 doz\u0105 humoru, rozk\u0142ada poszczeg\u00f3lne porzekad\u0142a na czynniki pierwsze. Dzi\u0119ki lekturze dowiemy si\u0119 mi\u0119dzy innymi, dlaczego Dobremu wsz\u0119dzie dobrze, \u015amia\u0142ym szcz\u0119\u015bcie sprzyja, a Kto \u015bpi, nie grzeszy. Czytaj\u0105c ksi\u0105\u017ck\u0119, zastanowimy si\u0119 te\u017c, czy lepiej mie\u0107 pusty lub pe\u0142ny \u017co\u0142\u0105dek, poznamy sekret nocnych transformacji kot\u00f3w oraz ulubion\u0105 siedzib\u0119 wilk\u00f3w. Na przyk\u0142adzie kilkunastu hase\u0142 prze\u015bledzimy tak\u017ce funkcj\u0119 baby, g\u0142upca i diab\u0142a w j\u0119zyku, i by\u0107 mo\u017ce spojrzymy na nich przychylnym okiem. Cz\u0119\u015b\u0107 porzekade\u0142, zilustrowana \u0142atwo rozpoznawaln\u0105 kresk\u0105 Henryka Sawki, obrazuje sytuacje dobrze znane z \u017cycia codziennego, kt\u00f3re niejednokrotnie mo\u017cna by\u0142oby podsumowa\u0107 M\u0105dry Polak po szkodzie lub Historia lubi si\u0119 powtarza\u0107.<\/p>\n","protected":false},"excerpt":{"rendered":"<p>Autor: Jerzy Bralczyk Redakcja: Sawka Henryk Wydawca: Bosz Oprawa: Twarda [&hellip;]<\/p>\n","protected":false},"featured_media":17720,"template":"","meta":[],"product_brand":[],"product_cat":[8170],"product_tag":[4731],"class_list":{"0":"post-17719","1":"product","2":"type-product","3":"status-publish","4":"has-post-thumbnail","6":"product_cat-jezykoznawstwo","7":"product_tag-jezykoznawstwo","9":"first","10":"instock","11":"sale","12":"shipping-taxable","13":"purchasable","14":"product-type-simple"},"_links":{"self":[{"href":"http:\/\/ksiegarnia-akademicka.pl\/index.php\/wp-json\/wp\/v2\/product\/17719","targetHints":{"allow":["GET"]}}],"collection":[{"href":"http:\/\/ksiegarnia-akademicka.pl\/index.php\/wp-json\/wp\/v2\/product"}],"about":[{"href":"http:\/\/ksiegarnia-akademicka.pl\/index.php\/wp-json\/wp\/v2\/types\/product"}],"wp:featuredmedia":[{"embeddable":true,"href":"http:\/\/ksiegarnia-akademicka.pl\/index.php\/wp-json\/wp\/v2\/media\/17720"}],"wp:attachment":[{"href":"http:\/\/ksiegarnia-akademicka.pl\/index.php\/wp-json\/wp\/v2\/media?parent=17719"}],"wp:term":[{"taxonomy":"product_brand","embeddable":true,"href":"http:\/\/ksiegarnia-akademicka.pl\/index.php\/wp-json\/wp\/v2\/product_brand?post=17719"},{"taxonomy":"product_cat","embeddable":true,"href":"http:\/\/ksiegarnia-akademicka.pl\/index.php\/wp-json\/wp\/v2\/product_cat?post=17719"},{"taxonomy":"product_tag","embeddable":true,"href":"http:\/\/ksiegarnia-akademicka.pl\/index.php\/wp-json\/wp\/v2\/product_tag?post=17719"}],"curies":[{"name":"wp","href":"https:\/\/api.w.org\/{rel}","templated":true}]}}