{"id":17699,"date":"2024-03-06T09:27:16","date_gmt":"2024-03-06T08:27:16","guid":{"rendered":"http:\/\/ksiegarnia-akademicka.pl\/?post_type=product&#038;p=17699"},"modified":"2024-03-06T09:27:17","modified_gmt":"2024-03-06T08:27:17","slug":"pacjent-po-zawale-serca-postepowanie-interdyscyplinarne-tom-1","status":"publish","type":"product","link":"http:\/\/ksiegarnia-akademicka.pl\/index.php\/product\/pacjent-po-zawale-serca-postepowanie-interdyscyplinarne-tom-1\/","title":{"rendered":"Pacjent po zawale serca Post\u0119powanie interdyscyplinarne Tom 1"},"content":{"rendered":"<p>Autor:<br \/>\nMariusz G\u0105sior<br \/>\nWydawca: PZWL<br \/>\nOprawa: Mi\u0119kka<br \/>\nFormat: 16.5&#215;23.5cm<br \/>\nLiczba stron: 326<br \/>\nWydanie: 1<br \/>\nRok wydania: 2024<br \/>\nJ\u0119zyk wydania: polski<\/p>\n<p>Cz\u0119\u015b\u0107 1 monografii po\u015bwi\u0119conej interdyscyplinarnej opiece nad pacjentem po zawale mi\u0119\u015bnia sercowego. \u015amiertelno\u015b\u0107 w tej populacji zosta\u0142a w znacznym stopniu zredukowana, jednak ci\u0105gle pozostaje na niezadowalaj\u0105cym poziomie i opieka pozawa\u0142owa stanowi du\u017ce wyzwanie zar\u00f3wno dla specjalist\u00f3w, jak i dla lekarzy podstawowej opieki zdrowotnej. Zesp\u00f3\u0142 specjalist\u00f3w ze \u015al\u0105skiego Uniwersytetu Medycznego, wspomagany przez ekspert\u00f3w z innych o\u015brodk\u00f3w, przygotowa\u0142 kompendium na temat szeroko rozumianej opieki nad chorymi po zawale serca, porz\u0105dkuj\u0105c zasady post\u0119powania, wsp\u00f3\u0142pracy specjalist\u00f3w r\u00f3\u017cnych dziedzin medycyny i indywidualizacji terapii. Om\u00f3wiono tu szczeg\u00f3\u0142owo zasady klinicznej oceny ryzyka po wypisie, organizacj\u0119 leczenia, farmakoterapi\u0119, badania obrazowe po wypisie.<br \/>\nCzytelnik znajdzie tu r\u00f3wnie\u017c rozdzia\u0142 po\u015bwi\u0119cony pacjentom poddanym leczeniu zachowawczemu w ostrej fazie, zapaleniu osierdzia, zaburzeniom rytmu i przewodzenia oraz chorym wymagaj\u0105cym rewaskularyzacji po zawale serc i pacjentom z towarzysz\u0105c\u0105 wad\u0105 zastawkow\u0105. Kompendium jest znakomitym przewodnikiem dla lekarzy kardiolog\u00f3w i chor\u00f3b wewn\u0119trznych w codziennej praktyce, ale tak\u017ce dla student\u00f3w oraz lekarzy innych specjalizacji, maj\u0105cych pod swoj\u0105 opiek\u0105 pacjent\u00f3w po ostrym zespole wie\u0144cowym. Prezentuje ono aktualn\u0105 wiedz\u0119 medyczn\u0105 w temacie i omawia najnowsze wytyczne, ale przede wszystkim ma nieocenione walory praktyczne.<\/p>\n","protected":false},"excerpt":{"rendered":"<p>Autor: Mariusz G\u0105sior Wydawca: PZWL Oprawa: Mi\u0119kka Format: 16.5&#215;23.5cm Liczba [&hellip;]<\/p>\n","protected":false},"featured_media":17700,"template":"","meta":[],"product_brand":[],"product_cat":[7991,7493],"product_tag":[7057],"class_list":{"0":"post-17699","1":"product","2":"type-product","3":"status-publish","4":"has-post-thumbnail","6":"product_cat-kardiologia","7":"product_cat-medycyna","8":"product_tag-kardiologia","10":"first","11":"instock","12":"sale","13":"shipping-taxable","14":"purchasable","15":"product-type-simple"},"_links":{"self":[{"href":"http:\/\/ksiegarnia-akademicka.pl\/index.php\/wp-json\/wp\/v2\/product\/17699","targetHints":{"allow":["GET"]}}],"collection":[{"href":"http:\/\/ksiegarnia-akademicka.pl\/index.php\/wp-json\/wp\/v2\/product"}],"about":[{"href":"http:\/\/ksiegarnia-akademicka.pl\/index.php\/wp-json\/wp\/v2\/types\/product"}],"wp:featuredmedia":[{"embeddable":true,"href":"http:\/\/ksiegarnia-akademicka.pl\/index.php\/wp-json\/wp\/v2\/media\/17700"}],"wp:attachment":[{"href":"http:\/\/ksiegarnia-akademicka.pl\/index.php\/wp-json\/wp\/v2\/media?parent=17699"}],"wp:term":[{"taxonomy":"product_brand","embeddable":true,"href":"http:\/\/ksiegarnia-akademicka.pl\/index.php\/wp-json\/wp\/v2\/product_brand?post=17699"},{"taxonomy":"product_cat","embeddable":true,"href":"http:\/\/ksiegarnia-akademicka.pl\/index.php\/wp-json\/wp\/v2\/product_cat?post=17699"},{"taxonomy":"product_tag","embeddable":true,"href":"http:\/\/ksiegarnia-akademicka.pl\/index.php\/wp-json\/wp\/v2\/product_tag?post=17699"}],"curies":[{"name":"wp","href":"https:\/\/api.w.org\/{rel}","templated":true}]}}