{"id":17686,"date":"2024-03-05T09:48:58","date_gmt":"2024-03-05T08:48:58","guid":{"rendered":"http:\/\/ksiegarnia-akademicka.pl\/?post_type=product&#038;p=17686"},"modified":"2024-03-05T09:48:58","modified_gmt":"2024-03-05T08:48:58","slug":"ordynacja-podatkowa-komentarz","status":"publish","type":"product","link":"http:\/\/ksiegarnia-akademicka.pl\/index.php\/product\/ordynacja-podatkowa-komentarz\/","title":{"rendered":"Ordynacja podatkowa Komentarz"},"content":{"rendered":"<p>Autor:<br \/>\nRoman Hauser<br \/>\nStefan Babiarz<br \/>\nAndrzej Kabat<br \/>\nDauter Bogus\u0142aw<br \/>\nWydawca: Wolters Kluwer<br \/>\nOprawa: Twarda<br \/>\nLiczba stron: 2024<br \/>\nWydanie: 12<br \/>\nRok wydania: 2024<br \/>\nJ\u0119zyk wydania: polski<\/p>\n<p>Komentarz zawiera wyczerpuj\u0105ce om\u00f3wienie przepis\u00f3w ustawy \u2013 Ordynacja podatkowa ze szczeg\u00f3lnym uwzgl\u0119dnieniem najnowszego orzecznictwa oraz literatury przedmiotu. Autorzy przedstawili zagadnienia dotycz\u0105ce zobowi\u0105za\u0144 podatkowych, w tym nadp\u0142aty podatku, odpowiedzialno\u015bci os\u00f3b trzecich i nast\u0119pstwa prawnego spadkobierc\u00f3w, a tak\u017ce kwestie odnosz\u0105ce si\u0119 do post\u0119powania podatkowego oraz kontroli podatkowej. Szczeg\u00f3lny nacisk po\u0142o\u017cyli na regulacje, kt\u00f3re wywo\u0142uj\u0105 najwi\u0119cej w\u0105tpliwo\u015bci w praktyce i s\u0105 najcz\u0119stszym przedmiotem zainteresowania organ\u00f3w podatkowych oraz s\u0105d\u00f3w.<\/p>\n<p>W 12. wydaniu komentarza przeanalizowano m.in. nowe przepisy w zakresie:<br \/>\n\u2022 uproszczonych obowi\u0105zk\u00f3w podatnika dotycz\u0105cych raportowania,<br \/>\n\u2022 porozumie\u0144 inwestycyjnych,<br \/>\n\u2022 zmian zwi\u0105zanych z wdro\u017ceniem Krajowego Systemu e-Faktur,<br \/>\n\u2022 przeciwdzia\u0142ania nadu\u017cyciom w zakresie operacji transgranicznych,<br \/>\n\u2022 rozszerzenia zdolno\u015bci do \u0142\u0105czenia si\u0119 sp\u00f3\u0142ki komandytowo-akcyjnej w charakterze sp\u00f3\u0142ki przejmuj\u0105cej albo nowo zawi\u0105zanej, przyznania tej sp\u00f3\u0142ce zdolno\u015bci podzia\u0142owej oraz wprowadzenia podzia\u0142u przez wyodr\u0119bnienie,<br \/>\n\u2022 dostosowania zakresu kompetencji dyrektora Krajowej Informacji Skarbowej i szefa Krajowej Administracji Skarbowej do procesu konsolidacji wi\u0105\u017c\u0105cych informacji,<br \/>\n\u2022 usprawnienia wykonywania zada\u0144 przez Krajow\u0105 Administracj\u0119 Skarbow\u0105 w zakresie prowadzonych rozlicze\u0144 z podatnikami.<\/p>\n<p>W ksi\u0105\u017cce znajduj\u0105 si\u0119 odwo\u0142ania do konkretnych stan\u00f3w faktycznych w sprawach zawis\u0142ych przed Trybuna\u0142em Konstytucyjnym, Trybuna\u0142em Sprawiedliwo\u015bci Unii Europejskiej i s\u0105dami administracyjnymi. Zaprezentowano r\u00f3wnie\u017c bogat\u0105 literatur\u0119 przedmiotu.<\/p>\n<p>Autorami opracowania s\u0105 wybitni specjali\u015bci z zakresu prawa podatkowego i procedury s\u0105dowoadministracyjnej \u2013 wieloletni s\u0119dziowie Naczelnego S\u0105du Administracyjnego.<\/p>\n<p>Publikacja jest przeznaczona przede wszystkim dla s\u0119dzi\u00f3w, doradc\u00f3w podatkowych, radc\u00f3w prawnych, adwokat\u00f3w oraz pracownik\u00f3w administracji skarbowej ze wzgl\u0119du na praktyczny aspekt komentarza podbudowany wybranymi i istotnymi orzeczeniami NSA. B\u0119dzie r\u00f3wnie\u017c cennym \u017ar\u00f3d\u0142em wiedzy dla pracownik\u00f3w samorz\u0105dowych organ\u00f3w podatkowych oraz regionalnych izb obrachunkowych.<\/p>\n","protected":false},"excerpt":{"rendered":"<p>Autor: Roman Hauser Stefan Babiarz Andrzej Kabat Dauter Bogus\u0142aw Wydawca: [&hellip;]<\/p>\n","protected":false},"featured_media":17687,"template":"","meta":[],"product_brand":[],"product_cat":[22],"product_tag":[1056,1055,8080],"class_list":{"0":"post-17686","1":"product","2":"type-product","3":"status-publish","4":"has-post-thumbnail","6":"product_cat-podatki-i-prawo-podatkowe","7":"product_tag-ordynacja-podatkowa","8":"product_tag-prawo-podatkowe","9":"product_tag-seria-duze-komentarze","11":"first","12":"instock","13":"sale","14":"shipping-taxable","15":"purchasable","16":"product-type-simple"},"_links":{"self":[{"href":"http:\/\/ksiegarnia-akademicka.pl\/index.php\/wp-json\/wp\/v2\/product\/17686","targetHints":{"allow":["GET"]}}],"collection":[{"href":"http:\/\/ksiegarnia-akademicka.pl\/index.php\/wp-json\/wp\/v2\/product"}],"about":[{"href":"http:\/\/ksiegarnia-akademicka.pl\/index.php\/wp-json\/wp\/v2\/types\/product"}],"wp:featuredmedia":[{"embeddable":true,"href":"http:\/\/ksiegarnia-akademicka.pl\/index.php\/wp-json\/wp\/v2\/media\/17687"}],"wp:attachment":[{"href":"http:\/\/ksiegarnia-akademicka.pl\/index.php\/wp-json\/wp\/v2\/media?parent=17686"}],"wp:term":[{"taxonomy":"product_brand","embeddable":true,"href":"http:\/\/ksiegarnia-akademicka.pl\/index.php\/wp-json\/wp\/v2\/product_brand?post=17686"},{"taxonomy":"product_cat","embeddable":true,"href":"http:\/\/ksiegarnia-akademicka.pl\/index.php\/wp-json\/wp\/v2\/product_cat?post=17686"},{"taxonomy":"product_tag","embeddable":true,"href":"http:\/\/ksiegarnia-akademicka.pl\/index.php\/wp-json\/wp\/v2\/product_tag?post=17686"}],"curies":[{"name":"wp","href":"https:\/\/api.w.org\/{rel}","templated":true}]}}

<p>Autor:<br />
Roman Hauser<br />
Stefan Babiarz<br />
Andrzej Kabat<br />
Dauter Bogusław<br />
Wydawca: Wolters Kluwer<br />
Oprawa: Twarda<br />
Liczba stron: 2024<br />
Wydanie: 12<br />
Rok wydania: 2024<br />
Język wydania: polski</p>
<p>Komentarz zawiera wyczerpujące omówienie przepisów ustawy – Ordynacja podatkowa ze szczególnym uwzględnieniem najnowszego orzecznictwa oraz literatury przedmiotu. Autorzy przedstawili zagadnienia dotyczące zobowiązań podatkowych, w tym nadpłaty podatku, odpowiedzialności osób trzecich i następstwa prawnego spadkobierców, a także kwestie odnoszące się do postępowania podatkowego oraz kontroli podatkowej. Szczególny nacisk położyli na regulacje, które wywołują najwięcej wątpliwości w praktyce i są najczęstszym przedmiotem zainteresowania organów podatkowych oraz sądów.</p>
<p>W 12. wydaniu komentarza przeanalizowano m.in. nowe przepisy w zakresie:<br />
• uproszczonych obowiązków podatnika dotyczących raportowania,<br />
• porozumień inwestycyjnych,<br />
• zmian związanych z wdrożeniem Krajowego Systemu e-Faktur,<br />
• przeciwdziałania nadużyciom w zakresie operacji transgranicznych,<br />
• rozszerzenia zdolności do łączenia się spółki komandytowo-akcyjnej w charakterze spółki przejmującej albo nowo zawiązanej, przyznania tej spółce zdolności podziałowej oraz wprowadzenia podziału przez wyodrębnienie,<br />
• dostosowania zakresu kompetencji dyrektora Krajowej Informacji Skarbowej i szefa Krajowej Administracji Skarbowej do procesu konsolidacji wiążących informacji,<br />
• usprawnienia wykonywania zadań przez Krajową Administrację Skarbową w zakresie prowadzonych rozliczeń z podatnikami.</p>
<p>W książce znajdują się odwołania do konkretnych stanów faktycznych w sprawach zawisłych przed Trybunałem Konstytucyjnym, Trybunałem Sprawiedliwości Unii Europejskiej i sądami administracyjnymi. Zaprezentowano również bogatą literaturę przedmiotu.</p>
<p>Autorami opracowania są wybitni specjaliści z zakresu prawa podatkowego i procedury sądowoadministracyjnej – wieloletni sędziowie Naczelnego Sądu Administracyjnego.</p>
<p>Publikacja jest przeznaczona przede wszystkim dla sędziów, doradców podatkowych, radców prawnych, adwokatów oraz pracowników administracji skarbowej ze względu na praktyczny aspekt komentarza podbudowany wybranymi i istotnymi orzeczeniami NSA. Będzie również cennym źródłem wiedzy dla pracowników samorządowych organów podatkowych oraz regionalnych izb obrachunkowych.</p>

<p>Autor: Roman Hauser Stefan Babiarz Andrzej Kabat Dauter Bogusław Wydawca: [&hellip;]</p>
