{"id":17458,"date":"2024-01-22T11:18:10","date_gmt":"2024-01-22T10:18:10","guid":{"rendered":"http:\/\/ksiegarnia-akademicka.pl\/?post_type=product&#038;p=17458"},"modified":"2024-12-05T09:39:40","modified_gmt":"2024-12-05T08:39:40","slug":"logistyka-zawilosci-dziejow-i-nowe-horyzonty","status":"publish","type":"product","link":"http:\/\/ksiegarnia-akademicka.pl\/index.php\/product\/logistyka-zawilosci-dziejow-i-nowe-horyzonty\/","title":{"rendered":"Logistyka Zawi\u0142o\u015bci dziej\u00f3w i nowe horyzonty"},"content":{"rendered":"<p>Autor:<br \/>\nPiotr Banaszyk<br \/>\nJacek Szo\u0142tysek<br \/>\nSabina Kauf<br \/>\nWydawca: PWE<br \/>\nOprawa: Mi\u0119kka<br \/>\nLiczba stron: 140<br \/>\nRok wydania: 2024<br \/>\nJ\u0119zyk wydania: polski<\/p>\n<p>Celem podstawowym niniejszej monografii jest wskazanie prawdopodobnych trend\u00f3w w dziedzinie logistyki i \u0142a\u0144cuch\u00f3w dostaw, kt\u00f3re z natury maj\u0105 obecnie charakter mi\u0119dzynarodowy. Trendy te s\u0105 prognoz\u0105 wynikaj\u0105c\u0105 z obserwowanych proces\u00f3w historycznych i bie\u017c\u0105cych. Mo\u017cna przyj\u0105\u0107, \u017ce stanowi\u0105 swoisty azymut dla mened\u017cer\u00f3w logistyki i \u0142a\u0144cuch\u00f3w dostaw. Azymut, czyli punkty orientacyjne, kt\u00f3re mened\u017cer w ka\u017cdym sektorze, bran\u017cy i konkretnym przedsi\u0119biorstwie mo\u017ce wykorzysta\u0107 do wytyczenia indywidualnej i oryginalnej \u015bcie\u017cki rozwoju.<\/p>\n<p>Ksi\u0105\u017cka rozpoczyna si\u0119 od refleksji historycznej ukazuj\u0105cej ewolucj\u0119 rozwoju zasad, metod i zastosowa\u0144 logistyki. Nast\u0119pnie w kompleksowy spos\u00f3b pokazano wp\u0142yw post\u0119pu w dziedzinie technologii informacyjno-komunikacyjnych na dzia\u0142alno\u015b\u0107 logistyki i sterowanie procesami logistycznymi i \u0142a\u0144cuchami dostaw. W dalszej kolejno\u015bci przedstawiono znaczenie i konsekwencje zjawiska tak zwanej hybrydyzacji oferty rynkowej przedsi\u0119biorstw, czyli d\u0105\u017cenia do podnoszenia satysfakcji odbiorc\u00f3w dzi\u0119ki uzupe\u0142nianiu rzeczowej formy wyrob\u00f3w przez \u015bwiadczenie us\u0142ug oko\u0142oproduktowych. W ko\u0144cu starano si\u0119 zidentyfikowa\u0107 i rozwa\u017cy\u0107 wp\u0142yw dostrze\u017conych zjawisk na przysz\u0142\u0105 charakterystyk\u0119 proces\u00f3w logistycznych i zarz\u0105dzanie \u0142a\u0144cuchami dostaw.<\/p>\n<p>Mo\u017cna mie\u0107 nadziej\u0119, \u017ce zaprezentowane ustalenia i opinie stan\u0105 si\u0119 przes\u0142ankami do refleksji i dyskusji przede wszystkim w \u015brodowisku badaczy przedmiotowych zjawisk oraz oka\u017c\u0105 si\u0119 pomocne w inspirowaniu praktyk\u00f3w.<\/p>\n","protected":false},"excerpt":{"rendered":"<p>Autor: Piotr Banaszyk Jacek Szo\u0142tysek Sabina Kauf Wydawca: PWE Oprawa: [&hellip;]<\/p>\n","protected":false},"featured_media":17459,"template":"","meta":[],"product_brand":[],"product_cat":[7517,31,7535],"product_tag":[502,642],"class_list":{"0":"post-17458","1":"product","2":"type-product","3":"status-publish","4":"has-post-thumbnail","6":"product_cat-logistyka","7":"product_cat-przedsiebiorstwo","8":"product_cat-transport-2","9":"product_tag-logistyka","10":"product_tag-transport","12":"first","13":"instock","14":"sale","15":"shipping-taxable","16":"purchasable","17":"product-type-simple"},"_links":{"self":[{"href":"http:\/\/ksiegarnia-akademicka.pl\/index.php\/wp-json\/wp\/v2\/product\/17458","targetHints":{"allow":["GET"]}}],"collection":[{"href":"http:\/\/ksiegarnia-akademicka.pl\/index.php\/wp-json\/wp\/v2\/product"}],"about":[{"href":"http:\/\/ksiegarnia-akademicka.pl\/index.php\/wp-json\/wp\/v2\/types\/product"}],"wp:featuredmedia":[{"embeddable":true,"href":"http:\/\/ksiegarnia-akademicka.pl\/index.php\/wp-json\/wp\/v2\/media\/17459"}],"wp:attachment":[{"href":"http:\/\/ksiegarnia-akademicka.pl\/index.php\/wp-json\/wp\/v2\/media?parent=17458"}],"wp:term":[{"taxonomy":"product_brand","embeddable":true,"href":"http:\/\/ksiegarnia-akademicka.pl\/index.php\/wp-json\/wp\/v2\/product_brand?post=17458"},{"taxonomy":"product_cat","embeddable":true,"href":"http:\/\/ksiegarnia-akademicka.pl\/index.php\/wp-json\/wp\/v2\/product_cat?post=17458"},{"taxonomy":"product_tag","embeddable":true,"href":"http:\/\/ksiegarnia-akademicka.pl\/index.php\/wp-json\/wp\/v2\/product_tag?post=17458"}],"curies":[{"name":"wp","href":"https:\/\/api.w.org\/{rel}","templated":true}]}}